{"id":1223,"date":"2025-05-07T11:21:39","date_gmt":"2025-05-07T09:21:39","guid":{"rendered":"https:\/\/skola.karlstad.se\/elevborgarrad\/?page_id=1223"},"modified":"2025-05-07T11:21:39","modified_gmt":"2025-05-07T09:21:39","slug":"tillganglighetsredogorelse","status":"publish","type":"page","link":"https:\/\/skola.karlstad.se\/elevborgarrad\/tillganglighetsredogorelse\/","title":{"rendered":"Tillg\u00e4nglighetsredog\u00f6relse"},"content":{"rendered":"\n<p>Karlstads kommun st\u00e5r bakom den h\u00e4r webbplatsen. Vi vill att s\u00e5 m\u00e5nga som m\u00f6jligt ska kunna anv\u00e4nda webbplatsen.&nbsp;<br>P\u00e5 den h\u00e4r sidan beskriver vi:<\/p>\n\n\n\n<ul class=\"wp-block-list\">\n<li>hur webbplatsen skola.karlstad.se\/elevborgarrad samt system uppfyller lagen om tillg\u00e4nglighet till digital offentlig service<\/li>\n\n\n\n<li>k\u00e4nda tillg\u00e4nglighetsproblem<\/li>\n\n\n\n<li>hur du kan rapportera brister till oss s\u00e5 att vi kan \u00e5tg\u00e4rda dem.<\/li>\n<\/ul>\n\n\n\n<h3 class=\"wp-block-heading\">Hur tillg\u00e4nglig \u00e4r webbplatsen och de system den l\u00e4nkar till?<\/h3>\n\n\n\n<p>Den h\u00e4r webbplatsen och de system den l\u00e4nkar till \u00e4r delvis f\u00f6renlig med lagen om tillg\u00e4nglighet till digital offentlig service.<br>Den h\u00e4r redog\u00f6relsen uppdaterades senast den 2025-05-07.<\/p>\n\n\n\n<h4 class=\"wp-block-heading\">S\u00e5 g\u00f6r du om du inte kan anv\u00e4nda delar av webbplatsen eller system den l\u00e4nkar till<\/h4>\n\n\n\n<p>Om du beh\u00f6ver information fr\u00e5n webbplatsen eller system den l\u00e4nkar till i n\u00e5got annat format \u00e4n det som erbjuds kan du kontakta oss p\u00e5 e-post eller telefon.<\/p>\n\n\n\n<ul class=\"wp-block-list\">\n<li>E-post:\u00a0<a href=\"mailto:digkomp@karlstad.se%C2%A0\">elevborgarradet@karlstad.se\u00a0<\/a>\u00a0<\/li>\n\n\n\n<li>Telefon: 054-540 33 86<\/li>\n<\/ul>\n\n\n\n<h3 class=\"wp-block-heading\">Rapportera brister i tillg\u00e4ngligheten till oss<\/h3>\n\n\n\n<p>Vi str\u00e4var hela tiden efter att f\u00f6rb\u00e4ttra webbplatsens tillg\u00e4nglighet. Om du uppt\u00e4cker problem som inte \u00e4r beskrivna p\u00e5 den h\u00e4r sidan, eller om du anser att vi inte uppfyller lagens krav kan du meddela oss genom att kontakta oss p\u00e5 e-post eller telefon.<\/p>\n\n\n\n<ul class=\"wp-block-list\">\n<li>E-post:\u00a0<a href=\"mailto:digkomp@karlstad.se%C2%A0\">elevborgarradet@karlstad.se\u00a0<\/a>\u00a0<\/li>\n\n\n\n<li>Telefon: 054-540 33 86<\/li>\n<\/ul>\n\n\n\n<h3 class=\"wp-block-heading\">Tillsyn<\/h3>\n\n\n\n<p>Myndigheten f\u00f6r digital f\u00f6rvaltning har ansvaret f\u00f6r tillsyn av lagen om tillg\u00e4nglighet till digital offentlig service. Om du inte \u00e4r n\u00f6jd med hur vi hanterar dina synpunkter, kan du kontakta myndigheten och p\u00e5tala det.<\/p>\n\n\n\n<p><a href=\"https:\/\/www.digg.se\/digital-tillganglighet\/anmal-bristande-tillganglighet\">Anm\u00e4l bristande tillg\u00e4nglighet p\u00e5 .skola.karlstad.se till myndigheten f\u00f6r digital f\u00f6rvaltning.<\/a><\/p>\n\n\n\n<h3 class=\"wp-block-heading\">Teknisk information om webbplatsens tillg\u00e4nglighet<\/h3>\n\n\n\n<p>Den h\u00e4r webbplatsen \u00e4r delvis f\u00f6renlig med niv\u00e5 AA i den internationella tillg\u00e4nglighetsstandarden&nbsp;<a href=\"https:\/\/www.w3.org\/TR\/WCAG21\/\">Web Content Accessibility Guidelines version 2.1<\/a>&nbsp;och riktlinjerna p\u00e5&nbsp;<a href=\"https:\/\/webbriktlinjer.se\/\">webbriktlinjer.se<\/a><\/p>\n\n\n\n<h3 class=\"wp-block-heading\">Inneh\u00e5ll som inte \u00e4r tillg\u00e4ngligt<\/h3>\n\n\n\n<p>Det inneh\u00e5ll som har bristande f\u00f6renlighet med lagkraven&nbsp;beskrivs under rubrikerna nedan.<\/p>\n\n\n\n<ul class=\"wp-block-list\">\n<li>kontraster kategorier<\/li>\n\n\n\n<li>alt-texter bilder<\/li>\n\n\n\n<li>rubrikers f\u00f6rdelning<\/li>\n<\/ul>\n\n\n\n<p><a href=\"https:\/\/www.digg.se\/digital-tillganglighet\/om-lagen\">H\u00e4r kan du l\u00e4sa mer om lagen om tillg\u00e4nglighet till digital offentlig service<\/a>.<\/p>\n","protected":false},"excerpt":{"rendered":"<p>Karlstads kommun st\u00e5r bakom den h\u00e4r webbplatsen. Vi vill att s\u00e5 m\u00e5nga som m\u00f6jligt ska kunna anv\u00e4nda webbplatsen.&nbsp;P\u00e5 den h\u00e4r sidan beskriver vi: Hur tillg\u00e4nglig \u00e4r webbplatsen och de system den l\u00e4nkar till? Den h\u00e4r webbplatsen och de system den l\u00e4nkar till \u00e4r delvis f\u00f6renlig med lagen om tillg\u00e4nglighet till digital offentlig service.Den h\u00e4r redog\u00f6relsen &hellip; <\/p>\n<p class=\"link-more\"><a href=\"https:\/\/skola.karlstad.se\/elevborgarrad\/tillganglighetsredogorelse\/\" class=\"more-link\">Forts\u00e4tt l\u00e4sa<span class=\"screen-reader-text\"> \u201dTillg\u00e4nglighetsredog\u00f6relse\u201d<\/span><\/a><\/p>\n","protected":false},"author":3594,"featured_media":0,"parent":0,"menu_order":0,"comment_status":"closed","ping_status":"closed","template":"","meta":{"footnotes":""},"class_list":["post-1223","page","type-page","status-publish","hentry"],"_links":{"self":[{"href":"https:\/\/skola.karlstad.se\/elevborgarrad\/wp-json\/wp\/v2\/pages\/1223","targetHints":{"allow":["GET"]}}],"collection":[{"href":"https:\/\/skola.karlstad.se\/elevborgarrad\/wp-json\/wp\/v2\/pages"}],"about":[{"href":"https:\/\/skola.karlstad.se\/elevborgarrad\/wp-json\/wp\/v2\/types\/page"}],"author":[{"embeddable":true,"href":"https:\/\/skola.karlstad.se\/elevborgarrad\/wp-json\/wp\/v2\/users\/3594"}],"replies":[{"embeddable":true,"href":"https:\/\/skola.karlstad.se\/elevborgarrad\/wp-json\/wp\/v2\/comments?post=1223"}],"version-history":[{"count":1,"href":"https:\/\/skola.karlstad.se\/elevborgarrad\/wp-json\/wp\/v2\/pages\/1223\/revisions"}],"predecessor-version":[{"id":1224,"href":"https:\/\/skola.karlstad.se\/elevborgarrad\/wp-json\/wp\/v2\/pages\/1223\/revisions\/1224"}],"wp:attachment":[{"href":"https:\/\/skola.karlstad.se\/elevborgarrad\/wp-json\/wp\/v2\/media?parent=1223"}],"curies":[{"name":"wp","href":"https:\/\/api.w.org\/{rel}","templated":true}]}}