{"id":1360,"date":"2025-08-15T09:21:40","date_gmt":"2025-08-15T07:21:40","guid":{"rendered":"https:\/\/skola.karlstad.se\/elevborgarrad\/?page_id=1360"},"modified":"2026-08-28T09:31:55","modified_gmt":"2026-08-28T07:31:55","slug":"utbildning-for-elevradsrepresentanter","status":"publish","type":"page","link":"https:\/\/skola.karlstad.se\/elevborgarrad\/utbildning-for-elevradsrepresentanter\/","title":{"rendered":"Utbildning f\u00f6r elevr\u00e5dsrepresentanter"},"content":{"rendered":"\n<figure class=\"wp-block-gallery has-nested-images columns-default is-cropped wp-block-gallery-1 is-layout-flex wp-block-gallery-is-layout-flex\">\n<figure class=\"wp-block-image size-large\"><img loading=\"lazy\" decoding=\"async\" width=\"604\" height=\"258\" data-id=\"1361\" src=\"https:\/\/skola.karlstad.se\/elevborgarrad\/wp-content\/uploads\/sites\/1517\/2025\/08\/Bild3-1.jpg\" alt=\"\" class=\"wp-image-1361\" srcset=\"https:\/\/skola.karlstad.se\/elevborgarrad\/wp-content\/uploads\/sites\/1517\/2025\/08\/Bild3-1.jpg 604w, https:\/\/skola.karlstad.se\/elevborgarrad\/wp-content\/uploads\/sites\/1517\/2025\/08\/Bild3-1-300x128.jpg 300w\" sizes=\"auto, (max-width: 604px) 100vw, 604px\" \/><\/figure>\n<\/figure>\n\n\n\n<p class=\"wp-block-paragraph\">Nu bjuder Barn- och ungdomsf\u00f6rvaltningen in kommunens elever\u00a0till en inspirerande utbildning i elevdemokrati. Utbildningen \u00e4r uppdelad p\u00e5 tre tillf\u00e4llen anpassad efter respektive \u00e5rskurs.\u00a0<br><br>18 september 09.00-11.00\u00a0 \u2013 \u00c5rskurs 7\u20139<br>29 september 09.00-11.00\u00a0\u2013\u00c5rskurs 4-6\u00a0<\/p>\n\n\n\n<p class=\"wp-block-paragraph\"><strong>Utbildningen \u00e4r en del av Elevborgarr\u00e5det f\u00f6r social h\u00e5llbarhet och genomf\u00f6rs i enlighet med Barn- och ungdomsf\u00f6rvaltningens riktlinje f\u00f6r barn- och elevdemokrati.<\/strong>&nbsp;Syftet med utbildningen \u00e4r att st\u00e4rka elevernas f\u00f6rst\u00e5else f\u00f6r demokratiska processer samt deras roll och m\u00f6jligheter till delaktighet och inflytande i skolan. Under utbildningstillf\u00e4llena f\u00e5r eleverna m\u00f6jlighet att: <\/p>\n\n\n\n<ul class=\"wp-block-list\">\n<li>F\u00f6rdjupa sina kunskaper om elevinflytande (t.ex. elevr\u00e5dets och klassr\u00e5dets funktioner)<\/li>\n\n\n\n<li>Utforska hur de kan p\u00e5verka sin skolmilj\u00f6, bland annat genom projektbaserat arbetss\u00e4tt<\/li>\n\n\n\n<li>L\u00e4ra sig metoder f\u00f6r inkludering och hur vi lyssnar till allas r\u00f6ster<\/li>\n\n\n\n<li>Utbyta erfarenheter med elevr\u00e5dsrepresentanter fr\u00e5n andra skolor<br><br><strong>Praktisk information<\/strong><br>Anm\u00e4lan g\u00e4ller f\u00f6r tv\u00e5 elever per skola\/stadie, tillsammans med medf\u00f6ljande skolpersonal. <br>Plats: Karolinen, V\u00e5xn\u00e4sgatan 10, 65340 Karlstad<br>Sal: Samling BUF, v\u00e5ning 4 &#8211; Molkomsalen B450<br>Tid: 09.00-11.00<br><strong>OBS: anm\u00e4lan sker via rektor p\u00e5 skolan, anm\u00e4lan \u00e4r \u00f6ppen till och med<\/strong> 2026.09.04<br><br>Hoppas vi ses! <br>Vid fr\u00e5gor eller funderingar, v\u00e4lkommen att h\u00f6ra av dig via:<br>elevborgarradet@karlstad.se<\/li>\n<\/ul>\n","protected":false},"excerpt":{"rendered":"<p>Nu bjuder Barn- och ungdomsf\u00f6rvaltningen in kommunens elever\u00a0till en inspirerande utbildning i elevdemokrati. Utbildningen \u00e4r uppdelad p\u00e5 tre tillf\u00e4llen anpassad efter respektive \u00e5rskurs.\u00a0 18 september 09.00-11.00\u00a0 \u2013 \u00c5rskurs 7\u2013929 september 09.00-11.00\u00a0\u2013\u00c5rskurs 4-6\u00a0 Utbildningen \u00e4r en del av Elevborgarr\u00e5det f\u00f6r social h\u00e5llbarhet och genomf\u00f6rs i enlighet med Barn- och ungdomsf\u00f6rvaltningens riktlinje f\u00f6r barn- och elevdemokrati.&nbsp;Syftet med &hellip; <\/p>\n<p class=\"link-more\"><a href=\"https:\/\/skola.karlstad.se\/elevborgarrad\/utbildning-for-elevradsrepresentanter\/\" class=\"more-link\">Forts\u00e4tt l\u00e4sa<span class=\"screen-reader-text\"> \u201dUtbildning f\u00f6r elevr\u00e5dsrepresentanter\u201d<\/span><\/a><\/p>\n","protected":false},"author":3598,"featured_media":0,"parent":0,"menu_order":0,"comment_status":"closed","ping_status":"closed","template":"","meta":{"footnotes":""},"class_list":["post-1360","page","type-page","status-publish","hentry"],"_links":{"self":[{"href":"https:\/\/skola.karlstad.se\/elevborgarrad\/wp-json\/wp\/v2\/pages\/1360","targetHints":{"allow":["GET"]}}],"collection":[{"href":"https:\/\/skola.karlstad.se\/elevborgarrad\/wp-json\/wp\/v2\/pages"}],"about":[{"href":"https:\/\/skola.karlstad.se\/elevborgarrad\/wp-json\/wp\/v2\/types\/page"}],"author":[{"embeddable":true,"href":"https:\/\/skola.karlstad.se\/elevborgarrad\/wp-json\/wp\/v2\/users\/3598"}],"replies":[{"embeddable":true,"href":"https:\/\/skola.karlstad.se\/elevborgarrad\/wp-json\/wp\/v2\/comments?post=1360"}],"version-history":[{"count":11,"href":"https:\/\/skola.karlstad.se\/elevborgarrad\/wp-json\/wp\/v2\/pages\/1360\/revisions"}],"predecessor-version":[{"id":1719,"href":"https:\/\/skola.karlstad.se\/elevborgarrad\/wp-json\/wp\/v2\/pages\/1360\/revisions\/1719"}],"wp:attachment":[{"href":"https:\/\/skola.karlstad.se\/elevborgarrad\/wp-json\/wp\/v2\/media?parent=1360"}],"curies":[{"name":"wp","href":"https:\/\/api.w.org\/{rel}","templated":true}]}}

Utbildning för elevrådsrepresentanter

<figure class="wp-block-gallery has-nested-images columns-default is-cropped wp-block-gallery-1 is-layout-flex wp-block-gallery-is-layout-flex">
<figure class="wp-block-image size-large"><img loading="lazy" decoding="async" width="604" height="258" data-id="1361" src="https://skola.karlstad.se/elevborgarrad/wp-content/uploads/sites/1517/2025/08/Bild3-1.jpg" alt="" class="wp-image-1361" srcset="https://skola.karlstad.se/elevborgarrad/wp-content/uploads/sites/1517/2025/08/Bild3-1.jpg 604w, https://skola.karlstad.se/elevborgarrad/wp-content/uploads/sites/1517/2025/08/Bild3-1-300x128.jpg 300w" sizes="auto, (max-width: 604px) 100vw, 604px" /></figure>
</figure>



<p class="wp-block-paragraph">Nu bjuder Barn- och ungdomsförvaltningen in kommunens elever till en inspirerande utbildning i elevdemokrati. Utbildningen är uppdelad på tre tillfällen anpassad efter respektive årskurs. <br><br>18 september 09.00-11.00  – Årskurs 7–9<br>29 september 09.00-11.00 –Årskurs 4-6 </p>



<p class="wp-block-paragraph"><strong>Utbildningen är en del av Elevborgarrådet för social hållbarhet och genomförs i enlighet med Barn- och ungdomsförvaltningens riktlinje för barn- och elevdemokrati.</strong>&nbsp;Syftet med utbildningen är att stärka elevernas förståelse för demokratiska processer samt deras roll och möjligheter till delaktighet och inflytande i skolan. Under utbildningstillfällena får eleverna möjlighet att: </p>



<ul class="wp-block-list">
<li>Fördjupa sina kunskaper om elevinflytande (t.ex. elevrådets och klassrådets funktioner)</li>



<li>Utforska hur de kan påverka sin skolmiljö, bland annat genom projektbaserat arbetssätt</li>



<li>Lära sig metoder för inkludering och hur vi lyssnar till allas röster</li>



<li>Utbyta erfarenheter med elevrådsrepresentanter från andra skolor<br><br><strong>Praktisk information</strong><br>Anmälan gäller för två elever per skola/stadie, tillsammans med medföljande skolpersonal. <br>Plats: Karolinen, Våxnäsgatan 10, 65340 Karlstad<br>Sal: Samling BUF, våning 4 &#8211; Molkomsalen B450<br>Tid: 09.00-11.00<br><strong>OBS: anmälan sker via rektor på skolan, anmälan är öppen till och med</strong> 2026.09.04<br><br>Hoppas vi ses! <br>Vid frågor eller funderingar, välkommen att höra av dig via:<br>elevborgarradet@karlstad.se</li>
</ul>

<p>Nu bjuder Barn- och ungdomsförvaltningen in kommunens elever till en inspirerande utbildning i elevdemokrati. Utbildningen är uppdelad på tre tillfällen anpassad efter respektive årskurs.  18 september 09.00-11.00  – Årskurs 7–929 september 09.00-11.00 –Årskurs 4-6  Utbildningen är en del av Elevborgarrådet för social hållbarhet och genomförs i enlighet med Barn- och ungdomsförvaltningens riktlinje för barn- och elevdemokrati.&nbsp;Syftet med &hellip; </p>
<p class="link-more"><a href="https://skola.karlstad.se/elevborgarrad/utbildning-for-elevradsrepresentanter/" class="more-link">Fortsätt läsa<span class="screen-reader-text"> ”Utbildning för elevrådsrepresentanter”</span></a></p>
