{"id":1500,"date":"2025-10-17T11:57:14","date_gmt":"2025-10-17T09:57:14","guid":{"rendered":"https:\/\/skola.karlstad.se\/elevborgarrad\/?page_id=1500"},"modified":"2026-03-12T11:17:43","modified_gmt":"2026-03-12T10:17:43","slug":"evenemang-och-anmalan","status":"publish","type":"page","link":"https:\/\/skola.karlstad.se\/elevborgarrad\/evenemang-och-anmalan\/","title":{"rendered":"Evenemang och anm\u00e4lan"},"content":{"rendered":"\n<h3 class=\"wp-block-heading\">Kul att du hittat hit! H\u00e4r hittar du information och anm\u00e4lnings l\u00e4nkar till utbildningar och evenemang som \u00e4ger rum under Elevborgarr\u00e5d f\u00f6r social h\u00e5llbarhet 2025.<\/h3>\n\n\n\n<figure class=\"wp-block-gallery has-nested-images columns-default is-cropped wp-block-gallery-1 is-layout-flex wp-block-gallery-is-layout-flex\">\n<figure class=\"wp-block-image size-full is-resized is-style-rounded\"><img loading=\"lazy\" decoding=\"async\" width=\"605\" height=\"403\" data-id=\"1502\" src=\"https:\/\/skola.karlstad.se\/elevborgarrad\/wp-content\/uploads\/sites\/1517\/2025\/10\/demokrai.jpg\" alt=\"\" class=\"wp-image-1502\" style=\"width:265px;height:auto\" srcset=\"https:\/\/skola.karlstad.se\/elevborgarrad\/wp-content\/uploads\/sites\/1517\/2025\/10\/demokrai.jpg 605w, https:\/\/skola.karlstad.se\/elevborgarrad\/wp-content\/uploads\/sites\/1517\/2025\/10\/demokrai-300x200.jpg 300w\" sizes=\"auto, (max-width: 605px) 100vw, 605px\" \/><\/figure>\n\n\n\n<figure class=\"wp-block-image size-large is-style-rounded\"><img loading=\"lazy\" decoding=\"async\" width=\"604\" height=\"258\" data-id=\"1485\" src=\"https:\/\/skola.karlstad.se\/elevborgarrad\/wp-content\/uploads\/sites\/1517\/2025\/10\/Bild3.jpg\" alt=\"\" class=\"wp-image-1485\" srcset=\"https:\/\/skola.karlstad.se\/elevborgarrad\/wp-content\/uploads\/sites\/1517\/2025\/10\/Bild3.jpg 604w, https:\/\/skola.karlstad.se\/elevborgarrad\/wp-content\/uploads\/sites\/1517\/2025\/10\/Bild3-300x128.jpg 300w\" sizes=\"auto, (max-width: 604px) 100vw, 604px\" \/><\/figure>\n<\/figure>\n\n\n\n<div class=\"wp-block-columns are-vertically-aligned-bottom is-layout-flex wp-container-core-columns-is-layout-9d6595d7 wp-block-columns-is-layout-flex\">\n<div class=\"wp-block-column is-layout-flow wp-block-column-is-layout-flow\" style=\"flex-basis:50%\">\n<p><a href=\"https:\/\/skola.karlstad.se\/elevborgarrad\/utbildning-for-elevradsrepresentanter\/\"><strong>Utbildning f\u00f6r elevr\u00e5d<\/strong><br>I september 2025 arrangeras utbildningar<\/a><br><a href=\"https:\/\/skola.karlstad.se\/elevborgarrad\/utbildning-for-elevradsrepresentanter\/\">f\u00f6r elevr\u00e5dsrepresentanter fr\u00e5n \u00e5k 3 \u2013 9<\/a><\/p>\n<\/div>\n\n\n\n<div class=\"wp-block-column is-layout-flow wp-block-column-is-layout-flow\" style=\"flex-basis:50%\">\n<p><a href=\"https:\/\/skola.karlstad.se\/elevborgarrad\/barntoppmote-13-april-2026\/\"><strong>Barntoppm\u00f6te<\/strong><br>Den 13 april &#8211; anm\u00e4lan och info kommer! <br>Kom ih\u00e5g datumet.<\/a><\/p>\n<\/div>\n<\/div>\n\n\n\n<figure class=\"wp-block-gallery has-nested-images columns-default is-cropped wp-block-gallery-2 is-layout-flex wp-block-gallery-is-layout-flex\">\n<figure class=\"wp-block-image size-full is-resized is-style-rounded\"><img loading=\"lazy\" decoding=\"async\" width=\"1086\" height=\"422\" data-id=\"1621\" src=\"https:\/\/skola.karlstad.se\/elevborgarrad\/wp-content\/uploads\/sites\/1517\/2026\/02\/Demokrati1.jpg\" alt=\"\" class=\"wp-image-1621\" style=\"width:265px;height:auto\" srcset=\"https:\/\/skola.karlstad.se\/elevborgarrad\/wp-content\/uploads\/sites\/1517\/2026\/02\/Demokrati1.jpg 1086w, https:\/\/skola.karlstad.se\/elevborgarrad\/wp-content\/uploads\/sites\/1517\/2026\/02\/Demokrati1-300x117.jpg 300w, https:\/\/skola.karlstad.se\/elevborgarrad\/wp-content\/uploads\/sites\/1517\/2026\/02\/Demokrati1-1024x398.jpg 1024w, https:\/\/skola.karlstad.se\/elevborgarrad\/wp-content\/uploads\/sites\/1517\/2026\/02\/Demokrati1-768x298.jpg 768w\" sizes=\"auto, (max-width: 706px) 89vw, (max-width: 767px) 82vw, 740px\" \/><\/figure>\n<\/figure>\n\n\n\n<div class=\"wp-block-columns are-vertically-aligned-bottom is-layout-flex wp-container-core-columns-is-layout-9d6595d7 wp-block-columns-is-layout-flex\">\n<div class=\"wp-block-column is-layout-flow wp-block-column-is-layout-flow\" style=\"flex-basis:50%\">\n<p><strong><a href=\"https:\/\/skola.karlstad.se\/elevborgarrad\/riksdagsskolval-2026\/\" data-type=\"link\" data-id=\"https:\/\/skola.karlstad.se\/elevborgarrad\/riksdagsskolval-2026\/\">Riksdagsskolval 2026 <\/a><\/strong><br>Information och anm\u00e4lan till riksdagsskolval 2026, \u00e5k 7-9.<\/p>\n<\/div>\n<\/div>\n","protected":false},"excerpt":{"rendered":"<p>Kul att du hittat hit! H\u00e4r hittar du information och anm\u00e4lnings l\u00e4nkar till utbildningar och evenemang som \u00e4ger rum under Elevborgarr\u00e5d f\u00f6r social h\u00e5llbarhet 2025. Utbildning f\u00f6r elevr\u00e5dI september 2025 arrangeras utbildningarf\u00f6r elevr\u00e5dsrepresentanter fr\u00e5n \u00e5k 3 \u2013 9 Barntoppm\u00f6teDen 13 april &#8211; anm\u00e4lan och info kommer! Kom ih\u00e5g datumet. Riksdagsskolval 2026 Information och anm\u00e4lan till &hellip; <\/p>\n<p class=\"link-more\"><a href=\"https:\/\/skola.karlstad.se\/elevborgarrad\/evenemang-och-anmalan\/\" class=\"more-link\">Forts\u00e4tt l\u00e4sa<span class=\"screen-reader-text\"> \u201dEvenemang och anm\u00e4lan\u201d<\/span><\/a><\/p>\n","protected":false},"author":3598,"featured_media":0,"parent":0,"menu_order":0,"comment_status":"closed","ping_status":"closed","template":"","meta":{"footnotes":""},"class_list":["post-1500","page","type-page","status-publish","hentry"],"_links":{"self":[{"href":"https:\/\/skola.karlstad.se\/elevborgarrad\/wp-json\/wp\/v2\/pages\/1500","targetHints":{"allow":["GET"]}}],"collection":[{"href":"https:\/\/skola.karlstad.se\/elevborgarrad\/wp-json\/wp\/v2\/pages"}],"about":[{"href":"https:\/\/skola.karlstad.se\/elevborgarrad\/wp-json\/wp\/v2\/types\/page"}],"author":[{"embeddable":true,"href":"https:\/\/skola.karlstad.se\/elevborgarrad\/wp-json\/wp\/v2\/users\/3598"}],"replies":[{"embeddable":true,"href":"https:\/\/skola.karlstad.se\/elevborgarrad\/wp-json\/wp\/v2\/comments?post=1500"}],"version-history":[{"count":7,"href":"https:\/\/skola.karlstad.se\/elevborgarrad\/wp-json\/wp\/v2\/pages\/1500\/revisions"}],"predecessor-version":[{"id":1647,"href":"https:\/\/skola.karlstad.se\/elevborgarrad\/wp-json\/wp\/v2\/pages\/1500\/revisions\/1647"}],"wp:attachment":[{"href":"https:\/\/skola.karlstad.se\/elevborgarrad\/wp-json\/wp\/v2\/media?parent=1500"}],"curies":[{"name":"wp","href":"https:\/\/api.w.org\/{rel}","templated":true}]}}