{"id":1568,"date":"2025-12-15T15:37:01","date_gmt":"2025-12-15T14:37:01","guid":{"rendered":"https:\/\/skola.karlstad.se\/elevborgarrad\/?page_id=1568"},"modified":"2025-12-15T15:43:29","modified_gmt":"2025-12-15T14:43:29","slug":"kolla-in","status":"publish","type":"page","link":"https:\/\/skola.karlstad.se\/elevborgarrad\/kolla-in\/","title":{"rendered":"Kolla in!"},"content":{"rendered":"\n<p>Tips p\u00e5 frist\u00e5ende \u00f6vningar, lektions material med mer, f\u00f6r dig som vill jobba vidare\/f\u00f6rdjupa demokratiarbetet i klassrummet.  <\/p>\n\n\n\n<figure class=\"wp-block-image is-resized\"><img loading=\"lazy\" decoding=\"async\" width=\"1024\" height=\"1024\" src=\"http:\/\/skola.karlstad.se\/elevborgarrad\/wp-content\/uploads\/sites\/1517\/2025\/10\/Wow-1024x1024.jpg\" alt=\"\" class=\"wp-image-1521\" style=\"width:233px;height:auto\" srcset=\"https:\/\/skola.karlstad.se\/elevborgarrad\/wp-content\/uploads\/sites\/1517\/2025\/10\/Wow-1024x1024.jpg 1024w, https:\/\/skola.karlstad.se\/elevborgarrad\/wp-content\/uploads\/sites\/1517\/2025\/10\/Wow-300x300.jpg 300w, https:\/\/skola.karlstad.se\/elevborgarrad\/wp-content\/uploads\/sites\/1517\/2025\/10\/Wow-150x150.jpg 150w, https:\/\/skola.karlstad.se\/elevborgarrad\/wp-content\/uploads\/sites\/1517\/2025\/10\/Wow-768x768.jpg 768w, https:\/\/skola.karlstad.se\/elevborgarrad\/wp-content\/uploads\/sites\/1517\/2025\/10\/Wow-1536x1536.jpg 1536w, https:\/\/skola.karlstad.se\/elevborgarrad\/wp-content\/uploads\/sites\/1517\/2025\/10\/Wow-2048x2048.jpg 2048w, https:\/\/skola.karlstad.se\/elevborgarrad\/wp-content\/uploads\/sites\/1517\/2025\/10\/Wow-100x100.jpg 100w\" sizes=\"auto, (max-width: 706px) 89vw, (max-width: 767px) 82vw, 740px\" \/><\/figure>\n\n\n\n<div class=\"wp-block-group is-nowrap is-layout-flex wp-container-core-group-is-layout-ad2f72ca wp-block-group-is-layout-flex\">\n<p>F\u00f6rskola <br><strong><a href=\"https:\/\/minarattigheter.se\/pedagog\/\">Barnombudsmannen &#8211; Mina r\u00e4ttigheter <\/a><\/strong><br>Kunskap och material om barns r\u00e4ttigheter f\u00f6r dig som jobbar inom f\u00f6rskola eller skola.<br><strong><a href=\"https:\/\/www.nok.se\/globalassets\/lm\/produkter\/b1\/k\/kompisar\/barnkonventionen.pdf\">Barnkonventionen <\/a><\/strong><br>H\u00e4r finns tips p\u00e5 praktiskt material f\u00f6r nedladdning- f\u00f6r arbete med barnkonventionen i f\u00f6rskolan.<br><br>L\u00e5g och mellanstadiet <br><strong><a href=\"https:\/\/urplay.se\/serie\/225697-grejen-med-demokrati\/extra\">Grejen med demokrati<\/a><\/strong> <br>L\u00e4rarhandledning kopplat till demokrati och olika demokratiska begrepp.<br><strong><a href=\"https:\/\/minarattigheter.se\/pedagog\/\">Barnombudsmannen &#8211; Mina r\u00e4ttigheter <\/a><\/strong><br><a href=\"https:\/\/minarattigheter.se\/\"><strong>Mina r\u00e4ttigheter \u00c5ldersv\u00e4ljaren &#8211; Mina r\u00e4ttigheter<\/strong><\/a><br>Kunskap och material om barns r\u00e4ttigheter f\u00f6r dig som jobbar inom f\u00f6rskola eller skola.<br><br>H\u00f6gstadiet <br><a href=\"https:\/\/www.mucf.se\/demokratipaketet\"><strong>Demokratipaketet | MUCF<\/strong><\/a> Material i form av l\u00e4rarhandledningar, lektionspaket och frist\u00e5ende \u00f6vningar kopplat till demokrat och politik. <br><a href=\"https:\/\/www.levandehistoria.se\/for-skola\/demokratistegen\/resursbank\/fora-demokratiska-samtal\"><strong>Demokratiska samtal &#8211; Forum f\u00f6r levande historia<\/strong><\/a><br>Material och tips f\u00f6r dig som l\u00e4rare\/pedagog som vill jobba med demokratiska samtal. <br><a href=\"https:\/\/minarattigheter.se\/pedagog\/\"><strong>F\u00f6r pedagoger &#8211; Mina r\u00e4ttigheter<\/strong><\/a><br><a href=\"https:\/\/minarattigheter.se\/\"><strong>Mina r\u00e4ttigheter \u00c5ldersv\u00e4ljaren &#8211; Mina r\u00e4ttigheter<\/strong><\/a><br>Kunskap och material om barns r\u00e4ttigheter f\u00f6r dig som jobbar inom f\u00f6rskola eller skola.<br><br>Anpassad grundskola <br><a href=\"https:\/\/www.spsm.se\/laromedel\/inspiration-amnesomraden\/demokrati-och-samhalle\/\"><strong>Demokrati och samh\u00e4lle <\/strong><br><\/a>Lektionsmaterial kopplat till demokrati och samh\u00e4lle f\u00f6r dig som arbetar p\u00e5 anpassad grundskola. H\u00e4r hittar du \u00e4ven tips p\u00e5 hur ni kan komma ig\u00e5ng med klassr\u00e5d! <br><a href=\"https:\/\/www.mucf.se\/demokratipaketet\"><strong>Demokratipaketet | MUCF<\/strong><\/a> <br>Material i form av l\u00e4rarhandledningar, lektionspaket och frist\u00e5ende \u00f6vningar kopplat till demokrat och politik.<\/p>\n<\/div>\n\n\n\n<div class=\"wp-block-group is-nowrap is-layout-flex wp-container-core-group-is-layout-ad2f72ca wp-block-group-is-layout-flex\">\n<p><strong>\u00d6vrigt <\/strong><br><a href=\"https:\/\/www.skolverket.se\/kompetensutveckling\/stod-i-arbetet\/demokratistegen\"><strong>Demokratistegen<\/strong> <\/a>\u00e4r en modell som utvecklats f\u00f6r skolor, folkh\u00f6gskolor och studief\u00f6rbund som vill utveckla arbetet med demokrati och m\u00e4nskliga r\u00e4ttigheter<a href=\"https:\/\/www.skolverket.se\/kompetensutveckling\/stod-i-arbetet\/demokratistegen\">.<\/a><br><strong><a href=\"https:\/\/sverigeselevrad.se\/\">Sveriges Elevr\u00e5d<\/a><br><a href=\"https:\/\/elevernasriksforbund.se\/\">Hem &#8211; Elevernas riksf\u00f6rbund<\/a><\/strong><br>H\u00e4r finns mycket f\u00e4rdigt material s\u00e5 som dagordning och protokoll f\u00f6r elevr\u00e5d tillg\u00e4ngligt att ladda ner och anv\u00e4nda.  <br><\/p>\n<\/div>\n\n\n\n<p><\/p>\n","protected":false},"excerpt":{"rendered":"<p>Tips p\u00e5 frist\u00e5ende \u00f6vningar, lektions material med mer, f\u00f6r dig som vill jobba vidare\/f\u00f6rdjupa demokratiarbetet i klassrummet. F\u00f6rskola Barnombudsmannen &#8211; Mina r\u00e4ttigheter Kunskap och material om barns r\u00e4ttigheter f\u00f6r dig som jobbar inom f\u00f6rskola eller skola.Barnkonventionen H\u00e4r finns tips p\u00e5 praktiskt material f\u00f6r nedladdning- f\u00f6r arbete med barnkonventionen i f\u00f6rskolan. L\u00e5g och mellanstadiet Grejen med &hellip; <\/p>\n<p class=\"link-more\"><a href=\"https:\/\/skola.karlstad.se\/elevborgarrad\/kolla-in\/\" class=\"more-link\">Forts\u00e4tt l\u00e4sa<span class=\"screen-reader-text\"> \u201dKolla in!\u201d<\/span><\/a><\/p>\n","protected":false},"author":3598,"featured_media":0,"parent":0,"menu_order":0,"comment_status":"closed","ping_status":"closed","template":"","meta":{"footnotes":""},"class_list":["post-1568","page","type-page","status-publish","hentry"],"_links":{"self":[{"href":"https:\/\/skola.karlstad.se\/elevborgarrad\/wp-json\/wp\/v2\/pages\/1568","targetHints":{"allow":["GET"]}}],"collection":[{"href":"https:\/\/skola.karlstad.se\/elevborgarrad\/wp-json\/wp\/v2\/pages"}],"about":[{"href":"https:\/\/skola.karlstad.se\/elevborgarrad\/wp-json\/wp\/v2\/types\/page"}],"author":[{"embeddable":true,"href":"https:\/\/skola.karlstad.se\/elevborgarrad\/wp-json\/wp\/v2\/users\/3598"}],"replies":[{"embeddable":true,"href":"https:\/\/skola.karlstad.se\/elevborgarrad\/wp-json\/wp\/v2\/comments?post=1568"}],"version-history":[{"count":7,"href":"https:\/\/skola.karlstad.se\/elevborgarrad\/wp-json\/wp\/v2\/pages\/1568\/revisions"}],"predecessor-version":[{"id":1581,"href":"https:\/\/skola.karlstad.se\/elevborgarrad\/wp-json\/wp\/v2\/pages\/1568\/revisions\/1581"}],"wp:attachment":[{"href":"https:\/\/skola.karlstad.se\/elevborgarrad\/wp-json\/wp\/v2\/media?parent=1568"}],"curies":[{"name":"wp","href":"https:\/\/api.w.org\/{rel}","templated":true}]}}