{"id":1627,"date":"2026-02-09T09:43:40","date_gmt":"2026-02-09T08:43:40","guid":{"rendered":"https:\/\/skola.karlstad.se\/elevborgarrad\/?page_id=1627"},"modified":"2026-03-10T13:29:16","modified_gmt":"2026-03-10T12:29:16","slug":"riksdagsskolval-2026","status":"publish","type":"page","link":"https:\/\/skola.karlstad.se\/elevborgarrad\/riksdagsskolval-2026\/","title":{"rendered":"Riksdagsskolval 2026"},"content":{"rendered":"\n<p>Det \u00e4r nu klart att Myndigheten f\u00f6r ungdoms- och civilsamh\u00e4llesfr\u00e5gor (MUCF) blir arrang\u00f6r av riksdagens skolval 2026. Skolvalet riktar sig till elever i \u00e5rskurs 7\u20139.<\/p>\n\n\n\n<p>Tidigare utv\u00e4rderingar visar att deltagande i skolvalet \u00f6kar elevernas kunskap om demokrati och politiska processer samt st\u00e4rker demokratiska v\u00e4rderingar. Skolvalet \u00e4r ocks\u00e5 ett viktigt s\u00e4tt att f\u00e5nga in ungas r\u00f6ster.<br><br>Karlstads kommuns h\u00f6gstadieskolor har tidigare haft ett h\u00f6gt deltagande i riksdagens skolval. L\u00e5t det forts\u00e4tta s\u00e5!<br><br><a href=\"https:\/\/www.mucf.se\/om-oss\/aktuellt\/anmalan-till-riksdagsskolval-2026-ar-oppen\" data-type=\"link\" data-id=\"https:\/\/www.mucf.se\/om-oss\/aktuellt\/anmalan-till-riksdagsskolval-2026-ar-oppen\">L\u00e4s mer om riksdagens skolval och prenumerera p\u00e5 nyhetsbrevet f\u00f6r information om anm\u00e4lan.<\/a><\/p>\n\n\n\n<p><\/p>\n","protected":false},"excerpt":{"rendered":"<p>Det \u00e4r nu klart att Myndigheten f\u00f6r ungdoms- och civilsamh\u00e4llesfr\u00e5gor (MUCF) blir arrang\u00f6r av riksdagens skolval 2026. Skolvalet riktar sig till elever i \u00e5rskurs 7\u20139. Tidigare utv\u00e4rderingar visar att deltagande i skolvalet \u00f6kar elevernas kunskap om demokrati och politiska processer samt st\u00e4rker demokratiska v\u00e4rderingar. Skolvalet \u00e4r ocks\u00e5 ett viktigt s\u00e4tt att f\u00e5nga in ungas r\u00f6ster. &hellip; <\/p>\n<p class=\"link-more\"><a href=\"https:\/\/skola.karlstad.se\/elevborgarrad\/riksdagsskolval-2026\/\" class=\"more-link\">Forts\u00e4tt l\u00e4sa<span class=\"screen-reader-text\"> \u201dRiksdagsskolval 2026\u201d<\/span><\/a><\/p>\n","protected":false},"author":3598,"featured_media":0,"parent":0,"menu_order":0,"comment_status":"closed","ping_status":"closed","template":"","meta":{"footnotes":""},"class_list":["post-1627","page","type-page","status-publish","hentry"],"_links":{"self":[{"href":"https:\/\/skola.karlstad.se\/elevborgarrad\/wp-json\/wp\/v2\/pages\/1627","targetHints":{"allow":["GET"]}}],"collection":[{"href":"https:\/\/skola.karlstad.se\/elevborgarrad\/wp-json\/wp\/v2\/pages"}],"about":[{"href":"https:\/\/skola.karlstad.se\/elevborgarrad\/wp-json\/wp\/v2\/types\/page"}],"author":[{"embeddable":true,"href":"https:\/\/skola.karlstad.se\/elevborgarrad\/wp-json\/wp\/v2\/users\/3598"}],"replies":[{"embeddable":true,"href":"https:\/\/skola.karlstad.se\/elevborgarrad\/wp-json\/wp\/v2\/comments?post=1627"}],"version-history":[{"count":2,"href":"https:\/\/skola.karlstad.se\/elevborgarrad\/wp-json\/wp\/v2\/pages\/1627\/revisions"}],"predecessor-version":[{"id":1643,"href":"https:\/\/skola.karlstad.se\/elevborgarrad\/wp-json\/wp\/v2\/pages\/1627\/revisions\/1643"}],"wp:attachment":[{"href":"https:\/\/skola.karlstad.se\/elevborgarrad\/wp-json\/wp\/v2\/media?parent=1627"}],"curies":[{"name":"wp","href":"https:\/\/api.w.org\/{rel}","templated":true}]}}