{"id":27,"date":"2022-11-23T11:54:48","date_gmt":"2022-11-23T10:54:48","guid":{"rendered":"https:\/\/skola.karlstad.se\/elevborgarrad\/?page_id=27"},"modified":"2023-04-27T10:25:17","modified_gmt":"2023-04-27T08:25:17","slug":"kontakt","status":"publish","type":"page","link":"https:\/\/skola.karlstad.se\/elevborgarrad\/kontakt\/","title":{"rendered":"Kontakt"},"content":{"rendered":"<style>#kt-layout-id_16c36d-8e > .kt-row-column-wrap{align-content:start;}:where(#kt-layout-id_16c36d-8e > .kt-row-column-wrap) > .wp-block-kadence-column{justify-content:start;}#kt-layout-id_16c36d-8e > .kt-row-column-wrap{column-gap:var(--global-kb-gap-md, 2rem);row-gap:var(--global-kb-gap-md, 2rem);padding-top:var( --global-kb-row-default-top, 25px );padding-bottom:var( --global-kb-row-default-bottom, 25px );padding-top:var(--global-kb-spacing-sm, 1.5rem);padding-bottom:var(--global-kb-spacing-sm, 1.5rem);grid-template-columns:repeat(2, minmax(0, 1fr));}#kt-layout-id_16c36d-8e > .kt-row-layout-overlay{opacity:0.30;}@media all and (max-width: 1024px){#kt-layout-id_16c36d-8e > .kt-row-column-wrap{grid-template-columns:repeat(2, minmax(0, 1fr));}}@media all and (max-width: 767px){#kt-layout-id_16c36d-8e > .kt-row-column-wrap{grid-template-columns:minmax(0, 1fr);}}<\/style>\r\n<div class=\"wp-block-kadence-rowlayout alignnone\">\r\n<div id=\"kt-layout-id_16c36d-8e\" class=\"kt-row-layout-inner kt-layout-id_16c36d-8e\">\r\n<div class=\"kt-inside-inner-col\">\r\n<p><strong style=\"color: #666666;font-size: 1.25rem\">Kontaktperson Karlstads kommun<\/strong><\/p>\r\n<\/div>\r\nKlara Perhamre<\/div>\r\n<div class=\"kt-row-layout-inner kt-layout-id_16c36d-8e\"><span style=\"font-size: 1rem\">Projektledare och milj\u00f6strateg barn- och ungdomsf\u00f6rvaltningen\u00a0<\/span>\r\n<p class=\"wp-block-kadence-column inner-column-2 kadence-column_836b80-55\">054-540 38 15<br \/><a href=\"mailto:klara.perhamre@karlstad.se\">klara.perhamre@karlstad.se<\/a><\/p>\r\n<h2 class=\"wp-block-kadence-column inner-column-1 kadence-column_ba33ad-4b\"><strong style=\"color: #666666;font-size: 1.25rem\">Kontaktpersoner<\/strong><\/h2>\r\n<div class=\"kt-inside-inner-col\">\r\n<p>Emma och Maria arbetar i projektet p\u00e5 uppdrag av\u00a0 barn- och ungdomsf\u00f6rvaltningen.\u00a0<\/p>\r\n<p>Emma Sundh (Karlstad) <br \/>journalist, f\u00f6rel\u00e4sare och medgrundare av Klimatklubben<br \/>070- 090 15 77<br \/><a href=\"mailto:emma@klimatklubben.se\">emma@klimatklubben.se<\/a><\/p>\r\n<p>Maria Soxbo (Stockholm)<br \/>journalist, f\u00f6rel\u00e4sare och medgrundare av Klimatklubben<br \/>070-759 42 35 <br \/><a href=\"mailto:maria@klimatklubben.se\">maria@klimatklubben.se<\/a><\/p>\r\n<\/div>\r\n<h2><strong>Milj\u00f6experter Karlstads kommun\u00a0<\/strong><\/h2>\r\n<p>Visste du att det finns personer i Karlstads kommun som arbetar med milj\u00f6- och klimatfr\u00e5gor p\u00e5 olika s\u00e4tt? Har du fr\u00e5gor om n\u00e5got omr\u00e5de \u00e4r du varmt v\u00e4lkommen att h\u00f6r av dig till dom!\u00a0<\/p>\r\n<h3 class=\"kt-row-column-wrap kt-has-2-columns kt-gutter-default kt-v-gutter-default kt-row-valign-top kt-row-layout-equal kt-tab-layout-inherit kt-m-colapse-left-to-right kt-mobile-layout-row\">Livsmedel\u00a0<\/h3>\r\n<span style=\"font-size: 1rem\">Koststrateg, <\/span>Linnea Olsson<\/div>\r\n<div class=\"kt-row-layout-inner kt-layout-id_16c36d-8e\">054-540 29 28<\/div>\r\n<div class=\"kt-row-layout-inner kt-layout-id_16c36d-8e\"><a href=\"mailto:linnea.olsson2@karlstad.se\">linnea.olsson2@karlstad.se <\/a><\/div>\r\n<div class=\"kt-row-layout-inner kt-layout-id_16c36d-8e\"><a href=\"https:\/\/eur02.safelinks.protection.outlook.com\/?url=https%3A%2F%2Fwww.instagram.com%2Fmaltid_solstaden%2F&amp;data=05%7C01%7Cklara.perhamre%40karlstad.se%7C0b542908b0294d5d943708dacef2d2bf%7Cfa1fe8f862c5428a8034038bc8a6cf66%7C0%7C0%7C638049839549910249%7CUnknown%7CTWFpbGZsb3d8eyJWIjoiMC4wLjAwMDAiLCJQIjoiV2luMzIiLCJBTiI6Ik1haWwiLCJXVCI6Mn0%3D%7C3000%7C%7C%7C&amp;sdata=lCrp4qRE5wqBYIjBFPN2qUqlnUvmk%2FqhVIzjkunqPyo%3D&amp;reserved=0\">@maltid_solstaden<\/a>\r\n<h3>H\u00e5llbar konsumtion\u00a0<\/h3>\r\n<p>Projektledare Henric Barkman\u00a0<br \/><a href=\"mailto:henric.barkman@karlstad.se\">henric.barkman@karlstad.se<\/a><br \/>054 540 47 06<\/p>\r\n<p>Projektledare Charlotte Wedberg\u00a0<br \/><a href=\"mailto:charlotte.wedberg@karlstad.se\">charlotte.wedberg@karlstad.se\u00a0<\/a><br \/>054 540 69 96<br \/><br \/>Milj\u00f6samordnare Anna Sundell\u00a0<br \/><a href=\"mailto:anna.sundell@karlstad.se\">anna.sundell@karlstad.se<\/a><br \/>054 540 46 85<\/p>\r\n<h3>Avfall och \u00e5tervinning\u00a0<\/h3>\r\n\u00c5tervinningsstrateg, Christoffer Henriksson\u00a0<\/div>\r\n<div class=\"kt-row-layout-inner kt-layout-id_16c36d-8e\">054 -540 34 63<\/div>\r\n<div class=\"kt-row-layout-inner kt-layout-id_16c36d-8e\"><a href=\"christoffer.henriksson@karlstad.se\">christoffer.henriksson@karlstad.se\u00a0<\/a>\u00a0<\/div>\r\n<\/div>\r\n<h3>Energi och h\u00e5llbart byggande\u00a0<\/h3>\r\n<p>Klimat- och milj\u00f6samordnare, Ida Vestlund<br \/><a href=\"mailto:ida.vestlund@karlstad.se\">ida.vestlund@karlstad.se<\/a><br \/>054-540 65 94<\/p>\r\n<p>Energi- och milj\u00f6samordnare, Daniel Appelholm\u00a0<br \/><a href=\"mailto:daniel.appelholm@karlstad.se\">daniel.appelholm@karlstad.se\u00a0\u00a0<\/a><br \/>054-540 69 02<\/p>\r\n<p>Energi och klimatr\u00e5dgivning, Rita Nielsen<br \/><a href=\"mailto:rita.nielsen@karlstad.se\"> rita.nielsen@karlstad.se<\/a><br \/>054 540 46 97<\/p>\r\n<h3>H\u00e5llbara st\u00e4der\u00a0<\/h3>\r\n<div>Milj\u00f6samordnare, Sara Hammarstr\u00f6m\u00a0<\/div>\r\n<div><a href=\"mailto:sara.hammarstrom@karlstad.se\">sara.hammarstrom@karlstad.se<\/a><\/div>\r\n<div>054-540 43 03<\/div>\r\n<h3>Biologisk m\u00e5ngfald\u00a0<\/h3>\r\n<p>Kommunekolog, Eva Salomonsson<br \/><a href=\"mailto:eva.salomonsson@karlstad.se\">eva.salomonsson@karlstad.se<\/a><br \/>054-540 66 04<\/p>\r\n<h3>H\u00e5llbara transporter och mobilitet\u00a0<\/h3>\r\n<div>Transportr\u00e5dgivare, Mikael Haster\u00a0<\/div>\r\n<div><a href=\"mailto:mikael.haster@karlstad.se\">mikael.haster@karlstad.se\u00a0<\/a><\/div>\r\n<div>054 540 46 92<\/div>\r\n<div>\u00a0<\/div>\r\n<div>Projektledare Gunnar Persson\u00a0<\/div>\r\n<div><a href=\"mailto:gunnar.persson@karlstad.se\">gunnar.persson@karlstad.se\u00a0<\/a><\/div>\r\n<div>054 540 47 38<\/div>\r\n<h3>Kemikalier i barns vardag\u00a0<\/h3>\r\n<div>\r\n<div class=\"wp-block-kadence-column inner-column-2 kadence-column_836b80-55\">Klara Perhamre<\/div>\r\n<div class=\"wp-block-kadence-column inner-column-2 kadence-column_836b80-55\">054-540 38 15<br \/><a href=\"mailto:klara.perhamre@karlstad.se\">klara.perhamre@karlstad.se<\/a><\/div>\r\n<\/div>\r\n<div>\u00a0<\/div>\r\n<div>Kemikalier kommun\u00f6vergripande<\/div>\r\n<div>Emma Raskinen\u00a0<\/div>\r\n<div><a href=\"mailto:emma.raskinen@karlstad.se\">emma.raskinen@karlstad.se<\/a><\/div>\r\n<div>054 540 46 71<\/div>\r\n<h3>Kommun\u00f6vergripande milj\u00f6strateg\u00a0<\/h3>\r\n<div>Per Olof Haster\u00a0<\/div>\r\n<div><a href=\"mailto:per-olof.haster@karlstad.se\">per-olof.haster@karlstad.se\u00a0<\/a><\/div>\r\n<div>054 540 46 75<\/div>\r\n<h3>Vatten\u00a0<\/h3>\r\n<div>Vattenstrateg Sofia Hallerb\u00e4ck\u00a0<\/div>\r\n<div><a href=\"mailto:sofia.hallerback@karlstad.se\">sofia.hallerback@karlstad.se<\/a><\/div>\r\n<div>054 540 46 79<\/div>\r\n<div>\r\n<p>&nbsp;<\/p>\r\n<\/div>\r\n","protected":false},"excerpt":{"rendered":"<p>Kontaktperson Karlstads kommun Klara Perhamre Projektledare och milj\u00f6strateg barn- och ungdomsf\u00f6rvaltningen\u00a0 054-540 38 15klara.perhamre@karlstad.se Kontaktpersoner Emma och Maria arbetar i projektet p\u00e5 uppdrag av\u00a0 barn- och ungdomsf\u00f6rvaltningen.\u00a0 Emma Sundh (Karlstad) journalist, f\u00f6rel\u00e4sare och medgrundare av Klimatklubben070- 090 15 77emma@klimatklubben.se Maria Soxbo (Stockholm)journalist, f\u00f6rel\u00e4sare och medgrundare av Klimatklubben070-759 42 35 maria@klimatklubben.se Milj\u00f6experter Karlstads kommun\u00a0 Visste du &hellip; <\/p>\n<p class=\"link-more\"><a href=\"https:\/\/skola.karlstad.se\/elevborgarrad\/kontakt\/\" class=\"more-link\">Forts\u00e4tt l\u00e4sa<span class=\"screen-reader-text\"> \u201dKontakt\u201d<\/span><\/a><\/p>\n","protected":false},"author":2,"featured_media":0,"parent":0,"menu_order":0,"comment_status":"closed","ping_status":"closed","template":"","meta":{"footnotes":""},"class_list":["post-27","page","type-page","status-publish","hentry"],"_links":{"self":[{"href":"https:\/\/skola.karlstad.se\/elevborgarrad\/wp-json\/wp\/v2\/pages\/27","targetHints":{"allow":["GET"]}}],"collection":[{"href":"https:\/\/skola.karlstad.se\/elevborgarrad\/wp-json\/wp\/v2\/pages"}],"about":[{"href":"https:\/\/skola.karlstad.se\/elevborgarrad\/wp-json\/wp\/v2\/types\/page"}],"author":[{"embeddable":true,"href":"https:\/\/skola.karlstad.se\/elevborgarrad\/wp-json\/wp\/v2\/users\/2"}],"replies":[{"embeddable":true,"href":"https:\/\/skola.karlstad.se\/elevborgarrad\/wp-json\/wp\/v2\/comments?post=27"}],"version-history":[{"count":22,"href":"https:\/\/skola.karlstad.se\/elevborgarrad\/wp-json\/wp\/v2\/pages\/27\/revisions"}],"predecessor-version":[{"id":456,"href":"https:\/\/skola.karlstad.se\/elevborgarrad\/wp-json\/wp\/v2\/pages\/27\/revisions\/456"}],"wp:attachment":[{"href":"https:\/\/skola.karlstad.se\/elevborgarrad\/wp-json\/wp\/v2\/media?parent=27"}],"curies":[{"name":"wp","href":"https:\/\/api.w.org\/{rel}","templated":true}]}}

<style>#kt-layout-id_16c36d-8e > .kt-row-column-wrap{align-content:start;}:where(#kt-layout-id_16c36d-8e > .kt-row-column-wrap) > .wp-block-kadence-column{justify-content:start;}#kt-layout-id_16c36d-8e > .kt-row-column-wrap{column-gap:var(--global-kb-gap-md, 2rem);row-gap:var(--global-kb-gap-md, 2rem);padding-top:var( --global-kb-row-default-top, 25px );padding-bottom:var( --global-kb-row-default-bottom, 25px );padding-top:var(--global-kb-spacing-sm, 1.5rem);padding-bottom:var(--global-kb-spacing-sm, 1.5rem);grid-template-columns:repeat(2, minmax(0, 1fr));}#kt-layout-id_16c36d-8e > .kt-row-layout-overlay{opacity:0.30;}@media all and (max-width: 1024px){#kt-layout-id_16c36d-8e > .kt-row-column-wrap{grid-template-columns:repeat(2, minmax(0, 1fr));}}@media all and (max-width: 767px){#kt-layout-id_16c36d-8e > .kt-row-column-wrap{grid-template-columns:minmax(0, 1fr);}}</style>
<div class="wp-block-kadence-rowlayout alignnone">
<div id="kt-layout-id_16c36d-8e" class="kt-row-layout-inner kt-layout-id_16c36d-8e">
<div class="kt-inside-inner-col">
<p><strong style="color: #666666;font-size: 1.25rem">Kontaktperson Karlstads kommun</strong></p>
</div>
Klara Perhamre</div>
<div class="kt-row-layout-inner kt-layout-id_16c36d-8e"><span style="font-size: 1rem">Projektledare och miljöstrateg barn- och ungdomsförvaltningen </span>
<p class="wp-block-kadence-column inner-column-2 kadence-column_836b80-55">054-540 38 15<br /><a href="mailto:klara.perhamre@karlstad.se">klara.perhamre@karlstad.se</a></p>
<h2 class="wp-block-kadence-column inner-column-1 kadence-column_ba33ad-4b"><strong style="color: #666666;font-size: 1.25rem">Kontaktpersoner</strong></h2>
<div class="kt-inside-inner-col">
<p>Emma och Maria arbetar i projektet på uppdrag av  barn- och ungdomsförvaltningen. </p>
<p>Emma Sundh (Karlstad) <br />journalist, föreläsare och medgrundare av Klimatklubben<br />070- 090 15 77<br /><a href="mailto:emma@klimatklubben.se">emma@klimatklubben.se</a></p>
<p>Maria Soxbo (Stockholm)<br />journalist, föreläsare och medgrundare av Klimatklubben<br />070-759 42 35 <br /><a href="mailto:maria@klimatklubben.se">maria@klimatklubben.se</a></p>
</div>
<h2><strong>Miljöexperter Karlstads kommun </strong></h2>
<p>Visste du att det finns personer i Karlstads kommun som arbetar med miljö- och klimatfrågor på olika sätt? Har du frågor om något område är du varmt välkommen att hör av dig till dom! </p>
<h3 class="kt-row-column-wrap kt-has-2-columns kt-gutter-default kt-v-gutter-default kt-row-valign-top kt-row-layout-equal kt-tab-layout-inherit kt-m-colapse-left-to-right kt-mobile-layout-row">Livsmedel </h3>
<span style="font-size: 1rem">Koststrateg, </span>Linnea Olsson</div>
<div class="kt-row-layout-inner kt-layout-id_16c36d-8e">054-540 29 28</div>
<div class="kt-row-layout-inner kt-layout-id_16c36d-8e"><a href="mailto:linnea.olsson2@karlstad.se">linnea.olsson2@karlstad.se </a></div>
<div class="kt-row-layout-inner kt-layout-id_16c36d-8e"><a href="https://eur02.safelinks.protection.outlook.com/?url=https%3A%2F%2Fwww.instagram.com%2Fmaltid_solstaden%2F&amp;data=05%7C01%7Cklara.perhamre%40karlstad.se%7C0b542908b0294d5d943708dacef2d2bf%7Cfa1fe8f862c5428a8034038bc8a6cf66%7C0%7C0%7C638049839549910249%7CUnknown%7CTWFpbGZsb3d8eyJWIjoiMC4wLjAwMDAiLCJQIjoiV2luMzIiLCJBTiI6Ik1haWwiLCJXVCI6Mn0%3D%7C3000%7C%7C%7C&amp;sdata=lCrp4qRE5wqBYIjBFPN2qUqlnUvmk%2FqhVIzjkunqPyo%3D&amp;reserved=0">@maltid_solstaden</a>
<h3>Hållbar konsumtion </h3>
<p>Projektledare Henric Barkman <br /><a href="mailto:henric.barkman@karlstad.se">henric.barkman@karlstad.se</a><br />054 540 47 06</p>
<p>Projektledare Charlotte Wedberg <br /><a href="mailto:charlotte.wedberg@karlstad.se">charlotte.wedberg@karlstad.se </a><br />054 540 69 96<br /><br />Miljösamordnare Anna Sundell <br /><a href="mailto:anna.sundell@karlstad.se">anna.sundell@karlstad.se</a><br />054 540 46 85</p>
<h3>Avfall och återvinning </h3>
Återvinningsstrateg, Christoffer Henriksson </div>
<div class="kt-row-layout-inner kt-layout-id_16c36d-8e">054 -540 34 63</div>
<div class="kt-row-layout-inner kt-layout-id_16c36d-8e"><a href="christoffer.henriksson@karlstad.se">christoffer.henriksson@karlstad.se </a> </div>
</div>
<h3>Energi och hållbart byggande </h3>
<p>Klimat- och miljösamordnare, Ida Vestlund<br /><a href="mailto:ida.vestlund@karlstad.se">ida.vestlund@karlstad.se</a><br />054-540 65 94</p>
<p>Energi- och miljösamordnare, Daniel Appelholm <br /><a href="mailto:daniel.appelholm@karlstad.se">daniel.appelholm@karlstad.se  </a><br />054-540 69 02</p>
<p>Energi och klimatrådgivning, Rita Nielsen<br /><a href="mailto:rita.nielsen@karlstad.se"> rita.nielsen@karlstad.se</a><br />054 540 46 97</p>
<h3>Hållbara städer </h3>
<div>Miljösamordnare, Sara Hammarström </div>
<div><a href="mailto:sara.hammarstrom@karlstad.se">sara.hammarstrom@karlstad.se</a></div>
<div>054-540 43 03</div>
<h3>Biologisk mångfald </h3>
<p>Kommunekolog, Eva Salomonsson<br /><a href="mailto:eva.salomonsson@karlstad.se">eva.salomonsson@karlstad.se</a><br />054-540 66 04</p>
<h3>Hållbara transporter och mobilitet </h3>
<div>Transportrådgivare, Mikael Haster </div>
<div><a href="mailto:mikael.haster@karlstad.se">mikael.haster@karlstad.se </a></div>
<div>054 540 46 92</div>
<div> </div>
<div>Projektledare Gunnar Persson </div>
<div><a href="mailto:gunnar.persson@karlstad.se">gunnar.persson@karlstad.se </a></div>
<div>054 540 47 38</div>
<h3>Kemikalier i barns vardag </h3>
<div>
<div class="wp-block-kadence-column inner-column-2 kadence-column_836b80-55">Klara Perhamre</div>
<div class="wp-block-kadence-column inner-column-2 kadence-column_836b80-55">054-540 38 15<br /><a href="mailto:klara.perhamre@karlstad.se">klara.perhamre@karlstad.se</a></div>
</div>
<div> </div>
<div>Kemikalier kommunövergripande</div>
<div>Emma Raskinen </div>
<div><a href="mailto:emma.raskinen@karlstad.se">emma.raskinen@karlstad.se</a></div>
<div>054 540 46 71</div>
<h3>Kommunövergripande miljöstrateg </h3>
<div>Per Olof Haster </div>
<div><a href="mailto:per-olof.haster@karlstad.se">per-olof.haster@karlstad.se </a></div>
<div>054 540 46 75</div>
<h3>Vatten </h3>
<div>Vattenstrateg Sofia Hallerbäck </div>
<div><a href="mailto:sofia.hallerback@karlstad.se">sofia.hallerback@karlstad.se</a></div>
<div>054 540 46 79</div>
<div>
<p>&nbsp;</p>
</div>

<p>Kontaktperson Karlstads kommun Klara Perhamre Projektledare och miljöstrateg barn- och ungdomsförvaltningen  054-540 38 15klara.perhamre@karlstad.se Kontaktpersoner Emma och Maria arbetar i projektet på uppdrag av  barn- och ungdomsförvaltningen.  Emma Sundh (Karlstad) journalist, föreläsare och medgrundare av Klimatklubben070- 090 15 77emma@klimatklubben.se Maria Soxbo (Stockholm)journalist, föreläsare och medgrundare av Klimatklubben070-759 42 35 maria@klimatklubben.se Miljöexperter Karlstads kommun  Visste du &hellip; </p>
<p class="link-more"><a href="https://skola.karlstad.se/elevborgarrad/kontakt/" class="more-link">Fortsätt läsa<span class="screen-reader-text"> ”Kontakt”</span></a></p>
