{"id":315,"date":"2023-01-10T13:40:53","date_gmt":"2023-01-10T12:40:53","guid":{"rendered":"https:\/\/skola.karlstad.se\/elevborgarrad\/?page_id=315"},"modified":"2023-01-10T15:44:20","modified_gmt":"2023-01-10T14:44:20","slug":"inspirationsblad-elever","status":"publish","type":"page","link":"https:\/\/skola.karlstad.se\/elevborgarrad\/inspirationsblad-elever\/","title":{"rendered":"Inspirationsblad elever"},"content":{"rendered":"<h2>Inspirationsblad<\/h2>\n<h2><img loading=\"lazy\" decoding=\"async\" class=\"alignnone wp-image-211\" style=\"font-size: 18px;font-style: italic\" src=\"http:\/\/skola.karlstad.se\/elevborgarrad\/wp-content\/uploads\/sites\/1517\/2022\/12\/vaxt-i-hander-300x199.jpg\" alt=\"\" width=\"326\" height=\"216\" srcset=\"https:\/\/skola.karlstad.se\/elevborgarrad\/wp-content\/uploads\/sites\/1517\/2022\/12\/vaxt-i-hander-300x199.jpg 300w, https:\/\/skola.karlstad.se\/elevborgarrad\/wp-content\/uploads\/sites\/1517\/2022\/12\/vaxt-i-hander-1024x678.jpg 1024w, https:\/\/skola.karlstad.se\/elevborgarrad\/wp-content\/uploads\/sites\/1517\/2022\/12\/vaxt-i-hander-768x509.jpg 768w, https:\/\/skola.karlstad.se\/elevborgarrad\/wp-content\/uploads\/sites\/1517\/2022\/12\/vaxt-i-hander-1536x1017.jpg 1536w, https:\/\/skola.karlstad.se\/elevborgarrad\/wp-content\/uploads\/sites\/1517\/2022\/12\/vaxt-i-hander-2048x1356.jpg 2048w, https:\/\/skola.karlstad.se\/elevborgarrad\/wp-content\/uploads\/sites\/1517\/2022\/12\/vaxt-i-hander-scaled.jpg 1920w\" sizes=\"auto, (max-width: 326px) 100vw, 326px\" \/><\/h2>\n<p>Vi har gjort inspirationsblad till alla barn och elever som handlar om milj\u00f6 och klimat.<\/p>\n<p><a href=\"http:\/\/skola.karlstad.se\/elevborgarrad\/wp-content\/uploads\/sites\/1517\/2022\/12\/KstdKomm_elevborgarrad-infoblad_A4_forskola.pdf\">F\u00f6rskola<\/a><\/p>\n<p><a href=\"http:\/\/skola.karlstad.se\/elevborgarrad\/wp-content\/uploads\/sites\/1517\/2022\/12\/KstdKomm_elevborgarrad-infoblad_A4_lagstadiet.pdf\">L\u00e5gstadiet\u00a0<\/a><\/p>\n<p><a href=\"http:\/\/skola.karlstad.se\/elevborgarrad\/wp-content\/uploads\/sites\/1517\/2022\/12\/KstdKomm_elevborgarrad-infoblad_A4_mellanstadiet.pdf\">Mellanstadiet<\/a><\/p>\n<p><a href=\"http:\/\/skola.karlstad.se\/elevborgarrad\/wp-content\/uploads\/sites\/1517\/2022\/12\/KstdKomm_elevborgarrad-infoblad_A4_hogstadiet.pdf\">H\u00f6gstadiet<\/a><\/p>\n<p><a href=\"http:\/\/skola.karlstad.se\/elevborgarrad\/wp-content\/uploads\/sites\/1517\/2023\/01\/Affisch_elevborgarrad.pdf\">Affisch Elevborgarr\u00e5d\u00a0<\/a><\/p>\n<blockquote><p>Visste ni att det finns experter inom olika milj\u00f6- och klimatomr\u00e5den i Karlstads kommun, <a href=\"https:\/\/skola.karlstad.se\/elevborgarrad\/kontakt\/\">deras kontaktuppgifter hittar ni h\u00e4r.\u00a0<\/a><\/p><\/blockquote>\n","protected":false},"excerpt":{"rendered":"<p>Inspirationsblad Vi har gjort inspirationsblad till alla barn och elever som handlar om milj\u00f6 och klimat. F\u00f6rskola L\u00e5gstadiet\u00a0 Mellanstadiet H\u00f6gstadiet Affisch Elevborgarr\u00e5d\u00a0 Visste ni att det finns experter inom olika milj\u00f6- och klimatomr\u00e5den i Karlstads kommun, deras kontaktuppgifter hittar ni h\u00e4r.\u00a0<\/p>\n","protected":false},"author":1622,"featured_media":0,"parent":0,"menu_order":0,"comment_status":"closed","ping_status":"closed","template":"","meta":{"footnotes":""},"class_list":["post-315","page","type-page","status-publish","hentry"],"_links":{"self":[{"href":"https:\/\/skola.karlstad.se\/elevborgarrad\/wp-json\/wp\/v2\/pages\/315","targetHints":{"allow":["GET"]}}],"collection":[{"href":"https:\/\/skola.karlstad.se\/elevborgarrad\/wp-json\/wp\/v2\/pages"}],"about":[{"href":"https:\/\/skola.karlstad.se\/elevborgarrad\/wp-json\/wp\/v2\/types\/page"}],"author":[{"embeddable":true,"href":"https:\/\/skola.karlstad.se\/elevborgarrad\/wp-json\/wp\/v2\/users\/1622"}],"replies":[{"embeddable":true,"href":"https:\/\/skola.karlstad.se\/elevborgarrad\/wp-json\/wp\/v2\/comments?post=315"}],"version-history":[{"count":5,"href":"https:\/\/skola.karlstad.se\/elevborgarrad\/wp-json\/wp\/v2\/pages\/315\/revisions"}],"predecessor-version":[{"id":1212,"href":"https:\/\/skola.karlstad.se\/elevborgarrad\/wp-json\/wp\/v2\/pages\/315\/revisions\/1212"}],"wp:attachment":[{"href":"https:\/\/skola.karlstad.se\/elevborgarrad\/wp-json\/wp\/v2\/media?parent=315"}],"curies":[{"name":"wp","href":"https:\/\/api.w.org\/{rel}","templated":true}]}}