{"id":1122,"date":"2024-09-09T14:31:17","date_gmt":"2024-09-09T12:31:17","guid":{"rendered":"https:\/\/skola.karlstad.se\/gronatraden\/?page_id=1122"},"modified":"2026-04-08T13:04:28","modified_gmt":"2026-04-08T11:04:28","slug":"uf-forskoleutmaning","status":"publish","type":"page","link":"https:\/\/skola.karlstad.se\/gronatraden\/uf-forskoleutmaning\/","title":{"rendered":"UF &#8211; F\u00f6rskoleutmaning"},"content":{"rendered":"\n<p>Genom f\u00f6rskoleutmaningen hj\u00e4lper f\u00f6rskolor i Karlstad kommun ett V\u00e4rml\u00e4ndskt f\u00f6retag med att l\u00f6sa en utmaning.&nbsp;Genom uppdraget f\u00e5r barnen tr\u00e4na p\u00e5 entrepren\u00f6riella f\u00f6rm\u00e5gor som probleml\u00f6sning, kreativitet och att g\u00e5 fr\u00e5n id\u00e9 till handling. <\/p>\n\n\n\n<p><strong>Hj\u00e4lp f\u00f6retaget Karlstad Energi och bli en milj\u00f6hj\u00e4lte<\/strong>!<br>I \u00e5r skickar Karlstads Energi ut tv\u00e5 uppdrag f\u00f6r f\u00f6rskolan att v\u00e4lja arbeta med. Barnen ska tillsammans komma p\u00e5 en l\u00f6sning p\u00e5 utmaningen, presentera den med hj\u00e4lp av sina pedagoger och slutligen skapa sina egna prototyper och presentera sina l\u00f6sningar.<br>I augusti sl\u00e4pps uppdragen och ni kan redan nu anm\u00e4la era barngrupper f\u00f6r att delta i utmaningarna.<\/p>\n\n\n\n<p>Det kommer vara tv\u00e5 digitala informationstr\u00e4ffar d\u00e4r ni f\u00e5r veta mer om F\u00f6rskoleutmaningen: 18\/6 Kl. 15.00-15.45 eller 24\/6 kl. 11.00-11.45. <br><br><br><strong>Uppdraget genomf\u00f6rdes under h\u00f6stterminen 2025. <br><\/strong><\/p>\n","protected":false},"excerpt":{"rendered":"<p>Genom f\u00f6rskoleutmaningen hj\u00e4lper f\u00f6rskolor i Karlstad kommun ett V\u00e4rml\u00e4ndskt f\u00f6retag med att l\u00f6sa en utmaning.&nbsp;Genom uppdraget f\u00e5r barnen tr\u00e4na p\u00e5 entrepren\u00f6riella f\u00f6rm\u00e5gor som probleml\u00f6sning, kreativitet och att g\u00e5 fr\u00e5n id\u00e9 till handling. Hj\u00e4lp f\u00f6retaget Karlstad Energi och bli en milj\u00f6hj\u00e4lte!I \u00e5r skickar Karlstads Energi ut tv\u00e5 uppdrag f\u00f6r f\u00f6rskolan att v\u00e4lja arbeta med. Barnen ska &hellip; <\/p>\n<p class=\"link-more\"><a href=\"https:\/\/skola.karlstad.se\/gronatraden\/uf-forskoleutmaning\/\" class=\"more-link\">Forts\u00e4tt l\u00e4sa<span class=\"screen-reader-text\"> \u201dUF &#8211; F\u00f6rskoleutmaning\u201d<\/span><\/a><\/p>\n","protected":false},"author":3593,"featured_media":0,"parent":0,"menu_order":0,"comment_status":"closed","ping_status":"closed","template":"","meta":{"footnotes":""},"class_list":["post-1122","page","type-page","status-publish","hentry"],"_links":{"self":[{"href":"https:\/\/skola.karlstad.se\/gronatraden\/wp-json\/wp\/v2\/pages\/1122","targetHints":{"allow":["GET"]}}],"collection":[{"href":"https:\/\/skola.karlstad.se\/gronatraden\/wp-json\/wp\/v2\/pages"}],"about":[{"href":"https:\/\/skola.karlstad.se\/gronatraden\/wp-json\/wp\/v2\/types\/page"}],"author":[{"embeddable":true,"href":"https:\/\/skola.karlstad.se\/gronatraden\/wp-json\/wp\/v2\/users\/3593"}],"replies":[{"embeddable":true,"href":"https:\/\/skola.karlstad.se\/gronatraden\/wp-json\/wp\/v2\/comments?post=1122"}],"version-history":[{"count":8,"href":"https:\/\/skola.karlstad.se\/gronatraden\/wp-json\/wp\/v2\/pages\/1122\/revisions"}],"predecessor-version":[{"id":2052,"href":"https:\/\/skola.karlstad.se\/gronatraden\/wp-json\/wp\/v2\/pages\/1122\/revisions\/2052"}],"wp:attachment":[{"href":"https:\/\/skola.karlstad.se\/gronatraden\/wp-json\/wp\/v2\/media?parent=1122"}],"curies":[{"name":"wp","href":"https:\/\/api.w.org\/{rel}","templated":true}]}}