{"id":1177,"date":"2024-09-25T15:54:30","date_gmt":"2024-09-25T13:54:30","guid":{"rendered":"https:\/\/skola.karlstad.se\/gronatraden\/?page_id=1177"},"modified":"2025-10-06T07:44:05","modified_gmt":"2025-10-06T05:44:05","slug":"lilla-bokbryggan","status":"publish","type":"page","link":"https:\/\/skola.karlstad.se\/gronatraden\/lilla-bokbryggan\/","title":{"rendered":"Lilla bokbryggan"},"content":{"rendered":"\n<figure class=\"wp-block-image size-large\"><img loading=\"lazy\" decoding=\"async\" width=\"1024\" height=\"768\" src=\"https:\/\/skola.karlstad.se\/gronatraden\/wp-content\/uploads\/sites\/1520\/2025\/10\/IMG_4275-1024x768.jpg\" alt=\"\" class=\"wp-image-1829\" srcset=\"https:\/\/skola.karlstad.se\/gronatraden\/wp-content\/uploads\/sites\/1520\/2025\/10\/IMG_4275-1024x768.jpg 1024w, https:\/\/skola.karlstad.se\/gronatraden\/wp-content\/uploads\/sites\/1520\/2025\/10\/IMG_4275-300x225.jpg 300w, https:\/\/skola.karlstad.se\/gronatraden\/wp-content\/uploads\/sites\/1520\/2025\/10\/IMG_4275-768x576.jpg 768w, https:\/\/skola.karlstad.se\/gronatraden\/wp-content\/uploads\/sites\/1520\/2025\/10\/IMG_4275-1536x1152.jpg 1536w, https:\/\/skola.karlstad.se\/gronatraden\/wp-content\/uploads\/sites\/1520\/2025\/10\/IMG_4275-2048x1536.jpg 2048w\" sizes=\"auto, (max-width: 767px) 89vw, (max-width: 1000px) 54vw, (max-width: 1071px) 543px, 580px\" \/><\/figure>\n\n\n\n<p>Lilla bokbryggan v\u00e4nder sig till barn i \u00e5lder 1 &#8211; 5 \u00e5r och inspirerar till ett lekfullt spr\u00e5karbete. B\u00f6ckerna i \u00e5rets bokbrygga \u00e4r &#8221;I djungeln&#8221; och &#8221;lilla APAN&#8221;. I b\u00f6ckerna finns kopplingar till milj\u00f6 och h\u00e5llbar utveckling. <br><br>Om man vill ha pedagogiska tips och aktiviteter kopplat till b\u00f6ckerna kan man l\u00e5na en Soll\u00e5da som \u00e4r en materiall\u00e5da med tillh\u00f6rande uppgifter. Aktiviteterna finns \u00e4ven tillg\u00e4ngliga digitalt.<\/p>\n\n\n\n<div class=\"wp-block-columns is-layout-flex wp-container-core-columns-is-layout-9d6595d7 wp-block-columns-is-layout-flex\">\n<div class=\"wp-block-column is-layout-flow wp-block-column-is-layout-flow\">\n<figure class=\"wp-block-image size-large\"><img loading=\"lazy\" decoding=\"async\" width=\"1024\" height=\"768\" src=\"https:\/\/skola.karlstad.se\/gronatraden\/wp-content\/uploads\/sites\/1520\/2025\/10\/IMG_4274-1024x768.jpg\" alt=\"\" class=\"wp-image-1830\" srcset=\"https:\/\/skola.karlstad.se\/gronatraden\/wp-content\/uploads\/sites\/1520\/2025\/10\/IMG_4274-1024x768.jpg 1024w, https:\/\/skola.karlstad.se\/gronatraden\/wp-content\/uploads\/sites\/1520\/2025\/10\/IMG_4274-300x225.jpg 300w, https:\/\/skola.karlstad.se\/gronatraden\/wp-content\/uploads\/sites\/1520\/2025\/10\/IMG_4274-768x576.jpg 768w, https:\/\/skola.karlstad.se\/gronatraden\/wp-content\/uploads\/sites\/1520\/2025\/10\/IMG_4274-1536x1152.jpg 1536w, https:\/\/skola.karlstad.se\/gronatraden\/wp-content\/uploads\/sites\/1520\/2025\/10\/IMG_4274-2048x1536.jpg 2048w\" sizes=\"auto, (max-width: 767px) 89vw, (max-width: 1000px) 54vw, (max-width: 1071px) 543px, 580px\" \/><\/figure>\n\n\n\n<p><strong><a href=\"https:\/\/apps.powerapps.com\/play\/e\/bef19d7e-3a92-4e9e-a782-335fc1dfd336\/a\/6319cad2-3cd2-4223-a13f-45b341952b1b?tenantId=fa1fe8f8-62c5-428a-8034-038bc8a6cf66&amp;hidenavbar=true\" target=\"_blank\" rel=\"noreferrer noopener\">Klicka h\u00e4r f\u00f6r att boka en Soll\u00e5da<\/a><\/strong> <br>(Det \u00e4r samma inneh\u00e5ll i l\u00e5da A, B och C)<\/p>\n<\/div>\n\n\n\n<div class=\"wp-block-column is-layout-flow wp-block-column-is-layout-flow\">\n<figure class=\"wp-block-image size-full\"><img loading=\"lazy\" decoding=\"async\" width=\"788\" height=\"451\" src=\"https:\/\/skola.karlstad.se\/gronatraden\/wp-content\/uploads\/sites\/1520\/2025\/10\/Skarmbild-2025-10-03-133555.png\" alt=\"\" class=\"wp-image-1831\" srcset=\"https:\/\/skola.karlstad.se\/gronatraden\/wp-content\/uploads\/sites\/1520\/2025\/10\/Skarmbild-2025-10-03-133555.png 788w, https:\/\/skola.karlstad.se\/gronatraden\/wp-content\/uploads\/sites\/1520\/2025\/10\/Skarmbild-2025-10-03-133555-300x172.png 300w, https:\/\/skola.karlstad.se\/gronatraden\/wp-content\/uploads\/sites\/1520\/2025\/10\/Skarmbild-2025-10-03-133555-768x440.png 768w\" sizes=\"auto, (max-width: 767px) 89vw, (max-width: 1000px) 54vw, (max-width: 1071px) 543px, 580px\" \/><\/figure>\n\n\n\n<p><\/p>\n\n\n\n<p><strong><a href=\"https:\/\/karlstadskommunonline.sharepoint.com\/:f:\/s\/Laboratoriet168\/EtxJtVV9mrdMjAC5QU72TqMB4KJ-8cg5kh3oeEtLZqX3Ew?e=QkIn92\" target=\"_blank\" rel=\"noreferrer noopener\">Klicka h\u00e4r f\u00f6r \u00f6vningar kopplat till b\u00f6ckerna<\/a><\/strong><\/p>\n<\/div>\n<\/div>\n\n\n\n<p><\/p>\n","protected":false},"excerpt":{"rendered":"<p>Lilla bokbryggan v\u00e4nder sig till barn i \u00e5lder 1 &#8211; 5 \u00e5r och inspirerar till ett lekfullt spr\u00e5karbete. B\u00f6ckerna i \u00e5rets bokbrygga \u00e4r &#8221;I djungeln&#8221; och &#8221;lilla APAN&#8221;. I b\u00f6ckerna finns kopplingar till milj\u00f6 och h\u00e5llbar utveckling. Om man vill ha pedagogiska tips och aktiviteter kopplat till b\u00f6ckerna kan man l\u00e5na en Soll\u00e5da som \u00e4r &hellip; <\/p>\n<p class=\"link-more\"><a href=\"https:\/\/skola.karlstad.se\/gronatraden\/lilla-bokbryggan\/\" class=\"more-link\">Forts\u00e4tt l\u00e4sa<span class=\"screen-reader-text\"> \u201dLilla bokbryggan\u201d<\/span><\/a><\/p>\n","protected":false},"author":3593,"featured_media":0,"parent":0,"menu_order":0,"comment_status":"closed","ping_status":"closed","template":"","meta":{"footnotes":""},"class_list":["post-1177","page","type-page","status-publish","hentry"],"_links":{"self":[{"href":"https:\/\/skola.karlstad.se\/gronatraden\/wp-json\/wp\/v2\/pages\/1177","targetHints":{"allow":["GET"]}}],"collection":[{"href":"https:\/\/skola.karlstad.se\/gronatraden\/wp-json\/wp\/v2\/pages"}],"about":[{"href":"https:\/\/skola.karlstad.se\/gronatraden\/wp-json\/wp\/v2\/types\/page"}],"author":[{"embeddable":true,"href":"https:\/\/skola.karlstad.se\/gronatraden\/wp-json\/wp\/v2\/users\/3593"}],"replies":[{"embeddable":true,"href":"https:\/\/skola.karlstad.se\/gronatraden\/wp-json\/wp\/v2\/comments?post=1177"}],"version-history":[{"count":15,"href":"https:\/\/skola.karlstad.se\/gronatraden\/wp-json\/wp\/v2\/pages\/1177\/revisions"}],"predecessor-version":[{"id":1838,"href":"https:\/\/skola.karlstad.se\/gronatraden\/wp-json\/wp\/v2\/pages\/1177\/revisions\/1838"}],"wp:attachment":[{"href":"https:\/\/skola.karlstad.se\/gronatraden\/wp-json\/wp\/v2\/media?parent=1177"}],"curies":[{"name":"wp","href":"https:\/\/api.w.org\/{rel}","templated":true}]}}