{"id":1339,"date":"2025-01-31T11:44:40","date_gmt":"2025-01-31T10:44:40","guid":{"rendered":"https:\/\/skola.karlstad.se\/gronatraden\/?page_id=1339"},"modified":"2025-02-03T07:55:51","modified_gmt":"2025-02-03T06:55:51","slug":"skogens-dagar-2025","status":"publish","type":"page","link":"https:\/\/skola.karlstad.se\/gronatraden\/skogens-dagar-2025\/","title":{"rendered":"Skogens dagar 2025"},"content":{"rendered":"\n<div class=\"wp-block-columns is-layout-flex wp-container-core-columns-is-layout-9d6595d7 wp-block-columns-is-layout-flex\">\n<div class=\"wp-block-column is-layout-flow wp-block-column-is-layout-flow\" style=\"flex-basis:66.66%\">\n<p>Skogen i Skolan V\u00e4rmland bjuder in elever och pedagoger i \u00e5rskurs 7 och 8 samt studie\u2013 och yrkesv\u00e4gledare till en upplevelsedag i och om skogen. Skogens Dagar \u00e4r kostnadsfritt, arrangeras vartannat \u00e5r och \u00e4r en unik m\u00f6jlighet f\u00f6r elever att uppleva skogen och verksamheter kopplade till denna &#8211; p\u00e5 riktigt. S\u00e5 passa p\u00e5 att anm\u00e4la din klass s\u00e5 snart som m\u00f6jligt d\u00e5 antalet bes\u00f6kare \u00e4r begr\u00e4nsat till 1 000 bes\u00f6kare per dag. Skogens Dagar 2025 \u00e4r den 21-22 maj vid S\u00f6dra Viken, Sunne. <\/p>\n<\/div>\n\n\n\n<div class=\"wp-block-column is-layout-flow wp-block-column-is-layout-flow\" style=\"flex-basis:33.33%\">\n<figure class=\"wp-block-image size-full is-resized\"><img loading=\"lazy\" decoding=\"async\" width=\"301\" height=\"277\" src=\"http:\/\/skola.karlstad.se\/gronatraden\/wp-content\/uploads\/sites\/1520\/2025\/01\/skogen-i-skolan-Varmland.jpg\" alt=\"\" class=\"wp-image-1344\" style=\"width:198px;height:auto\" \/><\/figure>\n<\/div>\n<\/div>\n\n\n\n<p>Skogsindustrin \u00e4r viktig i v\u00e5r region och under dagen kommer eleverna f\u00e5 m\u00f6jlighet att se m\u00e5nga m\u00f6jliga framtida yrken. Det g\u00e5r ocks\u00e5 att koppla inneh\u00e5llet under dagen till m\u00e5nga olika \u00e4mnen i er undervisning. En dag f\u00f6r att st\u00e4rka arbetet med b\u00e5de Framtidsval och Gr\u00f6na tr\u00e5den!<br><br><span style=\"text-decoration: underline\">Aktiviteter<\/span><br>Det kommer att erbjudas ett 20-tal prova-p\u00e5 aktiviteter utomhus. Ni kommer att tr\u00e4ffa akt\u00f6rer med anknytning till skogen s\u00e5 som maskinentrepren\u00f6rer, s\u00e5gverk, pappersbruk, universitet, skogsv\u00e5rdsf\u00f6retag, myndigheter, \u00e4ventyrsf\u00f6retag, innovationsf\u00f6retag och hantverkare.<br><br><span style=\"text-decoration: underline\">Lunch<\/span><br>Vid grillplatserna p\u00e5 omr\u00e5det serveras ni lunch utan kostnad och p\u00e5 er utsatta tid. Viktigt att ni anger behov av specialkost vid anm\u00e4lan. <\/p>\n\n\n\n<p><span style=\"text-decoration: underline\">Busstransport<\/span><br>Kostnadst\u00e4ckning f\u00f6r er busstransport kommer att utg\u00e5 och f\u00e5r faktureras i efterhand.<\/p>\n\n\n\n<p><span style=\"text-decoration: underline\">Anm\u00e4lan<\/span><br>Alla rektorer har f\u00e5tt <a href=\"http:\/\/skola.karlstad.se\/gronatraden\/wp-content\/uploads\/sites\/1520\/2025\/01\/Skogens-Dagar-2025-1.pdf\">denna information <\/a>och anm\u00e4lningsl\u00e4nk. Kontakta er rektor f\u00f6r att se till att ni blir anm\u00e4lda. Vid fr\u00e5gor &#8211; kontakta regionsamordnaren f\u00f6r Skogen i skolan \u2013 Veronica Carlsson Ulff, <a href=\"mailto:skogeniskolan.varmland@gmail.com\">skogeniskolan.varmland@gmail.com<\/a>.<\/p>\n\n\n\n<p>L\u00e4s mer om <a href=\"https:\/\/www.skogeniskolan.se\/\" data-type=\"link\" data-id=\"https:\/\/www.skogeniskolan.se\/\" target=\"_blank\" rel=\"noreferrer noopener\">Skogen i skolan<\/a>. <\/p>\n\n\n\n<p><\/p>\n","protected":false},"excerpt":{"rendered":"<p>Skogen i Skolan V\u00e4rmland bjuder in elever och pedagoger i \u00e5rskurs 7 och 8 samt studie\u2013 och yrkesv\u00e4gledare till en upplevelsedag i och om skogen. Skogens Dagar \u00e4r kostnadsfritt, arrangeras vartannat \u00e5r och \u00e4r en unik m\u00f6jlighet f\u00f6r elever att uppleva skogen och verksamheter kopplade till denna &#8211; p\u00e5 riktigt. S\u00e5 passa p\u00e5 att anm\u00e4la &hellip; <\/p>\n<p class=\"link-more\"><a href=\"https:\/\/skola.karlstad.se\/gronatraden\/skogens-dagar-2025\/\" class=\"more-link\">Forts\u00e4tt l\u00e4sa<span class=\"screen-reader-text\"> \u201dSkogens dagar 2025\u201d<\/span><\/a><\/p>\n","protected":false},"author":42,"featured_media":0,"parent":0,"menu_order":0,"comment_status":"closed","ping_status":"closed","template":"","meta":{"footnotes":""},"class_list":["post-1339","page","type-page","status-publish","hentry"],"_links":{"self":[{"href":"https:\/\/skola.karlstad.se\/gronatraden\/wp-json\/wp\/v2\/pages\/1339","targetHints":{"allow":["GET"]}}],"collection":[{"href":"https:\/\/skola.karlstad.se\/gronatraden\/wp-json\/wp\/v2\/pages"}],"about":[{"href":"https:\/\/skola.karlstad.se\/gronatraden\/wp-json\/wp\/v2\/types\/page"}],"author":[{"embeddable":true,"href":"https:\/\/skola.karlstad.se\/gronatraden\/wp-json\/wp\/v2\/users\/42"}],"replies":[{"embeddable":true,"href":"https:\/\/skola.karlstad.se\/gronatraden\/wp-json\/wp\/v2\/comments?post=1339"}],"version-history":[{"count":5,"href":"https:\/\/skola.karlstad.se\/gronatraden\/wp-json\/wp\/v2\/pages\/1339\/revisions"}],"predecessor-version":[{"id":1351,"href":"https:\/\/skola.karlstad.se\/gronatraden\/wp-json\/wp\/v2\/pages\/1339\/revisions\/1351"}],"wp:attachment":[{"href":"https:\/\/skola.karlstad.se\/gronatraden\/wp-json\/wp\/v2\/media?parent=1339"}],"curies":[{"name":"wp","href":"https:\/\/api.w.org\/{rel}","templated":true}]}}