{"id":1435,"date":"2025-03-07T10:43:27","date_gmt":"2025-03-07T09:43:27","guid":{"rendered":"https:\/\/skola.karlstad.se\/gronatraden\/?page_id=1435"},"modified":"2026-02-03T12:06:30","modified_gmt":"2026-02-03T11:06:30","slug":"material","status":"publish","type":"page","link":"https:\/\/skola.karlstad.se\/gronatraden\/material\/","title":{"rendered":"Material"},"content":{"rendered":"\n<p>Genom projektet Gr\u00f6na tr\u00e5den erbjuds material och fortbildning f\u00f6r l\u00e4rare och annan personal i f\u00f6rskola och skola. Syftet \u00e4r att st\u00e4rka undervisningen i milj\u00f6, klimat och h\u00e5llbar utveckling.<\/p>\n\n\n\n<div class=\"wp-block-columns is-layout-flex wp-container-core-columns-is-layout-9d6595d7 wp-block-columns-is-layout-flex\">\n<div class=\"wp-block-column is-layout-flow wp-block-column-is-layout-flow\">\n<figure class=\"wp-block-image size-full is-resized\"><a href=\"https:\/\/skola.karlstad.se\/gronatraden\/natur-i-var-narmiljo\/\"><img loading=\"lazy\" decoding=\"async\" width=\"717\" height=\"564\" src=\"https:\/\/skola.karlstad.se\/gronatraden\/wp-content\/uploads\/sites\/1520\/2025\/03\/Lada2.jpg\" alt=\"\" class=\"wp-image-1476\" style=\"width:275px;height:auto\" srcset=\"https:\/\/skola.karlstad.se\/gronatraden\/wp-content\/uploads\/sites\/1520\/2025\/03\/Lada2.jpg 717w, https:\/\/skola.karlstad.se\/gronatraden\/wp-content\/uploads\/sites\/1520\/2025\/03\/Lada2-300x236.jpg 300w\" sizes=\"auto, (max-width: 717px) 100vw, 717px\" \/><\/a><\/figure>\n\n\n\n<p><a href=\"https:\/\/skola.karlstad.se\/gronatraden\/natur-i-var-narmiljo\/\"><strong>Natur i v\u00e5r n\u00e4rmilj\u00f6 f\u00f6r f\u00f6rskolan <\/strong><br>Undervisningsmaterial &amp; inspirationstillf\u00e4llen.<\/a><\/p>\n<\/div>\n\n\n\n<div class=\"wp-block-column is-layout-flow wp-block-column-is-layout-flow\">\n<figure class=\"wp-block-image size-full is-resized\"><a href=\"https:\/\/skola.karlstad.se\/gronatraden\/natur-i-var-narmiljo-skola\/\"><img loading=\"lazy\" decoding=\"async\" width=\"717\" height=\"564\" src=\"https:\/\/skola.karlstad.se\/gronatraden\/wp-content\/uploads\/sites\/1520\/2025\/03\/Lada2.jpg\" alt=\"\" class=\"wp-image-1476\" style=\"width:275px;height:auto\" srcset=\"https:\/\/skola.karlstad.se\/gronatraden\/wp-content\/uploads\/sites\/1520\/2025\/03\/Lada2.jpg 717w, https:\/\/skola.karlstad.se\/gronatraden\/wp-content\/uploads\/sites\/1520\/2025\/03\/Lada2-300x236.jpg 300w\" sizes=\"auto, (max-width: 717px) 100vw, 717px\" \/><\/a><\/figure>\n\n\n\n<p><a href=\"https:\/\/skola.karlstad.se\/gronatraden\/natur-i-var-narmiljo-skola\/\"><strong>Natur i v\u00e5r n\u00e4rmilj\u00f6 f\u00f6r F &#8211; \u00e5k 6 &amp; AG<\/strong><br>Undervisningsmaterial &amp; inspirationstillf\u00e4llen.<\/a><\/p>\n<\/div>\n<\/div>\n\n\n\n<div class=\"wp-block-columns is-layout-flex wp-container-core-columns-is-layout-9d6595d7 wp-block-columns-is-layout-flex\">\n<div class=\"wp-block-column is-layout-flow wp-block-column-is-layout-flow\">\n<figure class=\"wp-block-image size-full is-resized\"><a href=\"https:\/\/skola.karlstad.se\/gronatraden\/actions-for-insects\/\"><img loading=\"lazy\" decoding=\"async\" width=\"800\" height=\"529\" src=\"https:\/\/skola.karlstad.se\/gronatraden\/wp-content\/uploads\/sites\/1520\/2024\/04\/actions-for-insects3-1.jpeg\" alt=\"\" class=\"wp-image-156\" style=\"width:319px;height:auto\" srcset=\"https:\/\/skola.karlstad.se\/gronatraden\/wp-content\/uploads\/sites\/1520\/2024\/04\/actions-for-insects3-1.jpeg 800w, https:\/\/skola.karlstad.se\/gronatraden\/wp-content\/uploads\/sites\/1520\/2024\/04\/actions-for-insects3-1-300x198.jpeg 300w, https:\/\/skola.karlstad.se\/gronatraden\/wp-content\/uploads\/sites\/1520\/2024\/04\/actions-for-insects3-1-768x508.jpeg 768w\" sizes=\"auto, (max-width: 767px) 89vw, (max-width: 1000px) 54vw, (max-width: 1071px) 543px, 580px\" \/><\/a><\/figure>\n\n\n\n<p><a href=\"https:\/\/skola.karlstad.se\/gronatraden\/actions-for-insects\/\"><strong>Actions for Insects<\/strong><br>Utbildningsmaterial f\u00f6r \u00e5k 7 &#8211; 9 &amp; AG<\/a>  <\/p>\n<\/div>\n\n\n\n<div class=\"wp-block-column is-layout-flow wp-block-column-is-layout-flow\">\n<p><\/p>\n<\/div>\n<\/div>\n\n\n\n<p>Vill ni veta mer om v\u00e5rt utbildningsutbud inom undervisning i milj\u00f6, klimat och h\u00e5llbar utveckling? Kontakta <a href=\"mailto:gronatraden@karlstad.se\">gronatraden@karlstad.se<\/a>!<\/p>\n\n\n\n<p>M\u00e5nga organisationer och andra akt\u00f6rer erbjuder ocks\u00e5 fortbildningsmaterial om h\u00e5llbar utveckling. Se under rubriken &#8221;Utbildningsmaterial&#8221; p\u00e5<a href=\"https:\/\/skola.karlstad.se\/gronatraden\/tips-och-lankar\/\"> denna sida f\u00f6r mer inspiration<\/a>! <\/p>\n\n\n\n<p>Tidigare fortbildningssatsningar:<\/p>\n\n\n\n<ul class=\"wp-block-list\">\n<li><a href=\"https:\/\/skola.karlstad.se\/gronatraden\/studiebesok-och-fortbildning-for-pedagoger\/\">Studiebes\u00f6k och fortbildning f\u00f6r pedagoger vt 2025<\/a><\/li>\n\n\n\n<li><a href=\"https:\/\/skola.karlstad.se\/gronatraden\/studiebesok-pa-reningsverket-for-pedagoger\/\" data-type=\"link\" data-id=\"https:\/\/skola.karlstad.se\/gronatraden\/studiebesok-och-fortbildning-for-pedagoger\/\">Studiebes\u00f6k p\u00e5 reningsverket f\u00f6r pedagoger september 2025 <\/a><\/li>\n<\/ul>\n","protected":false},"excerpt":{"rendered":"<p>Genom projektet Gr\u00f6na tr\u00e5den erbjuds material och fortbildning f\u00f6r l\u00e4rare och annan personal i f\u00f6rskola och skola. Syftet \u00e4r att st\u00e4rka undervisningen i milj\u00f6, klimat och h\u00e5llbar utveckling. Natur i v\u00e5r n\u00e4rmilj\u00f6 f\u00f6r f\u00f6rskolan Undervisningsmaterial &amp; inspirationstillf\u00e4llen. Natur i v\u00e5r n\u00e4rmilj\u00f6 f\u00f6r F &#8211; \u00e5k 6 &amp; AGUndervisningsmaterial &amp; inspirationstillf\u00e4llen. Actions for InsectsUtbildningsmaterial f\u00f6r \u00e5k &hellip; <\/p>\n<p class=\"link-more\"><a href=\"https:\/\/skola.karlstad.se\/gronatraden\/material\/\" class=\"more-link\">Forts\u00e4tt l\u00e4sa<span class=\"screen-reader-text\"> \u201dMaterial\u201d<\/span><\/a><\/p>\n","protected":false},"author":42,"featured_media":0,"parent":0,"menu_order":0,"comment_status":"closed","ping_status":"closed","template":"","meta":{"footnotes":""},"class_list":["post-1435","page","type-page","status-publish","hentry"],"_links":{"self":[{"href":"https:\/\/skola.karlstad.se\/gronatraden\/wp-json\/wp\/v2\/pages\/1435","targetHints":{"allow":["GET"]}}],"collection":[{"href":"https:\/\/skola.karlstad.se\/gronatraden\/wp-json\/wp\/v2\/pages"}],"about":[{"href":"https:\/\/skola.karlstad.se\/gronatraden\/wp-json\/wp\/v2\/types\/page"}],"author":[{"embeddable":true,"href":"https:\/\/skola.karlstad.se\/gronatraden\/wp-json\/wp\/v2\/users\/42"}],"replies":[{"embeddable":true,"href":"https:\/\/skola.karlstad.se\/gronatraden\/wp-json\/wp\/v2\/comments?post=1435"}],"version-history":[{"count":28,"href":"https:\/\/skola.karlstad.se\/gronatraden\/wp-json\/wp\/v2\/pages\/1435\/revisions"}],"predecessor-version":[{"id":1985,"href":"https:\/\/skola.karlstad.se\/gronatraden\/wp-json\/wp\/v2\/pages\/1435\/revisions\/1985"}],"wp:attachment":[{"href":"https:\/\/skola.karlstad.se\/gronatraden\/wp-json\/wp\/v2\/media?parent=1435"}],"curies":[{"name":"wp","href":"https:\/\/api.w.org\/{rel}","templated":true}]}}