{"id":266,"date":"2024-04-24T14:41:44","date_gmt":"2024-04-24T12:41:44","guid":{"rendered":"https:\/\/skola.karlstad.se\/gronatraden\/?page_id=266"},"modified":"2024-05-02T12:00:07","modified_gmt":"2024-05-02T10:00:07","slug":"slojdnatverket","status":"publish","type":"page","link":"https:\/\/skola.karlstad.se\/gronatraden\/slojdnatverket\/","title":{"rendered":"Sl\u00f6jdn\u00e4tverket"},"content":{"rendered":"\n<figure class=\"wp-block-image size-full\"><img loading=\"lazy\" decoding=\"async\" width=\"768\" height=\"441\" src=\"https:\/\/skola.karlstad.se\/gronatraden\/wp-content\/uploads\/sites\/1520\/2024\/05\/Slojd1.jpg\" alt=\"\" class=\"wp-image-410\" srcset=\"https:\/\/skola.karlstad.se\/gronatraden\/wp-content\/uploads\/sites\/1520\/2024\/05\/Slojd1.jpg 768w, https:\/\/skola.karlstad.se\/gronatraden\/wp-content\/uploads\/sites\/1520\/2024\/05\/Slojd1-300x172.jpg 300w\" sizes=\"auto, (max-width: 767px) 89vw, (max-width: 1000px) 54vw, (max-width: 1071px) 543px, 580px\" \/><\/figure>\n\n\n\n<p>Under 2024 &#8211; 2025 kommer Karlstads kommun att ha ett \u00f6kat fokus p\u00e5 h\u00e5llbarhet och milj\u00f6nytta i sl\u00f6jden. Initiativet startade utifr\u00e5n Elevborgarr\u00e5dets f\u00f6rslag &#8221;Skapa milj\u00f6nytta i sl\u00f6jden&#8221; och &#8221;Inf\u00f6r \u00e5terbruk p\u00e5 schemat&#8221;. Genom ett sl\u00f6jdn\u00e4tverk tr\u00e4ffas sl\u00f6jdl\u00e4rarna  och diskuterar arbetet med h\u00e5llbarhet kopplat till sl\u00f6jd.  <br><br>Genom projektet har l\u00e4rarna f\u00e5tt tillg\u00e5ng till sitt eget sl\u00f6jd\u00e5terbruk, d\u00e4r de kan h\u00e4mta \u00e5terbruksmaterial till sin undervisning. Sl\u00f6jd\u00e5terbruket m\u00f6jligg\u00f6rs i samarbete med Sola returen, Sola bygg\u00e5terbruk och KBAB. <\/p>\n","protected":false},"excerpt":{"rendered":"<p>Under 2024 &#8211; 2025 kommer Karlstads kommun att ha ett \u00f6kat fokus p\u00e5 h\u00e5llbarhet och milj\u00f6nytta i sl\u00f6jden. Initiativet startade utifr\u00e5n Elevborgarr\u00e5dets f\u00f6rslag &#8221;Skapa milj\u00f6nytta i sl\u00f6jden&#8221; och &#8221;Inf\u00f6r \u00e5terbruk p\u00e5 schemat&#8221;. Genom ett sl\u00f6jdn\u00e4tverk tr\u00e4ffas sl\u00f6jdl\u00e4rarna och diskuterar arbetet med h\u00e5llbarhet kopplat till sl\u00f6jd. Genom projektet har l\u00e4rarna f\u00e5tt tillg\u00e5ng till sitt eget sl\u00f6jd\u00e5terbruk, &hellip; <\/p>\n<p class=\"link-more\"><a href=\"https:\/\/skola.karlstad.se\/gronatraden\/slojdnatverket\/\" class=\"more-link\">Forts\u00e4tt l\u00e4sa<span class=\"screen-reader-text\"> \u201dSl\u00f6jdn\u00e4tverket\u201d<\/span><\/a><\/p>\n","protected":false},"author":3593,"featured_media":0,"parent":0,"menu_order":0,"comment_status":"closed","ping_status":"closed","template":"","meta":{"footnotes":""},"class_list":["post-266","page","type-page","status-publish","hentry"],"_links":{"self":[{"href":"https:\/\/skola.karlstad.se\/gronatraden\/wp-json\/wp\/v2\/pages\/266","targetHints":{"allow":["GET"]}}],"collection":[{"href":"https:\/\/skola.karlstad.se\/gronatraden\/wp-json\/wp\/v2\/pages"}],"about":[{"href":"https:\/\/skola.karlstad.se\/gronatraden\/wp-json\/wp\/v2\/types\/page"}],"author":[{"embeddable":true,"href":"https:\/\/skola.karlstad.se\/gronatraden\/wp-json\/wp\/v2\/users\/3593"}],"replies":[{"embeddable":true,"href":"https:\/\/skola.karlstad.se\/gronatraden\/wp-json\/wp\/v2\/comments?post=266"}],"version-history":[{"count":2,"href":"https:\/\/skola.karlstad.se\/gronatraden\/wp-json\/wp\/v2\/pages\/266\/revisions"}],"predecessor-version":[{"id":411,"href":"https:\/\/skola.karlstad.se\/gronatraden\/wp-json\/wp\/v2\/pages\/266\/revisions\/411"}],"wp:attachment":[{"href":"https:\/\/skola.karlstad.se\/gronatraden\/wp-json\/wp\/v2\/media?parent=266"}],"curies":[{"name":"wp","href":"https:\/\/api.w.org\/{rel}","templated":true}]}}