{"id":34,"date":"2024-04-09T12:05:26","date_gmt":"2024-04-09T10:05:26","guid":{"rendered":"https:\/\/skola.karlstad.se\/gronatraden\/?page_id=34"},"modified":"2025-10-10T13:59:03","modified_gmt":"2025-10-10T11:59:03","slug":"om-projektet","status":"publish","type":"page","link":"https:\/\/skola.karlstad.se\/gronatraden\/om-projektet\/","title":{"rendered":"Om projektet"},"content":{"rendered":"\n<figure class=\"wp-block-image size-large\"><a href=\"https:\/\/api.screen9.com\/preview\/4aRYW6n-MLl9sW49HfmYsdprhViu5OBUEcuuSe3YYazwX31sxMOZssZ1uUEGb2sP\" target=\"_blank\" rel=\" noreferrer noopener\"><img loading=\"lazy\" decoding=\"async\" width=\"1024\" height=\"545\" src=\"https:\/\/skola.karlstad.se\/gronatraden\/wp-content\/uploads\/sites\/1520\/2025\/10\/Grona-traden-film-1024x545.png\" alt=\"\" class=\"wp-image-1861\" srcset=\"https:\/\/skola.karlstad.se\/gronatraden\/wp-content\/uploads\/sites\/1520\/2025\/10\/Grona-traden-film-1024x545.png 1024w, https:\/\/skola.karlstad.se\/gronatraden\/wp-content\/uploads\/sites\/1520\/2025\/10\/Grona-traden-film-300x160.png 300w, https:\/\/skola.karlstad.se\/gronatraden\/wp-content\/uploads\/sites\/1520\/2025\/10\/Grona-traden-film-768x409.png 768w, https:\/\/skola.karlstad.se\/gronatraden\/wp-content\/uploads\/sites\/1520\/2025\/10\/Grona-traden-film-1536x818.png 1536w, https:\/\/skola.karlstad.se\/gronatraden\/wp-content\/uploads\/sites\/1520\/2025\/10\/Grona-traden-film.png 1703w\" sizes=\"auto, (max-width: 767px) 89vw, (max-width: 1000px) 54vw, (max-width: 1071px) 543px, 580px\" \/><\/a><\/figure>\n\n\n\n<p>Gr\u00f6na tr\u00e5den \u00e4r utbildningssatsning inom klimat, milj\u00f6 och h\u00e5llbarhet fr\u00e5n f\u00f6rskola upp till \u00e5rskurs 9 i Karlstads kommun. Inom arbetet med Gr\u00f6na tr\u00e5den s\u00e5 arbetar vi utifr\u00e5n de tre h\u00e5llbarhetsaspekterna (milj\u00f6m\u00e4ssig, ekonomisk och social h\u00e5llbarhet) och belyser utmaningar utifr\u00e5n olika perspektiv d\u00e4r barn och eleverna sj\u00e4lva f\u00e5r anv\u00e4nda sin kreativitet f\u00f6r att komma med l\u00f6sningar. P\u00e5 s\u00e5 s\u00e4tt tr\u00e4nar de f\u00f6rm\u00e5gan att bem\u00f6ta sv\u00e5ra utmaningar och \u00f6kar sin handlingskompetens och framtidstro. <br><br>Pedagoger och l\u00e4rare kommer att f\u00e5 tillg\u00e5ng till ett sm\u00f6rg\u00e5sbord av verktyg som kan anv\u00e4ndas i utbildning kopplat till milj\u00f6, klimat och h\u00e5llbar utveckling. Genom Gr\u00f6na tr\u00e5den kommer vi att erbjuda studiebes\u00f6k, skarpa uppdrag, utbildningsmaterial, aktiviteter, n\u00e4tverkstr\u00e4ffar och utbildningstillf\u00e4llen.<\/p>\n\n\n\n<div class=\"wp-block-columns is-layout-flex wp-container-core-columns-is-layout-9d6595d7 wp-block-columns-is-layout-flex\">\n<div class=\"wp-block-column is-layout-flow wp-block-column-is-layout-flow\">\n<figure class=\"wp-block-image size-large\"><img loading=\"lazy\" decoding=\"async\" width=\"1024\" height=\"738\" src=\"https:\/\/skola.karlstad.se\/gronatraden\/wp-content\/uploads\/sites\/1520\/2024\/05\/Naturskolan-5-1-1024x738.jpg\" alt=\"\" class=\"wp-image-416\" srcset=\"https:\/\/skola.karlstad.se\/gronatraden\/wp-content\/uploads\/sites\/1520\/2024\/05\/Naturskolan-5-1-1024x738.jpg 1024w, https:\/\/skola.karlstad.se\/gronatraden\/wp-content\/uploads\/sites\/1520\/2024\/05\/Naturskolan-5-1-300x216.jpg 300w, https:\/\/skola.karlstad.se\/gronatraden\/wp-content\/uploads\/sites\/1520\/2024\/05\/Naturskolan-5-1-768x553.jpg 768w, https:\/\/skola.karlstad.se\/gronatraden\/wp-content\/uploads\/sites\/1520\/2024\/05\/Naturskolan-5-1-1536x1107.jpg 1536w, https:\/\/skola.karlstad.se\/gronatraden\/wp-content\/uploads\/sites\/1520\/2024\/05\/Naturskolan-5-1.jpg 1797w\" sizes=\"auto, (max-width: 767px) 89vw, (max-width: 1000px) 54vw, (max-width: 1071px) 543px, 580px\" \/><\/figure>\n\n\n\n<p><strong>Naturskolan<\/strong><br>Karlstads Naturskola har i \u00f6ver 30 \u00e5r arbetat f\u00f6r att st\u00e4rka det utomhusbaserade l\u00e4randet. Ett tydligt m\u00e5l med verksamheten \u00e4r att fr\u00e4mja h\u00e5llbar utveckling. De erfarenheter och den kompetens som finns hos Naturskolan tas tillvara i Gr\u00f6na tr\u00e5den och en m\u00e5ls\u00e4ttning \u00e4r att \u00e4nnu fler pedagoger i f\u00f6rskola och skola ska f\u00e5 ta del av det.<\/p>\n<\/div>\n\n\n\n<div class=\"wp-block-column is-layout-flow wp-block-column-is-layout-flow\">\n<figure class=\"wp-block-image size-full\"><a href=\"https:\/\/skola.karlstad.se\/nta\/\" target=\"_blank\" rel=\"noreferrer noopener\"><img loading=\"lazy\" decoding=\"async\" width=\"602\" height=\"434\" src=\"https:\/\/skola.karlstad.se\/gronatraden\/wp-content\/uploads\/sites\/1520\/2024\/04\/NTA2-1.jpg\" alt=\"\" class=\"wp-image-386\" srcset=\"https:\/\/skola.karlstad.se\/gronatraden\/wp-content\/uploads\/sites\/1520\/2024\/04\/NTA2-1.jpg 602w, https:\/\/skola.karlstad.se\/gronatraden\/wp-content\/uploads\/sites\/1520\/2024\/04\/NTA2-1-300x216.jpg 300w\" sizes=\"auto, (max-width: 602px) 100vw, 602px\" \/><\/a><\/figure>\n\n\n\n<p><a href=\"https:\/\/skola.karlstad.se\/nta\/\" data-type=\"link\" data-id=\"https:\/\/skola.karlstad.se\/nta\/\" target=\"_blank\" rel=\"noreferrer noopener\"><strong>NTA (Naturvetenskap och teknik f\u00f6r alla)<br><\/strong><\/a>Karlstads kommun \u00e4r medlem i skolutvecklingsprogrammet NTA. Genom NTA f\u00e5r barn &amp; elever m\u00f6ta NO, teknik &amp; matematik p\u00e5 ett lustfyllt s\u00e4tt. NTA bygger p\u00e5 ett unders\u00f6kande arbetss\u00e4tt &amp; h\u00e5llbar utveckling finns med som en r\u00f6d tr\u00e5d. Gr\u00f6na tr\u00e5den arbetar f\u00f6r att tydligg\u00f6ra inneh\u00e5llet i NTA som ber\u00f6r milj\u00f6, klimat och h\u00e5llbar utveckling. <\/p>\n<\/div>\n<\/div>\n\n\n\n<p>Projektet har m\u00f6jliggjorts genom en investering av Ljungbergsfonden.<\/p>\n\n\n\n<div class=\"wp-block-columns is-layout-flex wp-container-core-columns-is-layout-9d6595d7 wp-block-columns-is-layout-flex\">\n<div class=\"wp-block-column is-layout-flow wp-block-column-is-layout-flow\">\n<figure class=\"wp-block-image size-full\"><a href=\"https:\/\/karlstadskommunonline.sharepoint.com\/:p:\/s\/Laboratoriet168\/EeVKnulDqr1LpgdOyXqsJHQBUkgqGGZN8DnrBmneiSQdCQ?e=UGGRlR\"><img loading=\"lazy\" decoding=\"async\" width=\"986\" height=\"553\" src=\"https:\/\/skola.karlstad.se\/gronatraden\/wp-content\/uploads\/sites\/1520\/2024\/05\/APT-presentation.jpg\" alt=\"\" class=\"wp-image-454\" srcset=\"https:\/\/skola.karlstad.se\/gronatraden\/wp-content\/uploads\/sites\/1520\/2024\/05\/APT-presentation.jpg 986w, https:\/\/skola.karlstad.se\/gronatraden\/wp-content\/uploads\/sites\/1520\/2024\/05\/APT-presentation-300x168.jpg 300w, https:\/\/skola.karlstad.se\/gronatraden\/wp-content\/uploads\/sites\/1520\/2024\/05\/APT-presentation-768x431.jpg 768w\" sizes=\"auto, (max-width: 767px) 89vw, (max-width: 1000px) 54vw, (max-width: 1071px) 543px, 580px\" \/><\/a><\/figure>\n\n\n\n<p><a href=\"https:\/\/karlstadskommunonline.sharepoint.com\/:p:\/s\/Laboratoriet168\/EeVKnulDqr1LpgdOyXqsJHQBUkgqGGZN8DnrBmneiSQdCQ?e=UGGRlR\" data-type=\"link\" data-id=\"https:\/\/karlstadskommunonline.sharepoint.com\/:p:\/s\/Laboratoriet168\/EeVKnulDqr1LpgdOyXqsJHQBUkgqGGZN8DnrBmneiSQdCQ?e=UGGRlR\"><strong>Kort presentation om Gr\u00f6na tr\u00e5den<\/strong><br>H\u00e4r finns en presentation som ni f\u00e5r nyttja fritt. <\/a><\/p>\n<\/div>\n\n\n\n<div class=\"wp-block-column is-layout-flow wp-block-column-is-layout-flow\"><\/div>\n\n\n\n<div class=\"wp-block-column is-layout-flow wp-block-column-is-layout-flow\"><\/div>\n<\/div>\n\n\n\n<p><strong>Kontakt<\/strong><br>Email: <a href=\"mailto:gronatraden@karlstad.se\">gronatraden@karlstad.se<\/a><br>Telefon: 054 540 31 79<br>Adress: Kolvgatan 3, Karlstad<\/p>\n","protected":false},"excerpt":{"rendered":"<p>Gr\u00f6na tr\u00e5den \u00e4r utbildningssatsning inom klimat, milj\u00f6 och h\u00e5llbarhet fr\u00e5n f\u00f6rskola upp till \u00e5rskurs 9 i Karlstads kommun. Inom arbetet med Gr\u00f6na tr\u00e5den s\u00e5 arbetar vi utifr\u00e5n de tre h\u00e5llbarhetsaspekterna (milj\u00f6m\u00e4ssig, ekonomisk och social h\u00e5llbarhet) och belyser utmaningar utifr\u00e5n olika perspektiv d\u00e4r barn och eleverna sj\u00e4lva f\u00e5r anv\u00e4nda sin kreativitet f\u00f6r att komma med l\u00f6sningar. &hellip; <\/p>\n<p class=\"link-more\"><a href=\"https:\/\/skola.karlstad.se\/gronatraden\/om-projektet\/\" class=\"more-link\">Forts\u00e4tt l\u00e4sa<span class=\"screen-reader-text\"> \u201dOm projektet\u201d<\/span><\/a><\/p>\n","protected":false},"author":3593,"featured_media":0,"parent":0,"menu_order":0,"comment_status":"closed","ping_status":"closed","template":"","meta":{"footnotes":""},"class_list":["post-34","page","type-page","status-publish","hentry"],"_links":{"self":[{"href":"https:\/\/skola.karlstad.se\/gronatraden\/wp-json\/wp\/v2\/pages\/34","targetHints":{"allow":["GET"]}}],"collection":[{"href":"https:\/\/skola.karlstad.se\/gronatraden\/wp-json\/wp\/v2\/pages"}],"about":[{"href":"https:\/\/skola.karlstad.se\/gronatraden\/wp-json\/wp\/v2\/types\/page"}],"author":[{"embeddable":true,"href":"https:\/\/skola.karlstad.se\/gronatraden\/wp-json\/wp\/v2\/users\/3593"}],"replies":[{"embeddable":true,"href":"https:\/\/skola.karlstad.se\/gronatraden\/wp-json\/wp\/v2\/comments?post=34"}],"version-history":[{"count":27,"href":"https:\/\/skola.karlstad.se\/gronatraden\/wp-json\/wp\/v2\/pages\/34\/revisions"}],"predecessor-version":[{"id":1863,"href":"https:\/\/skola.karlstad.se\/gronatraden\/wp-json\/wp\/v2\/pages\/34\/revisions\/1863"}],"wp:attachment":[{"href":"https:\/\/skola.karlstad.se\/gronatraden\/wp-json\/wp\/v2\/media?parent=34"}],"curies":[{"name":"wp","href":"https:\/\/api.w.org\/{rel}","templated":true}]}}