{"id":723,"date":"2024-05-29T09:39:56","date_gmt":"2024-05-29T07:39:56","guid":{"rendered":"https:\/\/skola.karlstad.se\/gronatraden\/?page_id=723"},"modified":"2024-10-28T15:28:58","modified_gmt":"2024-10-28T14:28:58","slug":"prylfixarna-en-utmaning-for-ak-2-3","status":"publish","type":"page","link":"https:\/\/skola.karlstad.se\/gronatraden\/prylfixarna-en-utmaning-for-ak-2-3\/","title":{"rendered":"Prylfixarna, en kreativ utmaning f\u00f6r \u00e5k 2 \u2013 3!"},"content":{"rendered":"\n<figure class=\"wp-block-image size-full\"><img loading=\"lazy\" decoding=\"async\" width=\"1202\" height=\"597\" src=\"https:\/\/skola.karlstad.se\/gronatraden\/wp-content\/uploads\/sites\/1520\/2024\/10\/prylfixarna-topbild2-lang-1.jpg\" alt=\"\" class=\"wp-image-1286\" srcset=\"https:\/\/skola.karlstad.se\/gronatraden\/wp-content\/uploads\/sites\/1520\/2024\/10\/prylfixarna-topbild2-lang-1.jpg 1202w, https:\/\/skola.karlstad.se\/gronatraden\/wp-content\/uploads\/sites\/1520\/2024\/10\/prylfixarna-topbild2-lang-1-300x149.jpg 300w, https:\/\/skola.karlstad.se\/gronatraden\/wp-content\/uploads\/sites\/1520\/2024\/10\/prylfixarna-topbild2-lang-1-1024x509.jpg 1024w, https:\/\/skola.karlstad.se\/gronatraden\/wp-content\/uploads\/sites\/1520\/2024\/10\/prylfixarna-topbild2-lang-1-768x381.jpg 768w\" sizes=\"auto, (max-width: 767px) 89vw, (max-width: 1000px) 54vw, (max-width: 1071px) 543px, 580px\" \/><\/figure>\n\n\n\n<p><strong>I t\u00e4vlingen Prylfixarna skapade cirka 800 elever fr\u00e5n Karlstads kommunala grundskolor innovationer kring \u00e5terbruk. 16 vinnande bidrag blev en utst\u00e4llning p\u00e5 Naturum V\u00e4rmland i Mariebergsskogen.<\/strong><\/p>\n\n\n\n<p>Under h\u00f6sten har elever fr\u00e5n \u00e5rskurs tv\u00e5 och tre f\u00e5tt fundera ut tv\u00e5 gamla saker de vill \u00e5teranv\u00e4nda och kombinerat dessa till en helt ny sak. <\/p>\n\n\n\n<p>Varje dag sl\u00e4ngs en massa prylar och folk v\u00e4ljer att k\u00f6pa nytt. Vi beh\u00f6ver bli b\u00e4ttre p\u00e5 att \u00e5teranv\u00e4nda och f\u00e5 in tankes\u00e4ttet att prylar kan f\u00e5 nytt liv med lite uppfinningsrikedom. D\u00e4rf\u00f6r vill vi uppmuntra elever att t\u00e4nka fritt, stort och fantasifullt. Vad kan man skapa f\u00f6r nyttig ny pryl genom att s\u00e4tta ihop tv\u00e5 gamla grejer?<\/p>\n\n\n\n<p>H\u00e4r lyftes elevernas id\u00e9er fram, de jobbade med Globala m\u00e5len, samtidigt som deras entrepren\u00f6riella f\u00f6rm\u00e5gor utvecklas; kreativitet, samarbete, probleml\u00f6sning och att skapa v\u00e4rde f\u00f6r andra.&nbsp;<\/p>\n\n\n\n<p><a href=\"https:\/\/www.framtidsfron.se\/2024\/10\/25\/uppvisning-av-kreativa-aterbruksuppfinningar\/\" data-type=\"link\" data-id=\"https:\/\/www.framtidsfron.se\/2024\/10\/25\/uppvisning-av-kreativa-aterbruksuppfinningar\/\" target=\"_blank\" rel=\"noreferrer noopener\"><strong>L\u00e4s mer h\u00e4r!<\/strong> &#8211; Artikel om initiativet<\/a><\/p>\n\n\n\n<div class=\"wp-block-columns is-layout-flex wp-container-core-columns-is-layout-9d6595d7 wp-block-columns-is-layout-flex\">\n<div class=\"wp-block-column is-layout-flow wp-block-column-is-layout-flow\">\n<figure class=\"wp-block-image size-large\"><a href=\"https:\/\/www.dropbox.com\/scl\/fi\/0ifw3elktvpxovb5m0f72\/Prylfixarna-kickoff-film-v.40.mp4?rlkey=8z3e3jgnx1fqqx6wk89lz1bm0&amp;e=1&amp;dl=0\" target=\"_blank\" rel=\"noreferrer noopener\"><img loading=\"lazy\" decoding=\"async\" width=\"1001\" height=\"668\" src=\"https:\/\/skola.karlstad.se\/gronatraden\/wp-content\/uploads\/sites\/1520\/2024\/10\/Film-1-edited.jpg\" alt=\"\" class=\"wp-image-1283\" srcset=\"https:\/\/skola.karlstad.se\/gronatraden\/wp-content\/uploads\/sites\/1520\/2024\/10\/Film-1-edited.jpg 1001w, https:\/\/skola.karlstad.se\/gronatraden\/wp-content\/uploads\/sites\/1520\/2024\/10\/Film-1-edited-300x200.jpg 300w, https:\/\/skola.karlstad.se\/gronatraden\/wp-content\/uploads\/sites\/1520\/2024\/10\/Film-1-edited-768x513.jpg 768w\" sizes=\"auto, (max-width: 767px) 89vw, (max-width: 1000px) 54vw, (max-width: 1071px) 543px, 580px\" \/><\/a><\/figure>\n\n\n\n<p><strong><a href=\"https:\/\/www.dropbox.com\/scl\/fi\/0ifw3elktvpxovb5m0f72\/Prylfixarna-kickoff-film-v.40.mp4?rlkey=8z3e3jgnx1fqqx6wk89lz1bm0&amp;e=1&amp;dl=0\" data-type=\"link\" data-id=\"https:\/\/www.dropbox.com\/scl\/fi\/0ifw3elktvpxovb5m0f72\/Prylfixarna-kickoff-film-v.40.mp4?rlkey=8z3e3jgnx1fqqx6wk89lz1bm0&amp;e=1&amp;dl=0\" target=\"_blank\" rel=\"noreferrer noopener\">Se inspirationsfilmen fr\u00e5n utmaningen! <\/a><\/strong><\/p>\n<\/div>\n\n\n\n<div class=\"wp-block-column is-layout-flow wp-block-column-is-layout-flow\"><\/div>\n<\/div>\n\n\n\n<p>Aktiviteten arrangeras av Framtidsfr\u00f6n och Walan Edutainment<\/p>\n","protected":false},"excerpt":{"rendered":"<p>I t\u00e4vlingen Prylfixarna skapade cirka 800 elever fr\u00e5n Karlstads kommunala grundskolor innovationer kring \u00e5terbruk. 16 vinnande bidrag blev en utst\u00e4llning p\u00e5 Naturum V\u00e4rmland i Mariebergsskogen. Under h\u00f6sten har elever fr\u00e5n \u00e5rskurs tv\u00e5 och tre f\u00e5tt fundera ut tv\u00e5 gamla saker de vill \u00e5teranv\u00e4nda och kombinerat dessa till en helt ny sak. Varje dag sl\u00e4ngs en &hellip; <\/p>\n<p class=\"link-more\"><a href=\"https:\/\/skola.karlstad.se\/gronatraden\/prylfixarna-en-utmaning-for-ak-2-3\/\" class=\"more-link\">Forts\u00e4tt l\u00e4sa<span class=\"screen-reader-text\"> \u201dPrylfixarna, en kreativ utmaning f\u00f6r \u00e5k 2 \u2013 3!\u201d<\/span><\/a><\/p>\n","protected":false},"author":3593,"featured_media":0,"parent":0,"menu_order":0,"comment_status":"closed","ping_status":"closed","template":"","meta":{"footnotes":""},"class_list":["post-723","page","type-page","status-publish","hentry"],"_links":{"self":[{"href":"https:\/\/skola.karlstad.se\/gronatraden\/wp-json\/wp\/v2\/pages\/723","targetHints":{"allow":["GET"]}}],"collection":[{"href":"https:\/\/skola.karlstad.se\/gronatraden\/wp-json\/wp\/v2\/pages"}],"about":[{"href":"https:\/\/skola.karlstad.se\/gronatraden\/wp-json\/wp\/v2\/types\/page"}],"author":[{"embeddable":true,"href":"https:\/\/skola.karlstad.se\/gronatraden\/wp-json\/wp\/v2\/users\/3593"}],"replies":[{"embeddable":true,"href":"https:\/\/skola.karlstad.se\/gronatraden\/wp-json\/wp\/v2\/comments?post=723"}],"version-history":[{"count":8,"href":"https:\/\/skola.karlstad.se\/gronatraden\/wp-json\/wp\/v2\/pages\/723\/revisions"}],"predecessor-version":[{"id":1287,"href":"https:\/\/skola.karlstad.se\/gronatraden\/wp-json\/wp\/v2\/pages\/723\/revisions\/1287"}],"wp:attachment":[{"href":"https:\/\/skola.karlstad.se\/gronatraden\/wp-json\/wp\/v2\/media?parent=723"}],"curies":[{"name":"wp","href":"https:\/\/api.w.org\/{rel}","templated":true}]}}