{"id":767,"date":"2024-05-29T11:15:07","date_gmt":"2024-05-29T09:15:07","guid":{"rendered":"https:\/\/skola.karlstad.se\/gronatraden\/?page_id=767"},"modified":"2024-08-08T13:28:37","modified_gmt":"2024-08-08T11:28:37","slug":"besok-en-livfull-tradgard-i-alster","status":"publish","type":"page","link":"https:\/\/skola.karlstad.se\/gronatraden\/besok-en-livfull-tradgard-i-alster\/","title":{"rendered":"Bes\u00f6k en livfull tr\u00e4dg\u00e5rd i Alster"},"content":{"rendered":"\n<figure class=\"wp-block-image size-full\"><img loading=\"lazy\" decoding=\"async\" width=\"1042\" height=\"411\" src=\"https:\/\/skola.karlstad.se\/gronatraden\/wp-content\/uploads\/sites\/1520\/2024\/05\/VIlla-solvik-2.1.jpg\" alt=\"\" class=\"wp-image-770\" srcset=\"https:\/\/skola.karlstad.se\/gronatraden\/wp-content\/uploads\/sites\/1520\/2024\/05\/VIlla-solvik-2.1.jpg 1042w, https:\/\/skola.karlstad.se\/gronatraden\/wp-content\/uploads\/sites\/1520\/2024\/05\/VIlla-solvik-2.1-300x118.jpg 300w, https:\/\/skola.karlstad.se\/gronatraden\/wp-content\/uploads\/sites\/1520\/2024\/05\/VIlla-solvik-2.1-1024x404.jpg 1024w, https:\/\/skola.karlstad.se\/gronatraden\/wp-content\/uploads\/sites\/1520\/2024\/05\/VIlla-solvik-2.1-768x303.jpg 768w\" sizes=\"auto, (max-width: 767px) 89vw, (max-width: 1000px) 54vw, (max-width: 1071px) 543px, 580px\" \/><\/figure>\n\n\n\n<p>De klasser som har arbetat med NTA-temat Fr\u00e5n fr\u00f6 till fr\u00f6 under v\u00e5rterminen 2024 har chansen att bes\u00f6ka en frodig tr\u00e4dg\u00e5rd i Alster med ett stort antal olika arter. Tr\u00e4dg\u00e5rden \u00e4r vid Hans-\u00c5ke och Gun-Britt Scherps bostad, som ocks\u00e5 \u00e4r aktiva i Karlstads tr\u00e4dg\u00e5rdss\u00e4llskap. De delar g\u00e4rna med sig av sina kunskaper och erfarenheter av odling.<\/p>\n\n\n\n<p>Vid bes\u00f6ket f\u00e5r ni en rundvandring i tr\u00e4dg\u00e5rden och eleverna kommer ocks\u00e5 f\u00e5 uppgifter om fr\u00f6n och biologisk m\u00e5ngfald. Detta blir en f\u00f6rdjupning av arbetet med Fr\u00e5n fr\u00f6 till fr\u00f6 och en vidareutveckling av de kunskaper som eleverna har f\u00e5tt i temat. <\/p>\n\n\n\n<p><strong>Plats:<\/strong>&nbsp;Villa Solvik, Strandviksv\u00e4gen 30 <br><strong>M\u00e5lgrupp:&nbsp;<\/strong>De klasser som arbetat med Fr\u00e5n fr\u00f6 till fr\u00f6 under VT2024<br><strong>Tids\u00e5tg\u00e5ng:&nbsp;<\/strong>1,5 timmar p\u00e5 f\u00f6rmiddagen<br><strong>Period:&nbsp;<\/strong>Vecka 35 &#8211; 37<br><strong>Gruppstorlek:<\/strong>&nbsp;Klassvis (20 &#8211; 30 elever)<br><strong>Kopplingar till styrdokument:<\/strong><br>\u2013 Kursplan i biologi.<br>\u2013 Globala m\u00e5len: 15, Ekosystem och biologisk m\u00e5ngfalld<br>\u2013 Passar i f\u00f6r er som har arbetat med NTA-temat Fr\u00e5n fr\u00f6 till fr\u00f6.<\/p>\n\n\n\n<p><strong>Att ta sig hit:<\/strong><br>Ni tar er till tr\u00e4dg\u00e5rden genom att \u00e5ka stadsbuss 5 till \u00e4ndh\u00e5llplats Vammelsv\u00e4gen, d\u00e4rifr\u00e5n \u00e4r det 15 minuters promenad. <a href=\"https:\/\/solsidan.omniacloud.net\/start\/service-och-stod\/resor-logi-och-transporter\/buss\">Information om bussbokning<\/a>. Har ni inte m\u00f6jlighet till resa med stadsbuss, ange det i anm\u00e4lan s\u00e5 kan vi unders\u00f6ka m\u00f6jligheten att erbjuda en best\u00e4lld buss till er.<\/p>\n\n\n\n<p><br><strong><mark class=\"has-inline-color has-vivid-red-color\">Sista anm\u00e4lan var den 12 juni. De som skickat in en anm\u00e4lan f\u00e5r besked och mer information senast v. 33.<\/mark><\/strong><br>Vid beskedet f\u00e5r ni ocks\u00e5 arbetsmaterial till undervisningen. Att delta \u00e4r kostnadsfritt!\u00a0<\/p>\n\n\n\n<p>I <a href=\"http:\/\/tiny.cc\/yrkesbiblioteket\" target=\"_blank\" rel=\"noreferrer noopener\">Yrkesbiblioteket <\/a>finns mer tips p\u00e5 studiebes\u00f6k och andra aktiviteter f\u00f6r att samverka med arbetslivet. <\/p>\n","protected":false},"excerpt":{"rendered":"<p>De klasser som har arbetat med NTA-temat Fr\u00e5n fr\u00f6 till fr\u00f6 under v\u00e5rterminen 2024 har chansen att bes\u00f6ka en frodig tr\u00e4dg\u00e5rd i Alster med ett stort antal olika arter. Tr\u00e4dg\u00e5rden \u00e4r vid Hans-\u00c5ke och Gun-Britt Scherps bostad, som ocks\u00e5 \u00e4r aktiva i Karlstads tr\u00e4dg\u00e5rdss\u00e4llskap. De delar g\u00e4rna med sig av sina kunskaper och erfarenheter av &hellip; <\/p>\n<p class=\"link-more\"><a href=\"https:\/\/skola.karlstad.se\/gronatraden\/besok-en-livfull-tradgard-i-alster\/\" class=\"more-link\">Forts\u00e4tt l\u00e4sa<span class=\"screen-reader-text\"> \u201dBes\u00f6k en livfull tr\u00e4dg\u00e5rd i Alster\u201d<\/span><\/a><\/p>\n","protected":false},"author":3593,"featured_media":0,"parent":0,"menu_order":0,"comment_status":"closed","ping_status":"closed","template":"","meta":{"footnotes":""},"class_list":["post-767","page","type-page","status-publish","hentry"],"_links":{"self":[{"href":"https:\/\/skola.karlstad.se\/gronatraden\/wp-json\/wp\/v2\/pages\/767","targetHints":{"allow":["GET"]}}],"collection":[{"href":"https:\/\/skola.karlstad.se\/gronatraden\/wp-json\/wp\/v2\/pages"}],"about":[{"href":"https:\/\/skola.karlstad.se\/gronatraden\/wp-json\/wp\/v2\/types\/page"}],"author":[{"embeddable":true,"href":"https:\/\/skola.karlstad.se\/gronatraden\/wp-json\/wp\/v2\/users\/3593"}],"replies":[{"embeddable":true,"href":"https:\/\/skola.karlstad.se\/gronatraden\/wp-json\/wp\/v2\/comments?post=767"}],"version-history":[{"count":11,"href":"https:\/\/skola.karlstad.se\/gronatraden\/wp-json\/wp\/v2\/pages\/767\/revisions"}],"predecessor-version":[{"id":927,"href":"https:\/\/skola.karlstad.se\/gronatraden\/wp-json\/wp\/v2\/pages\/767\/revisions\/927"}],"wp:attachment":[{"href":"https:\/\/skola.karlstad.se\/gronatraden\/wp-json\/wp\/v2\/media?parent=767"}],"curies":[{"name":"wp","href":"https:\/\/api.w.org\/{rel}","templated":true}]}}