{"id":1187,"date":"2019-09-16T10:53:10","date_gmt":"2019-09-16T08:53:10","guid":{"rendered":"http:\/\/skola.karlstad.se\/naturskolan\/?page_id=1187"},"modified":"2026-02-16T13:34:45","modified_gmt":"2026-02-16T12:34:45","slug":"solladan","status":"publish","type":"page","link":"https:\/\/skola.karlstad.se\/naturskolan\/solladan\/","title":{"rendered":"Soll\u00e5dan"},"content":{"rendered":"<p><img loading=\"lazy\" decoding=\"async\" class=\"alignleft size-medium wp-image-1175\" src=\"http:\/\/skola.karlstad.se\/naturskolan\/wp-content\/uploads\/sites\/427\/2019\/08\/Soll\u00e5dan-300x225.jpg\" alt=\"\" width=\"300\" height=\"225\" srcset=\"https:\/\/skola.karlstad.se\/naturskolan\/wp-content\/uploads\/sites\/427\/2019\/08\/Soll\u00e5dan-300x225.jpg 300w, https:\/\/skola.karlstad.se\/naturskolan\/wp-content\/uploads\/sites\/427\/2019\/08\/Soll\u00e5dan-768x576.jpg 768w, https:\/\/skola.karlstad.se\/naturskolan\/wp-content\/uploads\/sites\/427\/2019\/08\/Soll\u00e5dan-1024x768.jpg 1024w, https:\/\/skola.karlstad.se\/naturskolan\/wp-content\/uploads\/sites\/427\/2019\/08\/Soll\u00e5dan-640x480.jpg 640w\" sizes=\"auto, (max-width: 300px) 100vw, 300px\" \/><\/p>\n<p>&nbsp;<\/p>\n<p>&nbsp;<\/p>\n<p>&nbsp;<\/p>\n<p>&nbsp;<\/p>\n<p>&nbsp;<\/p>\n<p>Soll\u00e5dan \u00e4r ett materialbibliotek f\u00f6r pedagoger i Karlstads f\u00f6rskolor och skolor f\u00f6r att underl\u00e4tta och uppmuntra utomhusundervisning.<\/p>\n<p><strong><a href=\"https:\/\/apps.powerapps.com\/play\/e\/bef19d7e-3a92-4e9e-a782-335fc1dfd336\/a\/6319cad2-3cd2-4223-a13f-45b341952b1b?tenantId=fa1fe8f8-62c5-428a-8034-038bc8a6cf66&amp;hidenavbar=true\" target=\"_blank\" rel=\"noopener\">Soll\u00e5dorna bokas h\u00e4r.<\/a>\u00a0<\/strong><\/p>\n<p><strong>L\u00e5dorna h\u00e4mtas m\u00e5ndagar och l\u00e4mnas fredagar p\u00e5 Laboratoriet.\u00a0 <\/strong>(Kolvgatan 3, V\u00e5xn\u00e4s). <strong>\u00d6ppetider 8:00 &#8211; 15:30<\/strong><\/p>\n<p><strong>Mejl:<\/strong> <a href=\"mailto:naturskolan@karlstad.se\">naturskolan@karlstad.se<\/a><\/p>\n<p>Soll\u00e5dorna finns i olika teman och inneh\u00e5ller f\u00f6rutom material, en l\u00e4rarhandledning med information om materialet och tips p\u00e5 \u00f6vningar och uppl\u00e4gg inom temat.<\/p>\n<h5>Tema:<\/h5>\n<p><a href=\"http:\/\/skola.karlstad.se\/naturskolan\/blommor\/\" target=\"_blank\" rel=\"noopener\">Blommor<\/a><br \/>\n<a href=\"http:\/\/skola.karlstad.se\/naturskolan\/friluftsliv\/\" target=\"_blank\" rel=\"noopener\">Friluftsliv<\/a><br \/>\n<a href=\"http:\/\/skola.karlstad.se\/naturskolan\/faglar\/\" target=\"_blank\" rel=\"noopener\">F\u00e5glar<\/a><br \/>\n<a href=\"http:\/\/skola.karlstad.se\/naturskolan\/iskunskap\/\">Iskunskap<\/a><br \/>\n<a href=\"https:\/\/karlstadskommunonline.sharepoint.com\/:f:\/s\/Laboratoriet168\/EtxJtVV9mrdMjAC5QU72TqMB4KJ-8cg5kh3oeEtLZqX3Ew?e=QkIn92\" target=\"_blank\" rel=\"noopener\">Lilla Bokbryggan (l\u00e5da A, B och C har samma inneh\u00e5ll)<\/a><br \/>\n<a href=\"https:\/\/skola.karlstad.se\/naturskolan\/2023\/08\/18\/solladan-kartlaggning-matematik-i-forskoleklass\/\" target=\"_blank\" rel=\"noopener\">Kartl\u00e4ggning i matematik<\/a> (l\u00e5da A, B, C och D har samma inneh\u00e5ll)<br \/>\n<a href=\"http:\/\/skola.karlstad.se\/naturskolan\/mossor-lavar\/\" target=\"_blank\" rel=\"noopener\">Mossor &amp; Lavar<\/a><br \/>\n<a href=\"http:\/\/skola.karlstad.se\/naturskolan\/smakryp-i-vatten\/\" target=\"_blank\" rel=\"noopener\">Sm\u00e5kryp i vatten<\/a> (l\u00e5da A och B har samma inneh\u00e5ll)<br \/>\n<a href=\"http:\/\/skola.karlstad.se\/naturskolan\/smakryp-pa-land\/\" target=\"_blank\" rel=\"noopener\">Sm\u00e5kryp p\u00e5 land<\/a> (l\u00e5da A och B har samma inneh\u00e5ll)<br \/>\n<a href=\"https:\/\/karlstadskommunonline.sharepoint.com\/:f:\/s\/Laboratoriet168\/IgDV79WpSGuwQbsd51is_qu0ARdhVO7QiiDSUHOfHTIxgAU?e=h5cH3K\">Stora bokbryggan<\/a> (l\u00e5da A och B har samma inneh\u00e5ll)<br \/>\n<a href=\"http:\/\/skola.karlstad.se\/naturskolan\/svampar\/\" target=\"_blank\" rel=\"noopener\">Svampar<\/a><br \/>\n<a href=\"http:\/\/skola.karlstad.se\/naturskolan\/trad\/\" target=\"_blank\" rel=\"noopener\">Tr\u00e4d <\/a>(l\u00e5da A och B har samma inneh\u00e5ll)<br \/>\n<a href=\"http:\/\/skola.karlstad.se\/naturskolan\/uteteknik\/\" target=\"_blank\" rel=\"noopener\">Uteteknik<\/a><br \/>\n<a href=\"http:\/\/skola.karlstad.se\/naturskolan\/vara-sinnen\/\" target=\"_blank\" rel=\"noopener\">V\u00e5ra Sinnen<\/a> (l\u00e5da A och B har samma inneh\u00e5ll)<\/p>\n<p><strong>Vill du boka en Soll\u00e5da? <a href=\"https:\/\/apps.powerapps.com\/play\/e\/bef19d7e-3a92-4e9e-a782-335fc1dfd336\/a\/6319cad2-3cd2-4223-a13f-45b341952b1b?tenantId=fa1fe8f8-62c5-428a-8034-038bc8a6cf66&amp;hidenavbar=true\" target=\"_blank\" rel=\"noopener\">H\u00e4r kan du boka och se lediga veckor &gt;<\/a><\/strong><\/p>\n<p>Dessutom finns ocks\u00e5 Soll\u00e5dan &#8221;Natur i v\u00e5r n\u00e4rmilj\u00f6&#8221; som alla f\u00f6rskolor och grundskolor f\u00e5tt. L\u00e4s mer om materialet <a href=\"https:\/\/skola.karlstad.se\/gronatraden\/material\/\" target=\"_blank\" rel=\"noopener\">p\u00e5 Gr\u00f6na tr\u00e5dens sajt<\/a>.<\/p>\n","protected":false},"excerpt":{"rendered":"<p>&nbsp; &nbsp; &nbsp; &nbsp; &nbsp; Soll\u00e5dan \u00e4r ett materialbibliotek f\u00f6r pedagoger i Karlstads f\u00f6rskolor och skolor f\u00f6r att underl\u00e4tta och uppmuntra utomhusundervisning. Soll\u00e5dorna bokas h\u00e4r.\u00a0 L\u00e5dorna h\u00e4mtas m\u00e5ndagar och l\u00e4mnas fredagar p\u00e5 Laboratoriet.\u00a0 (Kolvgatan 3, V\u00e5xn\u00e4s). \u00d6ppetider 8:00 &#8211; 15:30 Mejl: naturskolan@karlstad.se Soll\u00e5dorna finns i olika teman och inneh\u00e5ller f\u00f6rutom material, en l\u00e4rarhandledning med information &hellip; <\/p>\n<p class=\"link-more\"><a href=\"https:\/\/skola.karlstad.se\/naturskolan\/solladan\/\" class=\"more-link\">Forts\u00e4tt l\u00e4sa<span class=\"screen-reader-text\"> \u201dSoll\u00e5dan\u201d<\/span><\/a><\/p>\n","protected":false},"author":590,"featured_media":0,"parent":0,"menu_order":0,"comment_status":"closed","ping_status":"closed","template":"","meta":{"footnotes":""},"class_list":["post-1187","page","type-page","status-publish","hentry"],"_links":{"self":[{"href":"https:\/\/skola.karlstad.se\/naturskolan\/wp-json\/wp\/v2\/pages\/1187","targetHints":{"allow":["GET"]}}],"collection":[{"href":"https:\/\/skola.karlstad.se\/naturskolan\/wp-json\/wp\/v2\/pages"}],"about":[{"href":"https:\/\/skola.karlstad.se\/naturskolan\/wp-json\/wp\/v2\/types\/page"}],"author":[{"embeddable":true,"href":"https:\/\/skola.karlstad.se\/naturskolan\/wp-json\/wp\/v2\/users\/590"}],"replies":[{"embeddable":true,"href":"https:\/\/skola.karlstad.se\/naturskolan\/wp-json\/wp\/v2\/comments?post=1187"}],"version-history":[{"count":77,"href":"https:\/\/skola.karlstad.se\/naturskolan\/wp-json\/wp\/v2\/pages\/1187\/revisions"}],"predecessor-version":[{"id":1766,"href":"https:\/\/skola.karlstad.se\/naturskolan\/wp-json\/wp\/v2\/pages\/1187\/revisions\/1766"}],"wp:attachment":[{"href":"https:\/\/skola.karlstad.se\/naturskolan\/wp-json\/wp\/v2\/media?parent=1187"}],"curies":[{"name":"wp","href":"https:\/\/api.w.org\/{rel}","templated":true}]}}