{"id":1229,"date":"2019-10-15T09:54:20","date_gmt":"2019-10-15T07:54:20","guid":{"rendered":"http:\/\/skola.karlstad.se\/naturskolan\/?page_id=1229"},"modified":"2019-10-15T14:00:26","modified_gmt":"2019-10-15T12:00:26","slug":"trad","status":"publish","type":"page","link":"https:\/\/skola.karlstad.se\/naturskolan\/trad\/","title":{"rendered":"Tr\u00e4d"},"content":{"rendered":"<p>I v\u00e5ra n\u00e4romr\u00e5den finns det gott om skogsdungar och skogsomr\u00e5den. I dessa hittar vi flera olika sorters tr\u00e4d. I Soll\u00e5dan tema tr\u00e4d hittar du material och \u00f6vningar f\u00f6r att titta n\u00e4rmare p\u00e5, fascineras \u00f6ver och l\u00e4ra sig mer om v\u00e5ra vanligaste tr\u00e4d.<\/p>\n<p>H\u00e4r hittar du l<a href=\"https:\/\/1drv.ms\/w\/s!AuuVogClbtYZkx3AlDCRq-A1dWNZ\">\u00e4rarhandledningen<\/a>:<\/p>\n<p>H\u00e4r hittar du <a href=\"https:\/\/1drv.ms\/w\/s!AuuVogClbtYZkx8Au8eDD2vqXuzM\">materiallistan<\/a>:<\/p>\n<p><img loading=\"lazy\" decoding=\"async\" class=\"alignleft size-medium wp-image-1230\" src=\"http:\/\/skola.karlstad.se\/naturskolan\/wp-content\/uploads\/sites\/427\/2019\/10\/IMG_0579-300x225.jpg\" alt=\"\" width=\"300\" height=\"225\" srcset=\"https:\/\/skola.karlstad.se\/naturskolan\/wp-content\/uploads\/sites\/427\/2019\/10\/IMG_0579-300x225.jpg 300w, https:\/\/skola.karlstad.se\/naturskolan\/wp-content\/uploads\/sites\/427\/2019\/10\/IMG_0579-768x576.jpg 768w, https:\/\/skola.karlstad.se\/naturskolan\/wp-content\/uploads\/sites\/427\/2019\/10\/IMG_0579-1024x768.jpg 1024w, https:\/\/skola.karlstad.se\/naturskolan\/wp-content\/uploads\/sites\/427\/2019\/10\/IMG_0579-640x480.jpg 640w\" sizes=\"auto, (max-width: 300px) 100vw, 300px\" \/><\/p>\n","protected":false},"excerpt":{"rendered":"<p>I v\u00e5ra n\u00e4romr\u00e5den finns det gott om skogsdungar och skogsomr\u00e5den. I dessa hittar vi flera olika sorters tr\u00e4d. I Soll\u00e5dan tema tr\u00e4d hittar du material och \u00f6vningar f\u00f6r att titta n\u00e4rmare p\u00e5, fascineras \u00f6ver och l\u00e4ra sig mer om v\u00e5ra vanligaste tr\u00e4d. H\u00e4r hittar du l\u00e4rarhandledningen: H\u00e4r hittar du materiallistan:<\/p>\n","protected":false},"author":590,"featured_media":0,"parent":0,"menu_order":0,"comment_status":"closed","ping_status":"closed","template":"","meta":{"footnotes":""},"class_list":["post-1229","page","type-page","status-publish","hentry"],"_links":{"self":[{"href":"https:\/\/skola.karlstad.se\/naturskolan\/wp-json\/wp\/v2\/pages\/1229","targetHints":{"allow":["GET"]}}],"collection":[{"href":"https:\/\/skola.karlstad.se\/naturskolan\/wp-json\/wp\/v2\/pages"}],"about":[{"href":"https:\/\/skola.karlstad.se\/naturskolan\/wp-json\/wp\/v2\/types\/page"}],"author":[{"embeddable":true,"href":"https:\/\/skola.karlstad.se\/naturskolan\/wp-json\/wp\/v2\/users\/590"}],"replies":[{"embeddable":true,"href":"https:\/\/skola.karlstad.se\/naturskolan\/wp-json\/wp\/v2\/comments?post=1229"}],"version-history":[{"count":3,"href":"https:\/\/skola.karlstad.se\/naturskolan\/wp-json\/wp\/v2\/pages\/1229\/revisions"}],"predecessor-version":[{"id":1250,"href":"https:\/\/skola.karlstad.se\/naturskolan\/wp-json\/wp\/v2\/pages\/1229\/revisions\/1250"}],"wp:attachment":[{"href":"https:\/\/skola.karlstad.se\/naturskolan\/wp-json\/wp\/v2\/media?parent=1229"}],"curies":[{"name":"wp","href":"https:\/\/api.w.org\/{rel}","templated":true}]}}