{"id":2911,"date":"2020-05-14T15:13:40","date_gmt":"2020-05-14T13:13:40","guid":{"rendered":"http:\/\/skola.karlstad.se\/nta\/?page_id=2911"},"modified":"2026-05-12T08:01:06","modified_gmt":"2026-05-12T06:01:06","slug":"kontaktpersoner","status":"publish","type":"page","link":"https:\/\/skola.karlstad.se\/nta\/kontaktpersoner\/","title":{"rendered":"Kontaktpersoner"},"content":{"rendered":"<p>Har du fr\u00e5gor g\u00e4llande NTA-material och -utbildningar s\u00e5 kan du i f\u00f6rsta hand fr\u00e5ga kontaktpersonen p\u00e5 din f\u00f6rskola eller skola :<\/p>\n<p><a href=\"#kontaktpersonerforskola\">Kontaktpersoner f\u00f6rskola &gt;<\/a><\/p>\n<p><a href=\"#kontaktpersonergrundskola\">Kontaktpersoner grundskola &gt;<\/a><\/p>\n<p><strong><span style=\"text-decoration: underline\"><a id=\"kontaktpersonerforskola\"><\/a>Kontaktpersoner f\u00f6rskola<\/span><\/strong><\/p>\n<table style=\"width: 100%;height: 1861px\">\n<tbody>\n<tr style=\"height: 26px\">\n<td style=\"height: 26px\" width=\"177\"><strong>F\u00f6rskola<\/strong><\/td>\n<td style=\"height: 26px\" width=\"179\"><strong>Kontaktperson<\/strong><\/td>\n<td style=\"height: 26px\" width=\"248\"><strong>e-postadress<\/strong><\/td>\n<\/tr>\n<tr style=\"height: 53px\">\n<td style=\"height: 53px\" width=\"177\">Alsters f\u00f6rskola<\/td>\n<td style=\"height: 53px\" width=\"179\">Ann-Sofie Wessmark<\/td>\n<td style=\"height: 53px\" width=\"248\">ann.sofi.wessmark@karlstad.se<\/td>\n<\/tr>\n<tr style=\"height: 53px\">\n<td style=\"height: 53px\" width=\"177\">Bj\u00f6rkdungens f\u00f6rskola<\/td>\n<td style=\"height: 53px\" width=\"179\">Kristina J\u00f6rl\u00e5s<\/td>\n<td style=\"height: 53px\" width=\"248\">kristina.jorlas@karlstad.se<\/td>\n<\/tr>\n<tr style=\"height: 53px\">\n<td style=\"height: 53px\" width=\"177\">Bullerbyns f\u00f6rskola<\/td>\n<td style=\"height: 53px\" width=\"179\">Anna Olsson?<\/td>\n<td style=\"height: 53px\" width=\"248\"><\/td>\n<\/tr>\n<tr style=\"height: 101px\">\n<td style=\"height: 101px\" width=\"177\">Daggk\u00e5pan<\/td>\n<td style=\"height: 101px\" width=\"179\">Karin Nordenskj\u00f6ld<\/p>\n<p>&nbsp;<\/td>\n<td style=\"height: 101px\" width=\"248\">karin.nordenskjold@karlstad.se<\/p>\n<p>&nbsp;<\/td>\n<\/tr>\n<tr style=\"height: 53px\">\n<td style=\"height: 53px\">Duvkullans f\u00f6rskola<\/td>\n<td style=\"height: 53px\">Stina Linder<\/td>\n<td style=\"height: 53px\">stina.linder@karlstad.se<\/td>\n<\/tr>\n<tr style=\"height: 53px\">\n<td style=\"height: 53px\" width=\"177\">Dirigentens f\u00f6rskola<\/td>\n<td style=\"height: 53px\" width=\"179\">Johanna Gunnarsson<\/td>\n<td style=\"height: 53px\" width=\"248\">johanna.gunnarsson@karlstad.se<\/td>\n<\/tr>\n<tr style=\"height: 26px\">\n<td style=\"height: 26px\" width=\"177\">Edsvalla f\u00f6rskola<\/td>\n<td style=\"height: 26px\" width=\"179\"><\/td>\n<td style=\"height: 26px\" width=\"248\"><\/td>\n<\/tr>\n<tr style=\"height: 53px\">\n<td style=\"height: 53px\" width=\"177\">Fredricelunds f\u00f6rskola<\/td>\n<td style=\"height: 53px\" width=\"179\">Karin Haffling<\/td>\n<td style=\"height: 53px\" width=\"248\">karin.haffling@karlstad.se<\/td>\n<\/tr>\n<tr style=\"height: 53px\">\n<td style=\"height: 53px\" width=\"177\">Fullriggarens f\u00f6rskola<\/td>\n<td style=\"height: 53px\" width=\"179\">Julia Bohm<\/td>\n<td style=\"height: 53px\" width=\"248\">Julia.bohm@karlstad.se<\/td>\n<\/tr>\n<tr style=\"height: 26px\">\n<td style=\"height: 26px\" width=\"177\">F\u00f6rskolan Galaxen<\/td>\n<td style=\"height: 26px\" width=\"179\">Andreas Axelsson<\/td>\n<td style=\"height: 26px\" width=\"248\">andreas.axelsson@karlstad.se<\/td>\n<\/tr>\n<tr style=\"height: 26px\">\n<td style=\"height: 26px\" width=\"177\">F\u00f6rskolan Lotsen<\/td>\n<td style=\"height: 26px\" width=\"179\">Sandra Hallander<\/td>\n<td style=\"height: 26px\" width=\"248\">Sandra.hallander@karlstad.se<\/td>\n<\/tr>\n<tr style=\"height: 53px\">\n<td style=\"height: 53px\" width=\"177\">Grindstugans f\u00f6rskola<\/td>\n<td style=\"height: 53px\" width=\"179\">Andr\u00e9 Rangelind<\/td>\n<td style=\"height: 53px\" width=\"248\">andre.rangelind@karlstad.se<\/td>\n<\/tr>\n<tr style=\"height: 53px\">\n<td style=\"height: 53px\" width=\"177\">Gruvlyckans f\u00f6rskola<\/td>\n<td style=\"height: 53px\" width=\"179\">Barbara Eriksson<\/td>\n<td style=\"height: 53px\" width=\"248\">barbara.eriksson@karlstad.se<\/td>\n<\/tr>\n<tr style=\"height: 26px\">\n<td style=\"height: 26px\" width=\"177\">Henstads F\u00f6rskola<\/td>\n<td style=\"height: 26px\" width=\"179\">Linnea Creutzer<\/td>\n<td style=\"height: 26px\" width=\"248\">linnea.creutzer@karlstad.se<\/td>\n<\/tr>\n<tr style=\"height: 53px\">\n<td style=\"height: 53px\" width=\"177\">Hultsbergs f\u00f6rskola<\/td>\n<td style=\"height: 53px\" width=\"179\">Karin F\u00f6hr<\/td>\n<td style=\"height: 53px\" width=\"248\">karin.fohr@karlstad.se<\/td>\n<\/tr>\n<tr style=\"height: 26px\">\n<td style=\"height: 26px\" width=\"177\">Hultsberg F\u00f6rskola<\/td>\n<td style=\"height: 26px\" width=\"179\">Marie Andersson<\/td>\n<td style=\"height: 26px\" width=\"248\">marie.andersson6@karlstad.se<\/td>\n<\/tr>\n<tr style=\"height: 53px\">\n<td style=\"height: 53px\" width=\"177\">Hybelejens f\u00f6rskola<\/td>\n<td style=\"height: 53px\" width=\"179\">Malin Carlson<\/td>\n<td style=\"height: 53px\" width=\"248\">malin.carlson@karlstad.se<\/td>\n<\/tr>\n<tr style=\"height: 53px\">\n<td style=\"height: 53px\" width=\"177\">Karlavagnens f\u00f6rskola<\/td>\n<td style=\"height: 53px\" width=\"179\">Ann-Mari Jonasson<\/td>\n<td style=\"height: 53px\" width=\"248\">ann-marie.jonasson@karlstad.se<\/td>\n<\/tr>\n<tr style=\"height: 26px\">\n<td style=\"height: 26px\">Karolina f\u00f6rskola<\/td>\n<td style=\"height: 26px\">Jessica Hagman<\/td>\n<td style=\"height: 26px\">jessica.hagman@karlstad,se<\/td>\n<\/tr>\n<tr style=\"height: 26px\">\n<td style=\"height: 26px\" width=\"177\">Klara f\u00f6rskola<\/td>\n<td style=\"height: 26px\" width=\"179\">Diana Lindberg<\/td>\n<td style=\"height: 26px\" width=\"248\">diana.lindberg@karlstad.se<\/td>\n<\/tr>\n<tr style=\"height: 53px\">\n<td style=\"height: 53px\" width=\"177\">Klasmossens f\u00f6rskola<\/td>\n<td style=\"height: 53px\" width=\"179\">Petra Nilsson<\/td>\n<td style=\"height: 53px\" width=\"248\">petra.nilsson2@karlstad.se<\/td>\n<\/tr>\n<tr style=\"height: 53px\">\n<td style=\"height: 53px\" width=\"177\">Kroppk\u00e4rrs f\u00f6rskola<\/td>\n<td style=\"height: 53px\" width=\"179\">Marie Zethson<\/td>\n<td style=\"height: 53px\" width=\"248\">marie.zethson@karlstad.se<\/td>\n<\/tr>\n<tr style=\"height: 53px\">\n<td style=\"height: 53px\" width=\"177\">L\u00e5ngt\u00e4ppans f\u00f6rskola<\/td>\n<td style=\"height: 53px\" width=\"179\">Linda \u00d6stlund<\/td>\n<td style=\"height: 53px\" width=\"248\">linda.ostlund@karlstad.se<\/td>\n<\/tr>\n<tr style=\"height: 53px\">\n<td style=\"height: 53px\" width=\"177\">L\u00e4rk\u00e4ngens f\u00f6rskola<\/td>\n<td style=\"height: 53px\" width=\"179\">Anette Ryberg<\/td>\n<td style=\"height: 53px\" width=\"248\">anette.ryberg@karlstad.se<\/td>\n<\/tr>\n<tr style=\"height: 123px\">\n<td style=\"height: 123px\" width=\"177\">Morkullans f\u00f6rskola<\/td>\n<td style=\"height: 123px\" width=\"179\">Lina Bostr\u00f6m<\/p>\n<p>Agnetha Gustafsson<\/td>\n<td style=\"height: 123px\" width=\"248\">lina.bostrom@karlstad.se<\/p>\n<p>agnetha.gustafsson@karlstad.se<\/p>\n<p>&nbsp;<\/td>\n<\/tr>\n<tr style=\"height: 53px\">\n<td style=\"height: 53px\" width=\"177\">Plintens f\u00f6rskola<\/td>\n<td style=\"height: 53px\" width=\"179\">Anna-Therese Getlevog<\/td>\n<td style=\"height: 53px\" width=\"248\">anna.therese.getlevog@karlstad.se<\/td>\n<\/tr>\n<tr style=\"height: 53px\">\n<td style=\"height: 53px\" width=\"177\">Rudsdalens f\u00f6rskola<\/td>\n<td style=\"height: 53px\" width=\"179\">Maj-Britt Persson<\/td>\n<td style=\"height: 53px\" width=\"248\">maj-britt.persson@karlstad.se<\/td>\n<\/tr>\n<tr style=\"height: 53px\">\n<td style=\"height: 53px\" width=\"177\">Rudsskogens f\u00f6rskola<\/td>\n<td style=\"height: 53px\" width=\"179\">Camilla Thor<\/td>\n<td style=\"height: 53px\" width=\"248\">camilla.thor@karlstad.se<\/td>\n<\/tr>\n<tr style=\"height: 53px\">\n<td style=\"height: 53px\">Ruds\u00e4ngens f\u00f6rskola<\/td>\n<td style=\"height: 53px\">Anette Olsson Lund<\/td>\n<td style=\"height: 53px\">anette.olsson.lund@karlstad.se<\/td>\n<\/tr>\n<tr style=\"height: 53px\">\n<td style=\"height: 53px\" width=\"177\">R\u00f6dkl\u00f6verns f\u00f6rskola<\/td>\n<td style=\"height: 53px\" width=\"179\">Andreas Nilsson<\/td>\n<td style=\"height: 53px\" width=\"248\">andreas.nilsson@karlstad.se<\/td>\n<\/tr>\n<tr style=\"height: 53px\">\n<td style=\"height: 53px\" width=\"177\">Slussvakten f\u00f6rskola<\/td>\n<td style=\"height: 53px\" width=\"179\">Linn Nystadius<\/td>\n<td style=\"height: 53px\" width=\"248\">linn.nystadius@karlstad.se<\/td>\n<\/tr>\n<tr style=\"height: 26px\">\n<td style=\"height: 26px\" width=\"177\">Sol\u00e4ngens f\u00f6rskola<\/td>\n<td style=\"height: 26px\" width=\"179\">Ingela Karlsson<\/td>\n<td style=\"height: 26px\" width=\"248\">ingela.karlsson@karlstad.se<\/td>\n<\/tr>\n<tr style=\"height: 26px\">\n<td style=\"height: 26px\" width=\"177\">Stodene f\u00f6rskola<\/td>\n<td style=\"height: 26px\" width=\"179\">Maria Johansson<\/td>\n<td style=\"height: 26px\" width=\"248\">maria.johansson6@karlstad.se<\/td>\n<\/tr>\n<tr style=\"height: 53px\">\n<td style=\"height: 53px\" width=\"177\">Sunnan\u00e4ngs f\u00f6rskola<\/td>\n<td style=\"height: 53px\" width=\"179\">Ulrika Hjelm<\/td>\n<td style=\"height: 53px\" width=\"248\">ulrika.hjelm@karlstad.se<\/td>\n<\/tr>\n<tr style=\"height: 53px\">\n<td style=\"height: 53px\" width=\"177\">S\u00e5ngtrastens f\u00f6rskola<\/td>\n<td style=\"height: 53px\" width=\"179\">Maria M\u00e5nskog<\/td>\n<td style=\"height: 53px\" width=\"248\">Maria.manskog@karlstad.se<\/td>\n<\/tr>\n<tr style=\"height: 26px\">\n<td style=\"height: 26px\" width=\"177\">Tall\u00e5sens f\u00f6rskola<\/td>\n<td style=\"height: 26px\" width=\"179\">Karin Haffling<\/td>\n<td style=\"height: 26px\" width=\"248\">karin.haffling@karlstad.se<\/td>\n<\/tr>\n<tr style=\"height: 53px\">\n<td style=\"height: 53px\" width=\"177\">V\u00e4sterstrands f\u00f6rskola<\/td>\n<td style=\"height: 53px\" width=\"179\">Robin Adolfsson<\/td>\n<td style=\"height: 53px\" width=\"248\">robin.adolfsson@karlstad.se<\/td>\n<\/tr>\n<tr style=\"height: 26px\">\n<td style=\"height: 26px\" width=\"177\">Zakrisdals f\u00f6rskola<\/td>\n<td style=\"height: 26px\" width=\"179\">Lena Karlsson<\/td>\n<td style=\"height: 26px\" width=\"248\">lena.karlsson@karlstad.se<\/td>\n<\/tr>\n<\/tbody>\n<\/table>\n<p>&nbsp;<\/p>\n<p>&nbsp;<\/p>\n<p><strong><span style=\"text-decoration: underline\"><a id=\"kontaktpersonergrundskola\"><\/a>Kontaktpersoner grundskola<\/span><\/strong><\/p>\n<table style=\"width: 100%;height: 1746px\">\n<tbody>\n<tr style=\"height: 26px\">\n<td style=\"width: 28.4483%;height: 26px\"><strong>Skola<\/strong><\/td>\n<td style=\"width: 24.6551%;height: 26px\"><strong>Kontaktperson<\/strong><\/td>\n<td style=\"width: 46.7242%;height: 26px\"><strong>e-postadress<\/strong><\/td>\n<\/tr>\n<tr style=\"height: 53px\">\n<td style=\"width: 28.4483%;height: 53px\">Fredricelund F-3<\/td>\n<td style=\"width: 24.6551%;height: 53px\">Marianne Johansson<\/td>\n<td style=\"width: 46.7242%;height: 53px\">marianne.johansson3@karlstad.se<\/td>\n<\/tr>\n<tr style=\"height: 53px\">\n<td style=\"width: 28.4483%;height: 53px\">Fredricelund 4-6<\/td>\n<td style=\"width: 24.6551%;height: 53px\">Kerstin Lumsden<\/td>\n<td style=\"width: 46.7242%;height: 53px\">kerstin.lumsden@karlstad.se<\/td>\n<\/tr>\n<tr style=\"height: 53px\">\n<td style=\"width: 28.4483%;height: 53px\">Fr\u00f6dingskolan<\/td>\n<td style=\"width: 24.6551%;height: 53px\">Sarwa Latif Khasro<\/td>\n<td style=\"width: 46.7242%;height: 53px\">sarwa.latif.khasro@karlstad.se<\/td>\n<\/tr>\n<tr style=\"height: 53px\">\n<td style=\"width: 28.4483%;height: 53px\">F\u00e4rjestadsskolan F-3<\/td>\n<td style=\"width: 24.6551%;height: 53px\">Malin Larsson<\/td>\n<td style=\"width: 46.7242%;height: 53px\">malin.larsson@karlstad.se<\/td>\n<\/tr>\n<tr style=\"height: 53px\">\n<td style=\"width: 28.4483%;height: 53px\">F\u00e4rjestadsskolan 4-6<\/td>\n<td style=\"width: 24.6551%;height: 53px\">Madeleine Vestin<\/td>\n<td style=\"width: 46.7242%;height: 53px\">madeleine.vestin@karlstad.se<\/td>\n<\/tr>\n<tr style=\"height: 26px\">\n<td style=\"width: 28.4483%;height: 26px\">Hagaborgskolan<\/td>\n<td style=\"width: 24.6551%;height: 26px\">Linda Hjorth<\/td>\n<td style=\"width: 46.7242%;height: 26px\">linda.hjorth@karlstad.se<\/td>\n<\/tr>\n<tr style=\"height: 26px\">\n<td style=\"width: 28.4483%;height: 31px\">Herrhagsskolan<\/td>\n<td style=\"width: 24.6551%;height: 31px;text-align: justify;vertical-align: middle\">Therese Olsson<\/td>\n<td style=\"width: 46.7242%;height: 31px;text-align: justify;vertical-align: middle\">therese.olsson3@karlstad.se<\/td>\n<\/tr>\n<tr style=\"height: 53px\">\n<td style=\"width: 28.4483%;height: 53px\">Hultsbergsskolan F-3<\/td>\n<td style=\"width: 24.6551%;height: 53px\">Anna Kristiansson<\/td>\n<td style=\"width: 46.7242%;height: 53px\">anna.kristiansson@karlstad.se<\/td>\n<\/tr>\n<tr style=\"height: 53px\">\n<td style=\"width: 28.4483%;height: 53px\">Hultsbergsskolan 4-6<\/td>\n<td style=\"width: 24.6551%;height: 53px\">Anne H\u00fcbinette<\/td>\n<td style=\"width: 46.7242%;height: 53px\">anne.hubinette@karlstad.se<\/td>\n<\/tr>\n<tr style=\"height: 53px\">\n<td style=\"width: 28.4483%;height: 53px\">Kronoparksskolan<\/td>\n<td style=\"width: 24.6551%;height: 53px\">Frida Karlsson<\/td>\n<td style=\"width: 46.7242%;height: 53px\">frida.karlsson2@karlstad.se<\/td>\n<\/tr>\n<tr style=\"height: 53px\">\n<td style=\"width: 28.4483%;height: 53px\">Kroppk\u00e4rrsskolan<\/td>\n<td style=\"width: 24.6551%;height: 53px\">Ulrika Andersson<\/td>\n<td style=\"width: 46.7242%;height: 53px\">ulrika.andersson2@karlstad.se<\/td>\n<\/tr>\n<tr style=\"height: 26px\">\n<td style=\"width: 28.4483%;height: 26px\">Kvarnbergsskolan<\/td>\n<td style=\"width: 24.6551%;height: 26px\">Petra Fridh<\/td>\n<td style=\"width: 46.7242%;height: 26px\">petra.fridh@karlstad.se<\/td>\n<\/tr>\n<tr style=\"height: 26px\">\n<td style=\"width: 28.4483%;height: 26px\">Norrstrandsskolan<\/td>\n<td style=\"width: 24.6551%;height: 26px\">Maria Hallgren<\/td>\n<td style=\"width: 46.7242%;height: 26px\">maria.hallgren@karlstad.se<\/td>\n<\/tr>\n<tr style=\"height: 79px\">\n<td style=\"width: 28.4483%;height: 79px\">Nyeds skola<\/td>\n<td style=\"width: 24.6551%;height: 79px\">Elinor Johansson Andersson<\/td>\n<td style=\"width: 46.7242%;height: 79px\">elinor.johansson.andersson@karlstad.se<\/td>\n<\/tr>\n<tr style=\"height: 26px\">\n<td style=\"width: 28.4483%;height: 26px\">Orrholmsskolan<\/td>\n<td style=\"width: 24.6551%;height: 26px\">Meriana Chabo<\/td>\n<td style=\"width: 46.7242%;height: 26px\">meriana.chabo@karlstad.se<\/td>\n<\/tr>\n<tr style=\"height: 26px\">\n<td style=\"width: 28.4483%;height: 26px\">R\u00e5torpsskolan<\/td>\n<td style=\"width: 24.6551%;height: 26px\">Ingrid Holm<\/td>\n<td style=\"width: 46.7242%;height: 26px\">ingrid.holm@karlstad.se<\/td>\n<\/tr>\n<tr style=\"height: 26px\">\n<td style=\"width: 28.4483%;height: 26px\">Skattk\u00e4rrsskolan<\/td>\n<td style=\"width: 24.6551%;height: 26px\">Mia Toreld<\/td>\n<td style=\"width: 46.7242%;height: 26px\">mia.toreld@karlstad.se<\/td>\n<\/tr>\n<tr style=\"height: 26px\">\n<td style=\"width: 28.4483%;height: 26px\">Sk\u00e5reskolan<\/td>\n<td style=\"width: 24.6551%;height: 26px\">Caroline Hens<\/td>\n<td style=\"width: 46.7242%;height: 26px\">caroline.hens@karlstad.se<\/td>\n<\/tr>\n<tr style=\"height: 53px\">\n<td style=\"width: 28.4483%;height: 53px\">Stodeneskolan F-3<\/td>\n<td style=\"width: 24.6551%;height: 53px\">Eija Kilpela Rydberg<\/td>\n<td style=\"width: 46.7242%;height: 53px\">eija.kilpela.rydberg@karlstad.se<\/td>\n<\/tr>\n<tr style=\"height: 26px\">\n<td style=\"width: 28.4483%;height: 26px\">Stodeneskolan 4-6<\/td>\n<td style=\"width: 24.6551%;height: 26px\">Zahraa Aziz<\/td>\n<td style=\"width: 46.7242%;height: 26px\">zahraa.aziz@karlstad.se<\/td>\n<\/tr>\n<tr style=\"height: 53px\">\n<td style=\"width: 28.4483%;height: 53px\">Stockfallets skola<\/td>\n<td style=\"width: 24.6551%;height: 53px\">Victoria Rud\u00e9n \u00d6sterberg<\/td>\n<td style=\"width: 46.7242%;height: 53px\">victoria.ruden.osterberg@karlstad.se<\/td>\n<\/tr>\n<tr style=\"height: 53px\">\n<td style=\"width: 28.4483%;height: 53px\">S\u00f6dra R\u00e5torp<\/td>\n<td style=\"width: 24.6551%;height: 53px\">Marianne Ahlstrand<\/td>\n<td style=\"width: 46.7242%;height: 53px\">marianne.ahlstrand@karlstad.se<\/td>\n<\/tr>\n<tr style=\"height: 53px\">\n<td style=\"width: 28.4483%;height: 53px\">Tuggeliteskolan<\/td>\n<td style=\"width: 24.6551%;height: 53px\">Mari Samuelsson<\/td>\n<td style=\"width: 46.7242%;height: 53px\">mari.samuelsson@karlstad.se<\/td>\n<\/tr>\n<tr style=\"height: 53px\">\n<td style=\"width: 28.4483%;height: 53px\">Vallarg\u00e4rdets skola<\/td>\n<td style=\"width: 24.6551%;height: 53px\">Hanna Nystr\u00f6m<\/td>\n<td style=\"width: 46.7242%;height: 53px\">hanna.nystrom@karlstad.se<\/td>\n<\/tr>\n<tr style=\"height: 53px\">\n<td style=\"width: 28.4483%;height: 53px\">V\u00e5lbergsskolan F-3<\/td>\n<td style=\"width: 24.6551%;height: 53px\">Amanda Larsdotter<\/td>\n<td style=\"width: 46.7242%;height: 53px\">amanda.larsdotter@karlstad.se<\/td>\n<\/tr>\n<tr style=\"height: 53px\">\n<td style=\"width: 28.4483%;height: 53px\">V\u00e5lbergsskolan 4-6<\/td>\n<td style=\"width: 24.6551%;height: 53px\">Linnea H\u00e5kansson<\/td>\n<td style=\"width: 46.7242%;height: 53px\">linnea.hakansson@karlstad.se<\/td>\n<\/tr>\n<tr style=\"height: 26px\">\n<td style=\"width: 28.4483%;height: 26px\">V\u00e4se skola<\/td>\n<td style=\"width: 24.6551%;height: 26px\">Jim \u00d6man<\/td>\n<td style=\"width: 46.7242%;height: 26px\">jim.oman@karlstad.se<\/td>\n<\/tr>\n<tr style=\"height: 53px\">\n<td style=\"width: 28.4483%;height: 53px\">V\u00e4sterstrandsskolan<\/td>\n<td style=\"width: 24.6551%;height: 53px\">Stefan Lundqvist<\/td>\n<td style=\"width: 46.7242%;height: 53px\">stefan.lundqvist@karlstad.se<\/td>\n<\/tr>\n<tr style=\"height: 53px\">\n<td style=\"width: 28.4483%;height: 53px\">Resursskola, Orrholmsskolan<\/td>\n<td style=\"width: 24.6551%;height: 53px\">Karin Skog<\/td>\n<td style=\"width: 46.7242%;height: 53px\">karin.skog@karlstad.se<\/td>\n<\/tr>\n<tr style=\"height: 79px\">\n<td style=\"width: 28.4483%;height: 79px\">Herrhagsskolan anpassad grundskola<\/td>\n<td style=\"width: 24.6551%;height: 79px\">Helena Lavebratt<\/td>\n<td style=\"width: 46.7242%;height: 79px\">helena.lavebratt@karlstad.se<\/td>\n<\/tr>\n<tr style=\"height: 79px\">\n<td style=\"width: 28.4483%;height: 79px\">Fr\u00f6dingskolan anpassad grundskola<\/td>\n<td style=\"width: 24.6551%;height: 79px\"><\/td>\n<td style=\"width: 46.7242%;height: 79px\"><\/td>\n<\/tr>\n<tr style=\"height: 79px\">\n<td style=\"width: 28.4483%;height: 79px\">Ilandaskolan anpassad grundskola<\/td>\n<td style=\"width: 24.6551%;height: 79px\">Anna Ekman<\/td>\n<td style=\"width: 46.7242%;height: 79px\">anna.ekman@karlstad.se<\/td>\n<\/tr>\n<tr style=\"height: 79px\">\n<td style=\"width: 28.4483%;height: 79px\">Kronoparksskolan anpassad grundskola<\/td>\n<td style=\"width: 24.6551%;height: 79px\">Hanna Andersson<\/td>\n<td style=\"width: 46.7242%;height: 79px\">hanna.andersson2@karlstad.se<\/td>\n<\/tr>\n<tr style=\"height: 53px\">\n<td style=\"width: 28.4483%;height: 53px\">S\u00f6dra skolan Grums<\/td>\n<td style=\"width: 24.6551%;height: 53px\">Jenni Adolfsson<\/td>\n<td style=\"width: 46.7242%;height: 53px\">jenni.adolfsson@edu.grums.se<\/td>\n<\/tr>\n<tr style=\"height: 53px\">\n<td style=\"width: 28.4483%;height: 53px\">J\u00e4ttestensskolan Grums<\/td>\n<td style=\"width: 24.6551%;height: 53px\">Ida Berglund<\/td>\n<td style=\"width: 46.7242%;height: 53px\">ida.berglund@edu.grums.se<\/td>\n<\/tr>\n<\/tbody>\n<\/table>\n<p>&nbsp;<\/p>\n<p>&nbsp;<\/p>\n<p>&nbsp;<\/p>\n","protected":false},"excerpt":{"rendered":"<p>Har du fr\u00e5gor g\u00e4llande NTA-material och -utbildningar s\u00e5 kan du i f\u00f6rsta hand fr\u00e5ga kontaktpersonen p\u00e5 din f\u00f6rskola eller skola : Kontaktpersoner f\u00f6rskola &gt; Kontaktpersoner grundskola &gt; Kontaktpersoner f\u00f6rskola F\u00f6rskola Kontaktperson e-postadress Alsters f\u00f6rskola Ann-Sofie Wessmark ann.sofi.wessmark@karlstad.se Bj\u00f6rkdungens f\u00f6rskola Kristina J\u00f6rl\u00e5s kristina.jorlas@karlstad.se Bullerbyns f\u00f6rskola Anna Olsson? Daggk\u00e5pan Karin Nordenskj\u00f6ld &nbsp; karin.nordenskjold@karlstad.se &nbsp; Duvkullans f\u00f6rskola Stina &hellip; <\/p>\n<p class=\"link-more\"><a href=\"https:\/\/skola.karlstad.se\/nta\/kontaktpersoner\/\" class=\"more-link\">Forts\u00e4tt l\u00e4sa<span class=\"screen-reader-text\"> \u201dKontaktpersoner\u201d<\/span><\/a><\/p>\n","protected":false},"author":590,"featured_media":0,"parent":0,"menu_order":0,"comment_status":"closed","ping_status":"closed","template":"","meta":{"footnotes":""},"class_list":["post-2911","page","type-page","status-publish","hentry"],"_links":{"self":[{"href":"https:\/\/skola.karlstad.se\/nta\/wp-json\/wp\/v2\/pages\/2911","targetHints":{"allow":["GET"]}}],"collection":[{"href":"https:\/\/skola.karlstad.se\/nta\/wp-json\/wp\/v2\/pages"}],"about":[{"href":"https:\/\/skola.karlstad.se\/nta\/wp-json\/wp\/v2\/types\/page"}],"author":[{"embeddable":true,"href":"https:\/\/skola.karlstad.se\/nta\/wp-json\/wp\/v2\/users\/590"}],"replies":[{"embeddable":true,"href":"https:\/\/skola.karlstad.se\/nta\/wp-json\/wp\/v2\/comments?post=2911"}],"version-history":[{"count":80,"href":"https:\/\/skola.karlstad.se\/nta\/wp-json\/wp\/v2\/pages\/2911\/revisions"}],"predecessor-version":[{"id":4821,"href":"https:\/\/skola.karlstad.se\/nta\/wp-json\/wp\/v2\/pages\/2911\/revisions\/4821"}],"wp:attachment":[{"href":"https:\/\/skola.karlstad.se\/nta\/wp-json\/wp\/v2\/media?parent=2911"}],"curies":[{"name":"wp","href":"https:\/\/api.w.org\/{rel}","templated":true}]}}