{"id":3347,"date":"2021-05-06T08:02:59","date_gmt":"2021-05-06T06:02:59","guid":{"rendered":"http:\/\/skola.karlstad.se\/nta\/?page_id=3347"},"modified":"2026-01-20T10:15:52","modified_gmt":"2026-01-20T09:15:52","slug":"kretsar-kring-el","status":"publish","type":"page","link":"https:\/\/skola.karlstad.se\/nta\/kretsar-kring-el\/","title":{"rendered":"Kretsar kring el"},"content":{"rendered":"<p><a href=\"http:\/\/skola.karlstad.se\/nta\/wp-content\/uploads\/sites\/298\/2024\/12\/bild-till-flodet.jpg\"><img loading=\"lazy\" decoding=\"async\" class=\"alignnone wp-image-4574\" src=\"http:\/\/skola.karlstad.se\/nta\/wp-content\/uploads\/sites\/298\/2024\/12\/bild-till-flodet.jpg\" alt=\"\" width=\"446\" height=\"239\" srcset=\"https:\/\/skola.karlstad.se\/nta\/wp-content\/uploads\/sites\/298\/2024\/12\/bild-till-flodet.jpg 1243w, https:\/\/skola.karlstad.se\/nta\/wp-content\/uploads\/sites\/298\/2024\/12\/bild-till-flodet-300x161.jpg 300w, https:\/\/skola.karlstad.se\/nta\/wp-content\/uploads\/sites\/298\/2024\/12\/bild-till-flodet-1024x549.jpg 1024w, https:\/\/skola.karlstad.se\/nta\/wp-content\/uploads\/sites\/298\/2024\/12\/bild-till-flodet-768x412.jpg 768w\" sizes=\"auto, (max-width: 446px) 100vw, 446px\" \/><\/a><\/p>\n<p>Kretsar kring el b\u00f6rjar i elevernas erfarenheter och fr\u00e5gor om elektricitet. De unders\u00f6ker hur de med hj\u00e4lp av ett batteri och en sladd kan f\u00e5 en lampa och lysa. D\u00e4refter bygger eleverna olika kretsar, unders\u00f6ker deras egenskaper och ritar dem som kopplingsscheman.<\/p>\n<p>Eleverna l\u00e4r sig att en elektrisk krets m\u00e5ste vara sluten f\u00f6r att str\u00f6mmen ska kunna ta sig fram, och att den d\u00e5 kan anv\u00e4ndas f\u00f6r att f\u00e5 ljus, v\u00e4rme, ljud eller r\u00f6relse. Efter hand vidgas perspektivet fr\u00e5n den lilla kretsen med batteri, ledningstr\u00e5d och lampa s\u00e5 att eleverna f\u00e5r l\u00e4ra sig mer om hur kretsar och energik\u00e4llor fungerar i ett hus och i samh\u00e4llet. Slutligen diskuterar eleverna betydelsen av elektricitet i v\u00e5r vardag och hur den p\u00e5verkar m\u00e4nniskors livsvillkor runtom i v\u00e4rlden.<\/p>\n<p>F\u00f6r mer utf\u00f6rlig beskrivning av temat Kretsar kring el, se <a href=\"http:\/\/ntaskolutveckling.se\/Teman\/Kretsar-kring-el\/#description\">skolutvecklingsprogrammet NTA:s hemsida<\/a>.<\/p>\n<p>Utbildare i Karlstads kommun: Katarina Nilsson Lilja<\/p>\n<p><a href=\"https:\/\/karlstadskommunonline.sharepoint.com\/:f:\/s\/Laboratoriet168\/EnRLl2MqZ0NJny8iUD5x4SgBeYgd0nAgkQ6q6cakM3Hc5A?e=S7kCgH\" target=\"_blank\" rel=\"noopener noreferrer\">H\u00e4r finner du dokumenten fr\u00e5n utbildningen&gt;<\/a><\/p>\n<p>&nbsp;<\/p>\n<p>&nbsp;<\/p>\n","protected":false},"excerpt":{"rendered":"<p>Kretsar kring el b\u00f6rjar i elevernas erfarenheter och fr\u00e5gor om elektricitet. De unders\u00f6ker hur de med hj\u00e4lp av ett batteri och en sladd kan f\u00e5 en lampa och lysa. D\u00e4refter bygger eleverna olika kretsar, unders\u00f6ker deras egenskaper och ritar dem som kopplingsscheman. Eleverna l\u00e4r sig att en elektrisk krets m\u00e5ste vara sluten f\u00f6r att str\u00f6mmen &hellip; <\/p>\n<p class=\"link-more\"><a href=\"https:\/\/skola.karlstad.se\/nta\/kretsar-kring-el\/\" class=\"more-link\">Forts\u00e4tt l\u00e4sa<span class=\"screen-reader-text\"> \u201dKretsar kring el\u201d<\/span><\/a><\/p>\n","protected":false},"author":42,"featured_media":0,"parent":0,"menu_order":0,"comment_status":"closed","ping_status":"closed","template":"","meta":{"footnotes":""},"class_list":["post-3347","page","type-page","status-publish","hentry"],"_links":{"self":[{"href":"https:\/\/skola.karlstad.se\/nta\/wp-json\/wp\/v2\/pages\/3347","targetHints":{"allow":["GET"]}}],"collection":[{"href":"https:\/\/skola.karlstad.se\/nta\/wp-json\/wp\/v2\/pages"}],"about":[{"href":"https:\/\/skola.karlstad.se\/nta\/wp-json\/wp\/v2\/types\/page"}],"author":[{"embeddable":true,"href":"https:\/\/skola.karlstad.se\/nta\/wp-json\/wp\/v2\/users\/42"}],"replies":[{"embeddable":true,"href":"https:\/\/skola.karlstad.se\/nta\/wp-json\/wp\/v2\/comments?post=3347"}],"version-history":[{"count":11,"href":"https:\/\/skola.karlstad.se\/nta\/wp-json\/wp\/v2\/pages\/3347\/revisions"}],"predecessor-version":[{"id":4787,"href":"https:\/\/skola.karlstad.se\/nta\/wp-json\/wp\/v2\/pages\/3347\/revisions\/4787"}],"wp:attachment":[{"href":"https:\/\/skola.karlstad.se\/nta\/wp-json\/wp\/v2\/media?parent=3347"}],"curies":[{"name":"wp","href":"https:\/\/api.w.org\/{rel}","templated":true}]}}