{"id":3480,"date":"2021-09-07T08:24:58","date_gmt":"2021-09-07T06:24:58","guid":{"rendered":"http:\/\/skola.karlstad.se\/nta\/?page_id=3480"},"modified":"2024-08-28T11:39:44","modified_gmt":"2024-08-28T09:39:44","slug":"kemiforsok","status":"publish","type":"page","link":"https:\/\/skola.karlstad.se\/nta\/kemiforsok\/","title":{"rendered":"Kemif\u00f6rs\u00f6k"},"content":{"rendered":"<p><a href=\"http:\/\/skola.karlstad.se\/nta\/wp-content\/uploads\/sites\/298\/2023\/06\/omsl_kemiforsok-beskuren-2.jpg\"><img loading=\"lazy\" decoding=\"async\" class=\"alignnone size-full wp-image-4114\" src=\"http:\/\/skola.karlstad.se\/nta\/wp-content\/uploads\/sites\/298\/2023\/06\/omsl_kemiforsok-beskuren-2.jpg\" alt=\"\" width=\"552\" height=\"327\" srcset=\"https:\/\/skola.karlstad.se\/nta\/wp-content\/uploads\/sites\/298\/2023\/06\/omsl_kemiforsok-beskuren-2.jpg 552w, https:\/\/skola.karlstad.se\/nta\/wp-content\/uploads\/sites\/298\/2023\/06\/omsl_kemiforsok-beskuren-2-300x178.jpg 300w\" sizes=\"auto, (max-width: 552px) 100vw, 552px\" \/><\/a><\/p>\n<p>Temat Kemif\u00f6rs\u00f6k b\u00f6rjar i elevernas tankar kring och fr\u00e5gor om kemikalier och kemi. De l\u00e4r sig om kemis\u00e4kerhet och om hur man genomf\u00f6r systematiska unders\u00f6kningar. I de f\u00f6rsta unders\u00f6kningarna g\u00f6r de observationer och beskriver egenskaperna hos fem till synes likadana vita kemiska \u00e4mnen. D\u00e4refter genomf\u00f6r de en rad experiment d\u00e4r de bl.a. blandar de fasta \u00e4mnena med olika v\u00e4tskor. Till slut har de en m\u00e4ngd data som de kan anv\u00e4nda f\u00f6r att analysera och identifiera en blandning av tv\u00e5 av de kemiska \u00e4mnena.<\/p>\n<p>F\u00f6r mer utf\u00f6rlig information om tema Kemif\u00f6rs\u00f6k, se <a href=\"https:\/\/ntaskolutveckling.nu\/teman\/kemiforsok\/\">skolutvecklingsprogrammet NTA:s hemsida<\/a>.<\/p>\n<p>Utbildare i Karlstads kommun: Marianne Johansson<\/p>\n<p><a href=\"https:\/\/karlstadskommunonline.sharepoint.com\/:f:\/s\/Laboratoriet168\/EpG_Gzf7mitNqWWGK99gZOEBplGDRcXCxOpmWSFfQ3LmBw?e=uOfjM0\" target=\"_blank\" rel=\"noopener\">H\u00e4r finner du dokumenten fr\u00e5n utbildningen &gt;<\/a><\/p>\n<p>Obs: Till detta tema finns s\u00e4kerhetsdatablad. <a href=\"https:\/\/skola.karlstad.se\/nta\/sakerhetsdatablad\/\">L\u00e4s mer h\u00e4r &gt;<\/a><\/p>\n<p>&nbsp;<\/p>\n","protected":false},"excerpt":{"rendered":"<p>Temat Kemif\u00f6rs\u00f6k b\u00f6rjar i elevernas tankar kring och fr\u00e5gor om kemikalier och kemi. De l\u00e4r sig om kemis\u00e4kerhet och om hur man genomf\u00f6r systematiska unders\u00f6kningar. I de f\u00f6rsta unders\u00f6kningarna g\u00f6r de observationer och beskriver egenskaperna hos fem till synes likadana vita kemiska \u00e4mnen. D\u00e4refter genomf\u00f6r de en rad experiment d\u00e4r de bl.a. blandar de fasta &hellip; <\/p>\n<p class=\"link-more\"><a href=\"https:\/\/skola.karlstad.se\/nta\/kemiforsok\/\" class=\"more-link\">Forts\u00e4tt l\u00e4sa<span class=\"screen-reader-text\"> \u201dKemif\u00f6rs\u00f6k\u201d<\/span><\/a><\/p>\n","protected":false},"author":42,"featured_media":0,"parent":0,"menu_order":0,"comment_status":"closed","ping_status":"closed","template":"","meta":{"footnotes":""},"class_list":["post-3480","page","type-page","status-publish","hentry"],"_links":{"self":[{"href":"https:\/\/skola.karlstad.se\/nta\/wp-json\/wp\/v2\/pages\/3480","targetHints":{"allow":["GET"]}}],"collection":[{"href":"https:\/\/skola.karlstad.se\/nta\/wp-json\/wp\/v2\/pages"}],"about":[{"href":"https:\/\/skola.karlstad.se\/nta\/wp-json\/wp\/v2\/types\/page"}],"author":[{"embeddable":true,"href":"https:\/\/skola.karlstad.se\/nta\/wp-json\/wp\/v2\/users\/42"}],"replies":[{"embeddable":true,"href":"https:\/\/skola.karlstad.se\/nta\/wp-json\/wp\/v2\/comments?post=3480"}],"version-history":[{"count":6,"href":"https:\/\/skola.karlstad.se\/nta\/wp-json\/wp\/v2\/pages\/3480\/revisions"}],"predecessor-version":[{"id":4481,"href":"https:\/\/skola.karlstad.se\/nta\/wp-json\/wp\/v2\/pages\/3480\/revisions\/4481"}],"wp:attachment":[{"href":"https:\/\/skola.karlstad.se\/nta\/wp-json\/wp\/v2\/media?parent=3480"}],"curies":[{"name":"wp","href":"https:\/\/api.w.org\/{rel}","templated":true}]}}