{"id":3873,"date":"2023-01-02T14:53:22","date_gmt":"2023-01-02T13:53:22","guid":{"rendered":"https:\/\/skola.karlstad.se\/nta\/?page_id=3873"},"modified":"2024-12-17T14:22:27","modified_gmt":"2024-12-17T13:22:27","slug":"sakerhetsdatablad","status":"publish","type":"page","link":"https:\/\/skola.karlstad.se\/nta\/sakerhetsdatablad\/","title":{"rendered":"S\u00e4kerhetsdatablad"},"content":{"rendered":"<p>Till dessa teman finns det s\u00e4kerhetsdatablad att ladda ned fr\u00e5n respektive temasida (du beh\u00f6ver vara inloggad p\u00e5 NTA:s hemsida f\u00f6r att se dokumenten):<\/p>\n<table style=\"border-collapse: collapse;width: 100%\">\n<tbody>\n<tr>\n<td style=\"width: 50%\"><strong>Tema<\/strong><\/td>\n<td style=\"width: 50%\"><strong>Kemikalier<\/strong><\/td>\n<\/tr>\n<tr>\n<td style=\"width: 50%\"><a href=\"https:\/\/ntaskolutveckling.nu\/teman\/forandringar\/\">F\u00f6r\u00e4ndringar<\/a><\/td>\n<td style=\"width: 50%\">Bikarbonat, \u00e4ttika<\/td>\n<\/tr>\n<tr>\n<td style=\"width: 50%\"><a href=\"https:\/\/ntaskolutveckling.nu\/teman\/kemiforsok\/\">Kemif\u00f6rs\u00f6k<\/a><\/td>\n<td style=\"width: 50%\">Alun, bikarbonat, citronsyra, diskmedel, jod, talk, tv\u00e4ttmedel, \u00e4ttika<\/td>\n<\/tr>\n<tr>\n<td style=\"width: 50%\"><a href=\"https:\/\/ntaskolutveckling.nu\/teman\/ljus\/\">Ljus<\/a><\/td>\n<td style=\"width: 50%\">Diskmedel<\/td>\n<\/tr>\n<tr>\n<td style=\"width: 50%\"><a href=\"https:\/\/ntaskolutveckling.nu\/teman\/matens-kemi\/\">Matens kemi<\/a><\/td>\n<td style=\"width: 50%\">Jod<\/td>\n<\/tr>\n<tr>\n<td style=\"width: 50%\"><a href=\"https:\/\/ntaskolutveckling.nu\/teman\/upplev-fysik-och-kemi\/\">Upplev fysik och kemi<\/a><\/td>\n<td style=\"width: 50%\">Diskmedel, Glycerol<\/td>\n<\/tr>\n<\/tbody>\n<\/table>\n","protected":false},"excerpt":{"rendered":"<p>Till dessa teman finns det s\u00e4kerhetsdatablad att ladda ned fr\u00e5n respektive temasida (du beh\u00f6ver vara inloggad p\u00e5 NTA:s hemsida f\u00f6r att se dokumenten): Tema Kemikalier F\u00f6r\u00e4ndringar Bikarbonat, \u00e4ttika Kemif\u00f6rs\u00f6k Alun, bikarbonat, citronsyra, diskmedel, jod, talk, tv\u00e4ttmedel, \u00e4ttika Ljus Diskmedel Matens kemi Jod Upplev fysik och kemi Diskmedel, Glycerol<\/p>\n","protected":false},"author":42,"featured_media":0,"parent":0,"menu_order":0,"comment_status":"closed","ping_status":"closed","template":"","meta":{"footnotes":""},"class_list":["post-3873","page","type-page","status-publish","hentry"],"_links":{"self":[{"href":"https:\/\/skola.karlstad.se\/nta\/wp-json\/wp\/v2\/pages\/3873","targetHints":{"allow":["GET"]}}],"collection":[{"href":"https:\/\/skola.karlstad.se\/nta\/wp-json\/wp\/v2\/pages"}],"about":[{"href":"https:\/\/skola.karlstad.se\/nta\/wp-json\/wp\/v2\/types\/page"}],"author":[{"embeddable":true,"href":"https:\/\/skola.karlstad.se\/nta\/wp-json\/wp\/v2\/users\/42"}],"replies":[{"embeddable":true,"href":"https:\/\/skola.karlstad.se\/nta\/wp-json\/wp\/v2\/comments?post=3873"}],"version-history":[{"count":4,"href":"https:\/\/skola.karlstad.se\/nta\/wp-json\/wp\/v2\/pages\/3873\/revisions"}],"predecessor-version":[{"id":4580,"href":"https:\/\/skola.karlstad.se\/nta\/wp-json\/wp\/v2\/pages\/3873\/revisions\/4580"}],"wp:attachment":[{"href":"https:\/\/skola.karlstad.se\/nta\/wp-json\/wp\/v2\/media?parent=3873"}],"curies":[{"name":"wp","href":"https:\/\/api.w.org\/{rel}","templated":true}]}}