{"id":3898,"date":"2023-01-12T13:42:38","date_gmt":"2023-01-12T12:42:38","guid":{"rendered":"https:\/\/skola.karlstad.se\/nta\/?page_id=3898"},"modified":"2023-04-20T13:43:31","modified_gmt":"2023-04-20T11:43:31","slug":"upplev-fysik-och-kemi-grundskola","status":"publish","type":"page","link":"https:\/\/skola.karlstad.se\/nta\/upplev-fysik-och-kemi-grundskola\/","title":{"rendered":"Upplev fysik och kemi &#8211; grundskola"},"content":{"rendered":"<p><a href=\"http:\/\/skola.karlstad.se\/nta\/wp-content\/uploads\/sites\/298\/2023\/01\/bild-till-flodet.png\"><img loading=\"lazy\" decoding=\"async\" class=\"alignnone wp-image-3896\" src=\"http:\/\/skola.karlstad.se\/nta\/wp-content\/uploads\/sites\/298\/2023\/01\/bild-till-flodet.png\" alt=\"\" width=\"515\" height=\"307\" srcset=\"https:\/\/skola.karlstad.se\/nta\/wp-content\/uploads\/sites\/298\/2023\/01\/bild-till-flodet.png 2148w, https:\/\/skola.karlstad.se\/nta\/wp-content\/uploads\/sites\/298\/2023\/01\/bild-till-flodet-300x179.png 300w, https:\/\/skola.karlstad.se\/nta\/wp-content\/uploads\/sites\/298\/2023\/01\/bild-till-flodet-1024x611.png 1024w, https:\/\/skola.karlstad.se\/nta\/wp-content\/uploads\/sites\/298\/2023\/01\/bild-till-flodet-768x458.png 768w, https:\/\/skola.karlstad.se\/nta\/wp-content\/uploads\/sites\/298\/2023\/01\/bild-till-flodet-1536x916.png 1536w, https:\/\/skola.karlstad.se\/nta\/wp-content\/uploads\/sites\/298\/2023\/01\/bild-till-flodet-2048x1221.png 2048w\" sizes=\"auto, (max-width: 515px) 100vw, 515px\" \/><\/a><\/p>\n<p>NTA-temat Upplev fysik och kemi \u00e4r ett tema som str\u00e4cker sig fr\u00e5n f\u00f6rskolan till f\u00f6rskoleklass och \u00e5rskurs 1\u20133. Temat ger barnen och eleverna f\u00f6ruts\u00e4ttningar att utveckla kunskaper och f\u00f6rm\u00e5gor inom fysik och kemi. Det \u00f6vergripande syftet \u00e4r att barnen och eleverna genom sina upplevelser och unders\u00f6kningar till\u00e4gnar sig begrepp och kunskaper om, samt utvecklar f\u00f6rm\u00e5gor knutna till:<\/p>\n<ul>\n<li>n\u00e5gra fysikaliska fenomen f\u00f6rbundna med kraft, r\u00f6relse, ljud och ljus<\/li>\n<li>\u00e4mnen och deras egenskaper<\/li>\n<li>hur \u00e4mnen kan \u00e4ndras genom n\u00e5gra enkla kemiska processer<\/li>\n<\/ul>\n<p>F\u00f6r mer utf\u00f6rlig beskrivning av tema Upplev fysik och kemi, se skolutvecklingsprogrammet NTA:s hemsida: <a title=\"Vatten\" href=\"https:\/\/ntaskolutveckling.nu\/teman\/upplev-fysik-och-kemi\/\" target=\"_blank\" rel=\"noopener noreferrer\">L\u00e4nk till NTA:s hemsida<\/a><\/p>\n<p>Temautbildare i Karlstads kommun: Viviana Lind<\/p>\n<p><a href=\"https:\/\/karlstadskommunonline.sharepoint.com\/:f:\/s\/Laboratoriet168\/EplYNZlJf-5Brch9SySKa1gBNZwEdfB-DjtHb-oM_viRXg?e=tAfz9p\">H\u00e4r hittar du dokumenten fr\u00e5n utbildningen &gt;<\/a><\/p>\n<p>Obs: Till detta tema finns s\u00e4kerhetsdatablad. <a href=\"https:\/\/skola.karlstad.se\/nta\/sakerhetsdatablad\/\">L\u00e4s mer h\u00e4r &gt;<\/a><\/p>\n","protected":false},"excerpt":{"rendered":"<p>NTA-temat Upplev fysik och kemi \u00e4r ett tema som str\u00e4cker sig fr\u00e5n f\u00f6rskolan till f\u00f6rskoleklass och \u00e5rskurs 1\u20133. Temat ger barnen och eleverna f\u00f6ruts\u00e4ttningar att utveckla kunskaper och f\u00f6rm\u00e5gor inom fysik och kemi. Det \u00f6vergripande syftet \u00e4r att barnen och eleverna genom sina upplevelser och unders\u00f6kningar till\u00e4gnar sig begrepp och kunskaper om, samt utvecklar f\u00f6rm\u00e5gor &hellip; <\/p>\n<p class=\"link-more\"><a href=\"https:\/\/skola.karlstad.se\/nta\/upplev-fysik-och-kemi-grundskola\/\" class=\"more-link\">Forts\u00e4tt l\u00e4sa<span class=\"screen-reader-text\"> \u201dUpplev fysik och kemi &#8211; grundskola\u201d<\/span><\/a><\/p>\n","protected":false},"author":42,"featured_media":0,"parent":0,"menu_order":0,"comment_status":"closed","ping_status":"closed","template":"","meta":{"footnotes":""},"class_list":["post-3898","page","type-page","status-publish","hentry"],"_links":{"self":[{"href":"https:\/\/skola.karlstad.se\/nta\/wp-json\/wp\/v2\/pages\/3898","targetHints":{"allow":["GET"]}}],"collection":[{"href":"https:\/\/skola.karlstad.se\/nta\/wp-json\/wp\/v2\/pages"}],"about":[{"href":"https:\/\/skola.karlstad.se\/nta\/wp-json\/wp\/v2\/types\/page"}],"author":[{"embeddable":true,"href":"https:\/\/skola.karlstad.se\/nta\/wp-json\/wp\/v2\/users\/42"}],"replies":[{"embeddable":true,"href":"https:\/\/skola.karlstad.se\/nta\/wp-json\/wp\/v2\/comments?post=3898"}],"version-history":[{"count":2,"href":"https:\/\/skola.karlstad.se\/nta\/wp-json\/wp\/v2\/pages\/3898\/revisions"}],"predecessor-version":[{"id":4028,"href":"https:\/\/skola.karlstad.se\/nta\/wp-json\/wp\/v2\/pages\/3898\/revisions\/4028"}],"wp:attachment":[{"href":"https:\/\/skola.karlstad.se\/nta\/wp-json\/wp\/v2\/media?parent=3898"}],"curies":[{"name":"wp","href":"https:\/\/api.w.org\/{rel}","templated":true}]}}