{"id":4320,"date":"2023-12-20T09:21:49","date_gmt":"2023-12-20T08:21:49","guid":{"rendered":"https:\/\/skola.karlstad.se\/nta\/?page_id=4320"},"modified":"2025-12-01T09:17:01","modified_gmt":"2025-12-01T08:17:01","slug":"deltagarlistor","status":"publish","type":"page","link":"https:\/\/skola.karlstad.se\/nta\/deltagarlistor\/","title":{"rendered":"Deltagarlistor"},"content":{"rendered":"<p>H\u00e4r hittar du deltagarlistorna f\u00f6r v\u00e5ra utbildningar. Publiceras efter sista anm\u00e4lningsdag.<\/p>\n<p>Deltagarlistorna \u00e4r sorterade med Karlstads skolor \u00f6verst och d\u00e4refter \u00f6vriga kommuner. L\u00e4ngst ned finns alla flikar f\u00f6r respektive utbildning.<\/p>\n<p>Skicka ett mejl till <a href=\"mailto:laboratoriet@karlstad.se\">laboratoriet@karlstad.se<\/a> om n\u00e5gon uppgift inte st\u00e4mmer.<\/p>\n<p><a href=\"https:\/\/karlstadskommunonline.sharepoint.com\/:x:\/s\/Laboratoriet168\/IQBVFvdy025LSYfh3RuvSztzAa1x5i0o_IC6vnH5c1rq6Q4?e=7NB2Ht\">Deltagarlistor grundskolans utbildningar vt 2026 &gt;<\/a><\/p>\n","protected":false},"excerpt":{"rendered":"<p>H\u00e4r hittar du deltagarlistorna f\u00f6r v\u00e5ra utbildningar. Publiceras efter sista anm\u00e4lningsdag. Deltagarlistorna \u00e4r sorterade med Karlstads skolor \u00f6verst och d\u00e4refter \u00f6vriga kommuner. L\u00e4ngst ned finns alla flikar f\u00f6r respektive utbildning. Skicka ett mejl till laboratoriet@karlstad.se om n\u00e5gon uppgift inte st\u00e4mmer. Deltagarlistor grundskolans utbildningar vt 2026 &gt;<\/p>\n","protected":false},"author":42,"featured_media":0,"parent":0,"menu_order":0,"comment_status":"closed","ping_status":"closed","template":"","meta":{"footnotes":""},"class_list":["post-4320","page","type-page","status-publish","hentry"],"_links":{"self":[{"href":"https:\/\/skola.karlstad.se\/nta\/wp-json\/wp\/v2\/pages\/4320","targetHints":{"allow":["GET"]}}],"collection":[{"href":"https:\/\/skola.karlstad.se\/nta\/wp-json\/wp\/v2\/pages"}],"about":[{"href":"https:\/\/skola.karlstad.se\/nta\/wp-json\/wp\/v2\/types\/page"}],"author":[{"embeddable":true,"href":"https:\/\/skola.karlstad.se\/nta\/wp-json\/wp\/v2\/users\/42"}],"replies":[{"embeddable":true,"href":"https:\/\/skola.karlstad.se\/nta\/wp-json\/wp\/v2\/comments?post=4320"}],"version-history":[{"count":16,"href":"https:\/\/skola.karlstad.se\/nta\/wp-json\/wp\/v2\/pages\/4320\/revisions"}],"predecessor-version":[{"id":4761,"href":"https:\/\/skola.karlstad.se\/nta\/wp-json\/wp\/v2\/pages\/4320\/revisions\/4761"}],"wp:attachment":[{"href":"https:\/\/skola.karlstad.se\/nta\/wp-json\/wp\/v2\/media?parent=4320"}],"curies":[{"name":"wp","href":"https:\/\/api.w.org\/{rel}","templated":true}]}}