{"id":493,"date":"2014-06-17T10:10:44","date_gmt":"2014-06-17T08:10:44","guid":{"rendered":"http:\/\/skola.karlstad.se\/nta\/?page_id=493"},"modified":"2023-01-30T15:09:44","modified_gmt":"2023-01-30T14:09:44","slug":"utbildning","status":"publish","type":"page","link":"https:\/\/skola.karlstad.se\/nta\/utbildning\/","title":{"rendered":"Utbildning"},"content":{"rendered":"<p><strong>NTA s\u00e4tter eleven i centrum, genom att ge pedagogen m\u00f6jlighet att g\u00f6ra det<\/strong><br \/>\nPedagogen \u00e4r det mest centrala i arbetet med NTA. Det \u00e4r pedagogen som ska ge eleven kreativitet och struktur i sitt l\u00e4rande. F\u00f6r att den m\u00f6jligheten ska finnas har pedagogen en viktig uppgift att tolka l\u00e4roplanen och att stimulera eleven p\u00e5 ett bra s\u00e4tt. NTA har genom sin struktur tagit fram b\u00e5de elevmaterial och l\u00e4rarhandledningar baserade p\u00e5 ett vetenskapligt arbetss\u00e4tt. Utifr\u00e5n l\u00e4roplanen ska pedagogen st\u00f6dja eleven att n\u00e5 sina m\u00e5l. Genom NTA:s organisation f\u00e5r pedagogen f\u00f6rutom material och l\u00e4rarhandledning framf\u00f6r allt l\u00e4rarfortbildning som \u00e4r i \u00f6verensst\u00e4mmelse med l\u00e4roplanen och det vetenskapliga arbetss\u00e4ttet.<\/p>\n<p><img loading=\"lazy\" decoding=\"async\" class=\" wp-image-513 alignright\" src=\"http:\/\/skola.karlstad.se\/nta\/wp-content\/uploads\/sites\/298\/2014\/06\/Carina_-fj\u00e4rilar-1024x655.jpg\" alt=\"Carina_ fj\u00e4rilar\" width=\"442\" height=\"283\" \/><\/p>\n<p><strong>Vem f\u00e5r g\u00e5 en temautbildning?<\/strong><br \/>\nDu som arbetar i Karlstad Kommun och arbetar i f\u00f6rskolan eller grundskolan f\u00e5r g\u00e5 utbildning p\u00e5 Laboratoriet. Det \u00e4r din rektor eller <a href=\"https:\/\/skola.karlstad.se\/nta\/kontaktpersoner\/\">kontaktperson<\/a> som anm\u00e4ler dig. Innan f\u00f6rsta temautbildningen skall du g\u00e5 en halvdag introduktionsutbildning d\u00e4r du f\u00e5r en presentation av skolutvecklingsprogrammet NTA samt en presentation av arbetss\u00e4ttet inom NTA. N\u00e4r du har g\u00e5tt introduktionsutbildningen och din temautbildning f\u00e5r du tillg\u00e5ng till materiall\u00e5dan som din kontaktperson best\u00e4ller.<\/p>\n<p>\u00c4ven l\u00e4rare fr\u00e5n andra kommuner kan delta i v\u00e5ra utbildningar. Kontakta din NTA-samordnare f\u00f6r mer information. <a href=\"https:\/\/ntaskolutveckling.nu\/om-nta\/#medlemmar_och_samordnare\">H\u00e4r finns kontaktuppgifter till alla NTA-samordnare.<\/a><\/p>\n","protected":false},"excerpt":{"rendered":"<p>NTA s\u00e4tter eleven i centrum, genom att ge pedagogen m\u00f6jlighet att g\u00f6ra det Pedagogen \u00e4r det mest centrala i arbetet med NTA. Det \u00e4r pedagogen som ska ge eleven kreativitet och struktur i sitt l\u00e4rande. F\u00f6r att den m\u00f6jligheten ska finnas har pedagogen en viktig uppgift att tolka l\u00e4roplanen och att stimulera eleven p\u00e5 ett &hellip; <\/p>\n<p class=\"link-more\"><a href=\"https:\/\/skola.karlstad.se\/nta\/utbildning\/\" class=\"more-link\">Forts\u00e4tt l\u00e4sa<span class=\"screen-reader-text\"> \u201dUtbildning\u201d<\/span><\/a><\/p>\n","protected":false},"author":590,"featured_media":0,"parent":0,"menu_order":0,"comment_status":"closed","ping_status":"closed","template":"","meta":{"footnotes":""},"class_list":["post-493","page","type-page","status-publish","hentry"],"_links":{"self":[{"href":"https:\/\/skola.karlstad.se\/nta\/wp-json\/wp\/v2\/pages\/493","targetHints":{"allow":["GET"]}}],"collection":[{"href":"https:\/\/skola.karlstad.se\/nta\/wp-json\/wp\/v2\/pages"}],"about":[{"href":"https:\/\/skola.karlstad.se\/nta\/wp-json\/wp\/v2\/types\/page"}],"author":[{"embeddable":true,"href":"https:\/\/skola.karlstad.se\/nta\/wp-json\/wp\/v2\/users\/590"}],"replies":[{"embeddable":true,"href":"https:\/\/skola.karlstad.se\/nta\/wp-json\/wp\/v2\/comments?post=493"}],"version-history":[{"count":7,"href":"https:\/\/skola.karlstad.se\/nta\/wp-json\/wp\/v2\/pages\/493\/revisions"}],"predecessor-version":[{"id":3942,"href":"https:\/\/skola.karlstad.se\/nta\/wp-json\/wp\/v2\/pages\/493\/revisions\/3942"}],"wp:attachment":[{"href":"https:\/\/skola.karlstad.se\/nta\/wp-json\/wp\/v2\/media?parent=493"}],"curies":[{"name":"wp","href":"https:\/\/api.w.org\/{rel}","templated":true}]}}