{"id":60,"date":"2014-03-21T10:40:04","date_gmt":"2014-03-21T09:40:04","guid":{"rendered":"http:\/\/skola.karlstad.se\/bufmall\/?page_id=60"},"modified":"2024-12-19T09:28:42","modified_gmt":"2024-12-19T08:28:42","slug":"om-oss","status":"publish","type":"page","link":"https:\/\/skola.karlstad.se\/nta\/om-oss\/","title":{"rendered":"Om oss"},"content":{"rendered":"<p>2010 togs ett beslut av Barn- och ungdomsn\u00e4mndens arbetsutskott att ans\u00f6ka om medlemskap i Skolutvecklingsprogrammet NTA (naturvetenskap och teknik f\u00f6r alla) med syftet att h\u00f6ja kunskapen inom naturvetenskap och teknik f\u00f6r l\u00e4rare och elever. F\u00f6r att kunna bedriva verksamheten finns en lokal, Laboratoriet, som Skolutvecklingsprogrammet NTA samordnas ifr\u00e5n. Varje termin anordnas temautbildningar inom NTA och all materialhantering sker i lokalen.<\/p>\n<p>P\u00e5 denna sajt hittar ni all information kring arbetet med Skolutvecklingsprogrammet NTA inom Karlstad Kommun. Mer information om Skolutvecklingsprogrammet NTA hittar du p\u00e5 <a href=\"https:\/\/ntaskolutveckling.nu\/\">https:\/\/ntaskolutveckling.nu<\/a><\/p>\n<p><strong>Kontakt<\/strong><br \/>\nP\u00e5 Laboratoriet samordnas allt material inom skolutvecklingsprogrammet NTA. F\u00f6r fr\u00e5gor om material, kontakta oss p\u00e5 e-post <a href=\"mailto:laboratoriet@karlstad.se\">laboratoriet@karlstad.se<\/a>.<br \/>\nNTA-samordnare f\u00f6r Karlstads kommun \u00e4r Jakob Sandin (grundskolan) och Nina Holm (f\u00f6rskolan).<\/p>\n<p><span style=\"text-decoration: underline\">Telefonnummer<\/span>:<br \/>\nJakob: 054-540 3179, grundskola<br \/>\nNina: 054-540 2933, f\u00f6rskola<br \/>\nCatarina: 054-540 3253, materialfr\u00e5gor<\/p>\n<p><a href=\"http:\/\/skola.karlstad.se\/nta\/hitta-till-laboratoriet\/\">Hitta till Laboratoriet &gt;&gt;<\/a><\/p>\n<p>&nbsp;<\/p>\n","protected":false},"excerpt":{"rendered":"<p>2010 togs ett beslut av Barn- och ungdomsn\u00e4mndens arbetsutskott att ans\u00f6ka om medlemskap i Skolutvecklingsprogrammet NTA (naturvetenskap och teknik f\u00f6r alla) med syftet att h\u00f6ja kunskapen inom naturvetenskap och teknik f\u00f6r l\u00e4rare och elever. F\u00f6r att kunna bedriva verksamheten finns en lokal, Laboratoriet, som Skolutvecklingsprogrammet NTA samordnas ifr\u00e5n. Varje termin anordnas temautbildningar inom NTA och &hellip; <\/p>\n<p class=\"link-more\"><a href=\"https:\/\/skola.karlstad.se\/nta\/om-oss\/\" class=\"more-link\">Forts\u00e4tt l\u00e4sa<span class=\"screen-reader-text\"> \u201dOm oss\u201d<\/span><\/a><\/p>\n","protected":false},"author":590,"featured_media":0,"parent":0,"menu_order":0,"comment_status":"open","ping_status":"open","template":"","meta":{"footnotes":""},"class_list":["post-60","page","type-page","status-publish","hentry"],"_links":{"self":[{"href":"https:\/\/skola.karlstad.se\/nta\/wp-json\/wp\/v2\/pages\/60","targetHints":{"allow":["GET"]}}],"collection":[{"href":"https:\/\/skola.karlstad.se\/nta\/wp-json\/wp\/v2\/pages"}],"about":[{"href":"https:\/\/skola.karlstad.se\/nta\/wp-json\/wp\/v2\/types\/page"}],"author":[{"embeddable":true,"href":"https:\/\/skola.karlstad.se\/nta\/wp-json\/wp\/v2\/users\/590"}],"replies":[{"embeddable":true,"href":"https:\/\/skola.karlstad.se\/nta\/wp-json\/wp\/v2\/comments?post=60"}],"version-history":[{"count":35,"href":"https:\/\/skola.karlstad.se\/nta\/wp-json\/wp\/v2\/pages\/60\/revisions"}],"predecessor-version":[{"id":4589,"href":"https:\/\/skola.karlstad.se\/nta\/wp-json\/wp\/v2\/pages\/60\/revisions\/4589"}],"wp:attachment":[{"href":"https:\/\/skola.karlstad.se\/nta\/wp-json\/wp\/v2\/media?parent=60"}],"curies":[{"name":"wp","href":"https:\/\/api.w.org\/{rel}","templated":true}]}}